NOAA-Style Climate Reports

Select a Year or Month report
2018: Jan Feb Mar Apr May Jun Jul Aug Sep Oct Nov Dec
2017: Jan Feb Mar Apr May Jun Jul Aug Sep Oct Nov Dec
2016: Jan Feb Mar Apr May Jun Jul Aug Sep Oct Nov Dec
2015: Jan Feb Mar Apr May Jun Jul Aug Sep Oct Nov Dec
2014: Jan Feb Mar Apr May Jun Jul Aug Sep Oct Nov Dec
2013: Jan Feb Mar Apr May Jun Jul Aug Sep Oct Nov Dec
2012: Jan Feb Mar Apr May Jun Jul Aug Sep Oct Nov Dec
2011: Jan Feb Mar Apr May Jun Jul Aug Sep Oct Nov Dec
2010: Jan Feb Mar Apr May Jun Jul Aug Sep Oct Nov Dec
2009: Jan Feb Mar Apr May Jun Jul Aug Sep Oct Nov Dec
2008: Jan Feb Mar Apr May Jun Jul Aug Sep Oct Nov Dec
2007: Jan Feb Mar Apr May Jun Jul Aug Sep Oct Nov Dec
2006: Jan Feb Mar Apr May Jun Jul Aug Sep Oct Nov Dec
2005: Jan Feb Mar Apr May Jun Jul Aug Sep Oct Nov Dec
2004: Jan Feb Mar Apr May Jun Jul Aug Sep Oct Nov Dec
2003: Jan Feb Mar Apr May Jun Jul Aug Sep Oct Nov Dec

Report for 2017 May

Daily NOAA report




                            MONTHLY CLIMATOLOGICAL SUMMARY for MAY. 2017

NAME:    CITY:  STATE: 
ELEV:  LAT:  LONG: 

                            TEMPERATURE ( °F), RAIN (in.), WIND SPEED (mph)

                                               HEAT     COOL           AVG
      MEAN                                     DEG      DEG            WIND                       DOM
DAY   TEMP    HIGH   TIME     LOW    TIME      DAYS     DAYS    RAIN   SPEED    HIGH    TIME      DIR
--------------------------------------------------------------------------------------------------------
01    40.5   049.8   17:06   -00.0   23:54     24.4     00.0   00.00   00.0     00.0    00:00      N 
02    42.3   052.3   18:50   -00.0   05:56     22.6     00.0   00.00   00.0     00.0    00:00      N 
03    49.4   070.5   15:40    26.1   06:29     15.5     00.0   00.00   00.0     00.0    00:00      N 
04    49.1   067.5   11:07    32.7   05:12     15.8     00.0   00.00   00.0     00.0    00:00      N 
05    47.8   067.6   15:26   -00.0   09:23     17.2     00.0   00.09   00.8     12.7    17:20      N 
06    46.8   062.4   14:39    32.2   05:54     18.2     00.0   00.00   01.7     14.9    14:28     NNW
07    43.1   059.4   15:32    27.8   00:00     21.8     00.0   00.00   01.7     13.8    12:40      NW
08    43.1   065.1   15:38    19.8   05:57     21.8     00.0   00.00   01.2     09.2    09:43      W 
09    43.9   057.7   16:30    25.2   05:47     21.1     00.0   00.00   01.0     08.1    16:20      SW
10    55.6   074.5   13:28    44.4   00:01     09.4     00.0   00.08   01.4     09.2    15:54     SSW
11    53.6   073.6   14:40    39.7   05:53     11.4     00.0   00.14   00.7     06.9    17:11      NW
12    57.6   074.8   16:33    41.2   06:08     07.4     00.0   00.00   01.0     08.1    17:52      N 
13    56.9   074.2   13:43    40.5   04:37     08.1     00.0   00.00   01.1     10.3    14:04     ENE
14    54.9   069.8   16:23    40.3   04:54     10.0     00.0   00.00   01.3     09.2    16:55     ENE
15    54.6   077.5   14:23    37.8   04:28     10.3     00.0   00.16   00.9     08.1    16:18      SE
16    58.5   072.1   15:21    46.6   03:38     06.5     00.0   00.16   00.9     10.3    16:29      SE
17    65.3   079.9   13:49    57.7   00:00     00.0     00.4   02.47   01.4     24.1    17:16      SW
18    50.1   060.3   09:03    33.3   23:55     14.8     00.0   00.17   01.9     18.4    13:19      NW
19    43.0   057.2   16:04    29.7   04:42     21.9     00.0   00.00   01.0     09.2    14:52     NNE
20    43.6   055.4   11:47    30.2   06:15     21.3     00.0   00.22   01.8     19.6    09:16     ENE
21    49.0   057.2   17:38    42.4   01:53     15.9     00.0   00.42   01.5     10.3    19:18      SW
22    51.7   064.4   14:45    40.6   00:00     13.2     00.0   00.00   02.7     17.3    12:13     WSW
23    47.9   059.0   15:34    36.5   02:32     17.0     00.0   00.11   00.3     04.6    22:33      NE
24    49.9   055.4   18:28    46.0   04:10     15.1     00.0   00.14   00.3     04.6    00:32      NE
25    58.8   073.4   17:47    45.1   05:52     06.1     00.0   00.00   00.9     08.1    17:57     ENE
26    57.1   071.6   11:54    41.2   05:30     07.9     00.0   00.00   00.6     05.8    15:17      SW
27    64.0   080.1   17:17    46.8   05:36     00.9     00.0   00.00   01.3     10.3    13:31      SW
28    61.5   075.9   14:18    50.5   00:00     03.5     00.0   00.15   01.0     10.3    17:52     WSW
29    56.0   068.9   11:37    45.0   04:59     08.9     00.0   00.07   02.2     19.6    13:28     WSW
30    53.3   061.2   14:38    45.0   04:55     11.6     00.0   00.04   02.2     14.9    14:44     WSW
31    58.1   074.7   15:55    43.3   23:37     06.9     00.0   00.00   02.5     14.9    15:54      W 
--------------------------------------------------------------------------------------------------------
51.8 (50.8)   80.1  day 27    -00.0  day 05   406.6    000.4   04.43   01.1     24.2   day 31     WNW
Min  0.8in)