NOAA-Style Climate Reports


Report for 2017 April

Daily NOAA report




                            MONTHLY CLIMATOLOGICAL SUMMARY for APR. 2017

NAME:    CITY:  STATE: 
ELEV:  LAT:  LONG: 

                            TEMPERATURE ( °F), RAIN (in.), WIND SPEED (mph)

                                               HEAT     COOL           AVG
      MEAN                                     DEG      DEG            WIND                       DOM
DAY   TEMP    HIGH   TIME     LOW    TIME      DAYS     DAYS    RAIN   SPEED    HIGH    TIME      DIR
--------------------------------------------------------------------------------------------------------
01    44.6   064.0   13:39    26.1   07:02     20.3     00.0   00.00   01.3     10.3    14:40      E 
02    46.4   063.1   12:51    26.1   06:41     18.6     00.0   00.00   01.6     10.3    15:05     ESE
03    44.7   052.5   15:17    39.7   07:15     20.2     00.0   00.11   00.5     05.8    16:08      E 
04    45.7   061.5   16:31    30.2   00:00     19.3     00.0   00.12   01.4     12.7    16:30      E 
05    38.9   051.8   15:39    24.8   06:31     26.0     00.0   00.00   00.4     04.6    21:12     ESE
06    40.1   051.8   15:41    32.4   06:17     24.9     00.0   00.00   03.0     16.1    16:27      E 
07    43.9   060.8   17:29    28.4   00:00     21.1     00.0   00.00   01.4     10.3    11:26      E 
08    46.6   068.0   16:07    23.0   07:06     18.3     00.0   00.00   02.2     14.9    16:37     ESE
09    56.8   071.6   13:27    45.9   03:03     08.2     00.0   00.20   01.2     10.3    09:38     ESE
10    40.7   051.8   02:57    32.0   00:00     24.2     00.0   00.70   01.5     09.2    02:29     ENE
11    34.2   039.9   15:39    30.2   00:00     30.7     00.0   00.51   00.7     08.1    15:43     ENE
12    41.6   059.0   13:34    23.0   06:57     23.4     00.0   00.00   01.1     09.2    16:32     ESE
13    45.6   059.0   16:49    32.0   00:00     19.3     00.0   00.00   01.0     10.3    14:20      E 
14    45.7   062.6   15:09    26.6   06:59     19.2     00.0   00.00   01.5     10.3    14:37      E 
15    53.1   064.4   18:47    43.2   03:40     11.9     00.0   00.35   00.6     06.9    17:17      E 
16    57.5   069.8   14:17    47.5   00:00     07.5     00.0   00.09   02.8     25.3    13:43     WSW
17    40.1   050.0   15:04    30.2   23:36     24.9     00.0   00.00   00.7     06.9    14:14      E 
18    41.4   051.8   00:00    26.6   05:30     23.5     00.0   00.00   01.0     10.3    10:40      E 
19    48.2   057.2   16:54    38.7   00:00     16.7     00.0   00.00   01.8     09.2    09:37      E 
20    39.3   043.0   18:59    37.2   07:29     25.7     00.0   01.33   01.3     14.9    03:47     ESE
21    44.8   059.0   21:03    32.0   00:00     20.2     00.0   00.00   02.6     12.7    10:02      E 
22    48.5   070.5   14:12    26.6   06:22     16.5     00.0   00.00   01.4     12.7    18:28     SSW
23    43.6   051.8   16:52    32.3   00:00     21.3     00.0   00.00   01.1     06.9    15:53      E 
24    44.5   064.4   16:14    26.6   03:30     20.5     00.0   00.00   01.5     12.7    16:53     ESE
25    55.1   075.2   14:53    36.9   06:11     09.9     00.0   00.00   01.4     19.6    15:05     ESE
26    52.6   059.0   19:47    42.6   00:00     12.3     00.0   00.55   00.6     05.8    22:02      E 
27    35.5   042.6   00:06    31.6   00:00     29.4     00.0   01.05   02.2     10.3    17:38     ESE
28    37.2   048.6   16:09    30.7   23:36     27.7     00.0   00.00   03.1     13.8    12:44      SW
29    37.8   055.9   13:41   -40.0   00:00     27.1     00.0   00.00   00.8     09.2    13:09      E 
30    16.6   045.5   11:55   -40.0   07:13     48.3     00.0   00.00   00.0     03.5    06:33     NNE
--------------------------------------------------------------------------------------------------------
43.7 (42.5)   75.2  day 25    -40.0  day 30   637.0    000.0   05.02   01.4     25.3   day 16      E 
Min