NOAA-Style Climate Reports

Select a Year or Month report
2018: Jan Feb Mar Apr May Jun Jul Aug Sep Oct Nov Dec
2017: Jan Feb Mar Apr May Jun Jul Aug Sep Oct Nov Dec
2016: Jan Feb Mar Apr May Jun Jul Aug Sep Oct Nov Dec
2015: Jan Feb Mar Apr May Jun Jul Aug Sep Oct Nov Dec
2014: Jan Feb Mar Apr May Jun Jul Aug Sep Oct Nov Dec
2013: Jan Feb Mar Apr May Jun Jul Aug Sep Oct Nov Dec
2012: Jan Feb Mar Apr May Jun Jul Aug Sep Oct Nov Dec
2011: Jan Feb Mar Apr May Jun Jul Aug Sep Oct Nov Dec
2010: Jan Feb Mar Apr May Jun Jul Aug Sep Oct Nov Dec
2009: Jan Feb Mar Apr May Jun Jul Aug Sep Oct Nov Dec
2008: Jan Feb Mar Apr May Jun Jul Aug Sep Oct Nov Dec
2007: Jan Feb Mar Apr May Jun Jul Aug Sep Oct Nov Dec
2006: Jan Feb Mar Apr May Jun Jul Aug Sep Oct Nov Dec
2005: Jan Feb Mar Apr May Jun Jul Aug Sep Oct Nov Dec
2004: Jan Feb Mar Apr May Jun Jul Aug Sep Oct Nov Dec
2003: Jan Feb Mar Apr May Jun Jul Aug Sep Oct Nov Dec

Report for 2017 March

Daily NOAA report




                            MONTHLY CLIMATOLOGICAL SUMMARY for MAR. 2017

NAME:    CITY:  STATE: 
ELEV:  LAT:  LONG: 

                            TEMPERATURE ( °F), RAIN (in.), WIND SPEED (mph)

                                               HEAT     COOL           AVG
      MEAN                                     DEG      DEG            WIND                       DOM
DAY   TEMP    HIGH   TIME     LOW    TIME      DAYS     DAYS    RAIN   SPEED    HIGH    TIME      DIR
--------------------------------------------------------------------------------------------------------
01    25.6   032.2   00:23    15.8   00:00     39.3     00.0   00.00   02.1     10.3    16:09      E 
02    19.9   033.8   14:40    06.8   22:57     45.0     00.0   00.00   01.7     12.7    17:50      E 
03    13.3   028.4   16:28    01.4   00:00     51.7     00.0   00.00   01.4     10.3    13:24     WSW
04    17.5   036.1   13:11   -04.0   07:17     47.5     00.0   00.01   01.2     12.7    13:25     ESE
05    32.5   040.3   12:57    21.2   03:12     32.4     00.0   00.01   01.2     12.7    09:37      E 
06    41.4   048.2   00:00    34.2   03:23     23.6     00.0   00.08   01.2     12.7    23:09      E 
07    41.8   050.0   05:13    32.2   00:00     23.2     00.0   00.10   06.9     25.3    12:29      SW
08    28.4   035.8   01:50    23.0   00:00     36.5     00.0   00.00   08.2     27.6    13:58     WSW
09    25.7   037.0   14:37    17.6   07:09     39.3     00.0   00.00   02.6     12.7    21:42      NE
10    13.1   021.2   15:42    06.8   00:00     51.8     00.0   00.00   03.2     12.7    16:47     WNW
11    14.4   028.4   16:15    03.2   00:00     50.6     00.0   00.00   02.0     12.7    12:28      NW
12    17.3   026.6   18:21    03.2   01:35     47.7     00.0   00.00   01.2     06.9    12:26      NE
13    18.0   030.2   13:17    05.0   00:00     46.9     00.0   00.00   00.7     08.1    17:19     ENE
14    14.9   030.2   15:56   -00.4   04:41     50.0     00.0   00.00   01.0     12.7    15:35     ENE
15    22.9   038.5   16:11    10.4   07:46     42.0     00.0   00.02   01.6     12.7    12:41      N 
16    27.4   039.9   12:18    10.4   05:16     37.5     00.0   00.00   01.3     05.8    10:46      E 
17    36.8   039.7   16:06    32.5   00:00     28.1     00.0   00.16   01.5     03.5    23:53     ESE
18    34.6   039.7   12:40    30.2   00:00     30.3     00.0   00.17   01.6     13.8    13:55     ENE
19    32.4   041.9   16:46    23.0   07:49     32.6     00.0   00.00   01.3     09.2    18:36      E 
20    37.3   053.6   17:00    26.6   00:00     27.6     00.0   00.00   00.6     06.9    16:52     ENE
21    28.8   037.0   11:20    15.8   00:00     36.1     00.0   00.00   01.8     12.7    18:35      E 
22    22.7   037.2   16:02    08.6   07:45     42.3     00.0   00.00   01.1     08.1    17:04      E 
23    28.9   036.1   16:32    15.8   01:42     36.0     00.0   00.00   01.3     10.3    12:59      E 
24    34.3   037.9   17:07    32.2   07:54     30.6     00.0   00.46   00.1     04.6    23:47      E 
25    34.2   040.3   14:37    31.6   00:00     30.7     00.0   00.07   01.2     12.7    15:40      E 
26    34.3   038.7   14:47    31.3   05:47     30.6     00.0   00.31   00.2     05.8    03:12     ESE
27    38.3   045.9   17:16    30.0   00:00     26.6     00.0   00.00   00.2     03.5    17:22     ESE
28    40.5   060.6   14:54    25.0   07:20     24.4     00.0   00.00   00.8     06.9    17:26     ESE
29    35.7   048.2   12:50    23.7   07:00     29.2     00.0   00.00   00.6     05.8    19:19     ESE
30    33.5   035.4   16:58    31.8   00:00     31.5     00.0   00.07   00.9     08.1    11:36     ESE
31    41.4   059.2   14:58    27.1   23:37     23.5     00.0   00.02   01.1     10.3    15:54      E 
--------------------------------------------------------------------------------------------------------
28.6 (28.7)   60.6  day 28    -04.0  day 04   1125.3    000.0   01.48   01.7     27.6   day 08     ESE
Max