NOAA-Style Climate Reports


Report for 2017 February

Daily NOAA report




                            MONTHLY CLIMATOLOGICAL SUMMARY for FEB. 2017

NAME:    CITY:  STATE: 
ELEV:  LAT:  LONG: 

                            TEMPERATURE ( °F), RAIN (in.), WIND SPEED (mph)

                                               HEAT     COOL           AVG
      MEAN                                     DEG      DEG            WIND                       DOM
DAY   TEMP    HIGH   TIME     LOW    TIME      DAYS     DAYS    RAIN   SPEED    HIGH    TIME      DIR
--------------------------------------------------------------------------------------------------------
01    18.9   028.4   13:55    05.0   21:11     46.0     00.0   00.00   01.6     10.3    23:18      NW
02    09.5   019.4   15:25    01.4   07:32     55.5     00.0   00.00   03.9     14.9    16:19      NW
03    09.3   023.0   16:18   -00.4   00:00     55.7     00.0   00.00   02.8     12.7    14:32      NW
04    12.3   024.8   00:00   -07.6   06:06     52.7     00.0   00.00   01.2     10.3    19:09     NNW
05    23.5   030.8   14:24    12.2   20:26     41.5     00.0   00.00   01.9     12.7    15:11     NNW
06    23.8   033.4   13:35    17.6   08:09     41.1     00.0   00.01   00.6     09.2    18:18      NE
07    25.4   030.2   13:29    17.6   00:00     39.5     00.0   00.00   00.6     10.3    20:33     NNE
08    15.2   019.4   03:38    06.8   00:00     49.7     00.0   00.00   01.9     10.3    23:10     NNW
09    07.6   019.4   16:14   -02.2   07:35     57.3     00.0   00.00   02.8     12.7    12:06      NW
10    21.7   035.9   15:58    08.6   00:40     43.3     00.0   00.00   01.8     14.9    12:03      N 
11    28.7   036.6   12:56    19.4   00:13     36.2     00.0   00.01   00.1     04.6    22:33      NE
12    31.4   037.6   10:22    26.6   00:00     33.6     00.0   00.02   03.7     21.9    10:47      N 
13    31.4   047.6   14:18    15.8   05:56     33.5     00.0   00.00   01.5     12.7    14:17     NNE
14    32.9   043.0   12:59    24.8   01:21     32.1     00.0   00.00   03.6     19.6    11:44     NNW
15    22.1   030.2   15:05    10.4   23:49     42.9     00.0   00.00   01.7     12.7    10:09     ESE
16    18.2   030.2   15:58    05.0   06:22     46.7     00.0   00.00   00.7     06.9    12:57     ESE
17    28.4   048.5   15:24    10.4   03:30     36.5     00.0   00.00   00.7     06.9    12:58     ESE
18    43.4   060.8   15:53    26.6   01:40     21.5     00.0   00.00   01.8     12.7    15:13     WSW
19    43.4   057.2   15:02    28.4   00:00     21.5     00.0   00.00   00.8     08.1    01:53     ESE
20    38.3   048.2   14:09    26.6   03:56     26.7     00.0   00.52   01.4     09.2    12:56     ESE
21    48.0   059.0   16:08    40.8   07:23     17.0     00.0   00.01   01.6     10.3    13:43      S 
22    42.0   053.6   15:39    32.0   07:28     22.9     00.0   00.01   00.3     05.8    13:10      E 
23    36.1   043.2   15:02    32.0   00:00     28.9     00.0   00.00   01.3     10.3    13:38      E 
24    26.1   032.0   01:02    19.4   00:00     38.8     00.0   00.00   00.2     05.8    05:46      E 
25    18.7   030.2   12:51    06.8   23:52     46.2     00.0   00.00   00.0     00.0    00:00      S 
26    26.0   041.4   14:12    08.6   00:18     38.9     00.0   00.03   01.6     19.6    15:22      SW
27    26.9   043.9   14:19    06.8   04:45     38.0     00.0   00.11   01.1     10.3    15:46      E 
28    35.1   043.3   12:18    28.4   05:46     29.9     00.0   00.07   00.2     05.8    23:01     ESE
--------------------------------------------------------------------------------------------------------
26.6 (26.4)   60.8  day 18    -07.6  day 04   1074.1    000.0   00.80   01.5     21.9   day 12     N
Max