NOAA-Style Climate Reports

Select a Year or Month report
2018: Jan Feb Mar Apr May Jun Jul Aug Sep Oct Nov Dec
2017: Jan Feb Mar Apr May Jun Jul Aug Sep Oct Nov Dec
2016: Jan Feb Mar Apr May Jun Jul Aug Sep Oct Nov Dec
2015: Jan Feb Mar Apr May Jun Jul Aug Sep Oct Nov Dec
2014: Jan Feb Mar Apr May Jun Jul Aug Sep Oct Nov Dec
2013: Jan Feb Mar Apr May Jun Jul Aug Sep Oct Nov Dec
2012: Jan Feb Mar Apr May Jun Jul Aug Sep Oct Nov Dec
2011: Jan Feb Mar Apr May Jun Jul Aug Sep Oct Nov Dec
2010: Jan Feb Mar Apr May Jun Jul Aug Sep Oct Nov Dec
2009: Jan Feb Mar Apr May Jun Jul Aug Sep Oct Nov Dec
2008: Jan Feb Mar Apr May Jun Jul Aug Sep Oct Nov Dec
2007: Jan Feb Mar Apr May Jun Jul Aug Sep Oct Nov Dec
2006: Jan Feb Mar Apr May Jun Jul Aug Sep Oct Nov Dec
2005: Jan Feb Mar Apr May Jun Jul Aug Sep Oct Nov Dec
2004: Jan Feb Mar Apr May Jun Jul Aug Sep Oct Nov Dec
2003: Jan Feb Mar Apr May Jun Jul Aug Sep Oct Nov Dec

Report for 2017 January

Daily NOAA report




                            MONTHLY CLIMATOLOGICAL SUMMARY for JAN. 2017

NAME:    CITY:  STATE: 
ELEV:  LAT:  LONG: 

                            TEMPERATURE ( °F), RAIN (in.), WIND SPEED (mph)

                                               HEAT     COOL           AVG
      MEAN                                     DEG      DEG            WIND                       DOM
DAY   TEMP    HIGH   TIME     LOW    TIME      DAYS     DAYS    RAIN   SPEED    HIGH    TIME      DIR
--------------------------------------------------------------------------------------------------------
01    22.2   033.9   12:55    14.4   08:35     42.7     00.0   00.00   01.4     10.3    11:50     NNW
02    28.6   035.1   13:48    19.6   00:53     36.3     00.0   00.00   00.1     04.6    20:14      NE
03    29.4   035.1   14:03    10.6   00:00     35.6     00.0   00.01   01.6     18.4    19:46     NNW
04    03.7   010.6   00:02   -06.5   00:00     61.2     00.0   00.00   05.0     19.6    03:10      NW
05   -04.0   006.3   15:14   -11.0   05:31     69.0     00.0   00.00   02.8     10.3    13:25      NW
06   -02.9   011.1   15:15   -12.6   22:48     67.9     00.0   00.00   01.4     08.1    12:56      NW
07   -00.7   011.1   12:57   -12.1   05:45     65.7     00.0   00.00   02.6     13.8    11:58      NW
08    07.8   015.8   14:32   -00.4   00:12     57.2     00.0   00.00   01.8     08.1    14:32      NW
09    15.8   023.9   12:47    09.3   00:20     49.1     00.0   00.00   00.8     04.6    17:49     NNW
10    26.1   032.9   15:30    13.0   00:00     38.9     00.0   00.00   00.0     03.5    08:24      N 
11    09.6   013.6   14:25    03.6   23:35     55.3     00.0   00.00   00.0     00.0    00:00     NNW
12    11.1   019.9   15:30    01.6   00:00     53.8     00.0   00.00   00.0     00.0    00:00      N 
13    02.2   016.3   15:34   -08.1   08:01     62.7     00.0   00.00   00.0     00.0    00:00      N 
14    13.9   033.8   15:39    00.5   00:00     51.0     00.0   00.00   00.2     06.9    14:07     NNW
15    12.0   036.9   15:38   -08.5   08:03     53.0     00.0   00.00   00.6     05.8    15:20     NNW
16    19.6   035.4   13:14    05.0   05:35     45.3     00.0   00.00   00.1     04.6    12:11      N 
17    31.6   037.2   13:33    24.8   00:07     33.4     00.0   00.37   00.1     04.6    04:41      NE
18    32.1   043.0   15:14    24.4   00:00     32.9     00.0   00.48   01.3     10.3    12:38      N 
19    31.2   037.4   13:31    24.3   00:27     33.8     00.0   00.03   00.8     05.8    15:17     NNE
20    32.3   036.0   11:45    30.4   06:42     32.6     00.0   00.28   00.0     03.5    21:23      NE
21    33.6   037.0   12:54    31.6   05:27     31.3     00.0   00.09   00.1     03.5    14:28     NNE
22    35.4   040.8   14:24    32.9   01:15     29.5     00.0   00.00   00.0     02.3    13:04     NNE
23    35.3   039.7   12:19    32.9   00:00     29.7     00.0   00.00   00.0     03.5    12:19      NE
24    35.5   041.7   13:55    32.5   07:17     29.5     00.0   00.01   00.2     08.1    14:39      NE
25    33.4   038.5   11:45    32.0   00:00     31.6     00.0   00.06   00.8     08.1    22:39      NE
26    32.7   037.6   14:34    30.2   00:00     32.2     00.0   00.00   02.4     14.9    13:24     NNW
27    28.5   035.1   15:08    24.8   00:00     36.4     00.0   00.00   03.1     12.7    13:22      NW
28    26.5   030.2   14:40    23.0   00:00     38.4     00.0   00.00   01.8     14.9    16:32     NNW
29    20.3   026.6   11:34    08.6   22:52     44.6     00.0   00.00   01.4     09.2    15:07     NNE
30    15.5   021.2   15:42    06.8   07:48     49.4     00.0   00.00   01.1     12.7    11:27      NE
31    24.4   032.0   14:41    17.6   02:20     40.6     00.0   00.00   01.0     10.3    23:01      N 
--------------------------------------------------------------------------------------------------------
20.7 (21.0)   43.0  day 18    -12.6  day 06   1370.6    000.0   01.33   01.1     19.6   day 04      N 
Max