NOAA-Style Climate Reports


Report for 2016 December

Daily NOAA report




                            MONTHLY CLIMATOLOGICAL SUMMARY for DEC. 2016

NAME:    CITY:  STATE: 
ELEV:  LAT:  LONG: 

                            TEMPERATURE ( °F), RAIN (in.), WIND SPEED (mph)

                                               HEAT     COOL           AVG
      MEAN                                     DEG      DEG            WIND                       DOM
DAY   TEMP    HIGH   TIME     LOW    TIME      DAYS     DAYS    RAIN   SPEED    HIGH    TIME      DIR
--------------------------------------------------------------------------------------------------------
01    34.2   039.9   11:51    27.9   01:28     30.8     00.0   00.00   01.5     10.3    13:34     NNE
02    31.9   036.5   13:53    26.8   03:06     33.1     00.0   00.00   01.3     06.9    13:34     NNW
03    31.3   033.8   11:24    28.8   00:00     33.6     00.0   00.00   00.9     05.8    13:18     NNW
04    29.4   031.3   13:51    27.7   07:05     35.6     00.0   00.00   00.5     05.8    11:33     NNE
05    32.9   039.5   12:08    30.0   00:56     32.0     00.0   00.21   01.0     08.1    19:11      NE
06    31.8   037.9   10:55    24.8   00:00     33.2     00.0   00.13   02.9     14.9    21:53      N 
07    22.4   024.8   15:15    21.2   00:00     42.6     00.0   00.00   05.5     18.4    13:30      NW
08    23.3   032.0   13:23    17.6   06:39     41.7     00.0   00.00   02.8     12.7    12:07     NNW
09    19.1   026.6   12:33    14.0   22:54     45.8     00.0   00.00   02.1     12.7    14:13     NNW
10    13.1   019.4   15:04    08.6   20:40     51.8     00.0   00.00   01.6     12.7    09:56      NW
11    17.8   024.8   14:17    12.2   06:57     47.2     00.0   00.00   00.0     03.5    15:15     NNE
12    21.7   030.2   12:52    15.8   00:00     43.3     00.0   00.00   01.5     09.2    14:15      NW
13    06.0   015.8   00:50   -02.2   23:10     58.9     00.0   00.00   02.7     14.9    13:24      NW
14    04.5   012.2   12:21   -02.2   04:44     60.5     00.0   00.00   04.3     19.6    09:40      NW
15    01.9   015.8   15:15   -07.6   00:00     63.1     00.0   00.00   03.1     14.9    10:42      NW
16    07.4   015.8   14:06   -07.6   01:19     57.6     00.0   00.00   00.4     04.6    11:35      N 
17    13.3   022.5   11:24    03.7   23:54     51.6     00.0   00.00   00.0     00.0    00:00     NNE
18   -01.4   009.7   12:49   -13.5   00:00     66.3     00.0   00.00   00.9     08.1    13:14      NW
19    01.3   016.3   15:09   -13.7   00:44     63.6     00.0   00.00   02.8     12.7    13:28      NW
20    24.9   041.2   15:10    10.8   00:41     40.1     00.0   00.02   03.8     18.4    11:52      NW
21    26.8   032.9   15:06    18.9   07:34     38.1     00.0   00.00   00.8     08.1    09:33     NNW
22    30.6   040.3   15:10    21.6   08:25     34.3     00.0   00.05   02.2     10.3    16:18      N 
23    27.9   034.5   13:33    19.8   06:48     37.1     00.0   00.00   01.5     12.7    11:59      NE
24    32.4   039.9   13:33    24.4   08:17     32.6     00.0   00.13   00.3     05.8    22:38     NNE
25    28.2   031.6   22:05    24.1   08:21     36.7     00.0   00.01   01.7     12.7    11:47      NE
26    32.1   043.3   10:38    20.7   23:40     32.9     00.0   00.83   04.8     24.1    15:17     NNW
27    14.5   020.8   00:15   -00.9   00:00     50.4     00.0   00.00   02.9     14.9    00:36      NW
28    15.8   034.2   14:16   -01.5   02:42     49.1     00.0   00.00   00.6     13.8    15:05      N 
29    26.9   030.7   13:19    20.8   22:02     38.1     00.0   00.00   03.8     16.1    19:13     NNW
30    21.3   025.2   13:56    17.8   22:10     43.6     00.0   00.00   02.0     12.7    04:11     NNW
31    21.5   030.0   14:40    12.0   20:10     43.4     00.0   00.00   01.5     12.7    15:27     NNW
--------------------------------------------------------------------------------------------------------
20.8 (20.8)   43.3  day 26    -13.7  day 19   1368.6    000.0   00.00   02.0     24.2   day 26     NNW
Max