NOAA-Style Climate Reports

Select a Year or Month report
2018: Jan Feb Mar Apr May Jun Jul Aug Sep Oct Nov Dec
2017: Jan Feb Mar Apr May Jun Jul Aug Sep Oct Nov Dec
2016: Jan Feb Mar Apr May Jun Jul Aug Sep Oct Nov Dec
2015: Jan Feb Mar Apr May Jun Jul Aug Sep Oct Nov Dec
2014: Jan Feb Mar Apr May Jun Jul Aug Sep Oct Nov Dec
2013: Jan Feb Mar Apr May Jun Jul Aug Sep Oct Nov Dec
2012: Jan Feb Mar Apr May Jun Jul Aug Sep Oct Nov Dec
2011: Jan Feb Mar Apr May Jun Jul Aug Sep Oct Nov Dec
2010: Jan Feb Mar Apr May Jun Jul Aug Sep Oct Nov Dec
2009: Jan Feb Mar Apr May Jun Jul Aug Sep Oct Nov Dec
2008: Jan Feb Mar Apr May Jun Jul Aug Sep Oct Nov Dec
2007: Jan Feb Mar Apr May Jun Jul Aug Sep Oct Nov Dec
2006: Jan Feb Mar Apr May Jun Jul Aug Sep Oct Nov Dec
2005: Jan Feb Mar Apr May Jun Jul Aug Sep Oct Nov Dec
2004: Jan Feb Mar Apr May Jun Jul Aug Sep Oct Nov Dec
2003: Jan Feb Mar Apr May Jun Jul Aug Sep Oct Nov Dec

Report for 2016 November

Daily NOAA report




                            MONTHLY CLIMATOLOGICAL SUMMARY for NOV. 2016

NAME:    CITY:  STATE: 
ELEV:  LAT:  LONG: 

                            TEMPERATURE ( °F), RAIN (in.), WIND SPEED (mph)

                                               HEAT     COOL           AVG
      MEAN                                     DEG      DEG            WIND                       DOM
DAY   TEMP    HIGH   TIME     LOW    TIME      DAYS     DAYS    RAIN   SPEED    HIGH    TIME      DIR
--------------------------------------------------------------------------------------------------------
01    53.3   068.2   14:20    38.1   00:00     11.7     00.0   00.01   01.8     16.1    13:50     NNW
02    44.2   056.7   15:49    34.2   07:58     20.8     00.0   00.00   00.1     03.5    12:46     NNE
03    44.7   057.8   14:30    31.6   00:00     20.3     00.0   00.04   00.4     09.2    16:11      NE
05    43.7   064.3   15:58    26.8   05:44     21.3     00.0   00.00   01.3     10.3    14:33     NNE
06    50.1   068.9   14:39    29.5   07:15     14.8     00.0   00.00   00.7     10.3    11:54     NNE
07    48.3   063.9   13:29    35.1   05:27     16.6     00.0   00.00   01.4     12.7    14:35     NNE
08    46.0   053.1   00:46    36.5   20:39     19.0     00.0   00.05   01.7     16.1    12:50      NE
09    44.1   059.4   15:14    30.7   07:57     20.8     00.0   00.00   01.7     10.3    13:46      N 
10    54.8   070.0   13:54    45.0   07:45     10.2     00.0   00.00   03.7     13.8    15:08      N 
11    40.6   049.3   00:16    35.5   00:00     24.3     00.0   00.00   01.1     08.1    10:21      NE
12    35.5   035.5   00:00    35.5   00:00     29.4     00.0   00.00   00.0     00.0    00:00      NE
13    35.5   035.5   00:00    35.5   00:00     29.4     00.0   00.00   00.0     00.0    00:00      NE
14    41.4   059.0   14:29    35.5   13:42     23.6     00.0   00.00   00.1     03.5    18:14      NE
15    45.3   050.0   13:22    42.1   08:31     19.7     00.0   00.01   00.4     05.8    13:23     NNE
16    39.8   049.4   14:46    32.0   05:17     25.2     00.0   00.00   00.5     05.8    22:51      NE
17    48.9   059.0   15:28    43.2   00:35     16.1     00.0   00.00   00.5     06.9    03:55      NE
18    47.3   057.2   17:37    37.4   00:00     17.6     00.0   00.00   02.0     19.6    17:43      N 
19    29.0   037.3   00:01    23.0   00:00     35.9     00.0   00.00   04.4     24.1    05:16      N 
20    23.6   030.2   15:24    15.8   00:00     41.4     00.0   00.00   01.5     12.7    11:11     NNE
21    22.3   035.4   15:26    14.0   00:00     42.7     00.0   00.00   00.6     08.1    12:17      NE
22    24.5   036.0   15:01    10.4   06:18     40.5     00.0   00.00   00.3     05.8    13:02     NNE
23    32.6   034.2   13:47    30.6   05:48     32.3     00.0   00.33   00.2     06.9    10:53      NE
24    33.6   036.0   14:10    30.7   06:56     31.3     00.0   00.08   00.4     05.8    12:24      N 
25    32.7   038.5   13:22    26.2   23:30     32.2     00.0   00.02   00.5     05.8    14:38     NNW
26    30.9   040.5   13:43    22.5   23:57     34.0     00.0   00.00   00.6     06.9    13:42      N 
27    33.2   041.2   23:11    22.6   00:01     31.7     00.0   00.01   00.6     14.9    23:12      NE
28    42.1   045.5   00:00    39.4   03:05     22.8     00.0   01.84   02.9     12.7    15:08      NE
29    37.1   045.5   00:15    24.6   00:00     27.9     00.0   00.12   02.0     16.1    07:57      N 
30    33.1   042.3   13:30    23.7   01:10     31.9     00.0   00.00   00.1     03.5    14:14      NE
--------------------------------------------------------------------------------------------------------
39.2 (39.8)   70.0  day 10     10.4  day 22   745.2    000.0   02.51   01.1     24.2   day 19     NNE
Max  0.8in)