NOAA-Style Climate Reports


Report for 2016 September

Daily NOAA report



                            MONTHLY CLIMATOLOGICAL SUMMARY for SEP. 2016

NAME: Athelstane Weather   CITY: Athelstane STATE: Wisconsin
ELEV: 812 LAT: 045:23:00 LONG: 0088:07:00

                            TEMPERATURE ( °F), RAIN (in.), WIND SPEED (mph)

                                               HEAT     COOL           AVG
      MEAN                                     DEG      DEG            WIND                       DOM
DAY   TEMP    HIGH   TIME     LOW    TIME      DAYS     DAYS    RAIN   SPEED    HIGH    TIME      DIR
--------------------------------------------------------------------------------------------------------
01    59.6   073.4   15:40    45.0   00:00     05.3     00.0   00.00   00.7     08.1    09:57      NE
02    58.6   077.0   16:33    45.0   07:54     06.4     00.0   00.00   00.6     08.1    14:19     ENE
03    59.8   078.8   16:15    40.5   06:55     05.1     00.0   00.00   00.9     11.5    11:50      NE
04    62.5   080.6   15:50    43.9   06:40     02.4     00.0   00.00   01.2     10.3    12:30      NE
05    70.8   084.4   15:04    58.8   02:04     00.0     05.9   00.00   01.5     12.7    15:05      N 
06    72.2   078.8   17:03    68.0   00:00     00.0     07.3   00.48   01.1     05.8    14:42     NNE
07    69.3   075.2   17:34    64.4   07:15     00.0     04.4   00.04   00.2     03.5    17:47     ENE
08    69.8   082.9   15:06    53.6   00:00     00.0     04.9   00.00   01.5     11.5    16:24      N 
09    60.2   070.5   14:40    47.7   07:09     04.7     00.0   00.00   00.3     05.8    13:34      NE
10    57.9   062.4   14:03    44.1   00:00     07.0     00.0   00.25   00.7     11.5    16:47     NNE
11    58.4   075.6   15:53    40.3   07:10     06.6     00.0   00.00   01.2     10.3    13:37     NNE
12    64.1   079.0   15:12    47.7   07:09     00.9     00.0   00.00   01.6     16.1    15:25     NNE
13    62.2   071.4   15:49    52.0   00:00     02.7     00.0   00.33   00.3     06.9    05:31      NE
14    56.8   071.4   15:18    43.5   07:02     08.1     00.0   00.00   00.4     04.6    16:43      NE
15    58.4   073.4   16:05    41.7   06:32     06.5     00.0   00.00   00.8     09.2    13:35      NE
16    60.4   068.0   18:23    51.8   04:38     04.5     00.0   01.12   00.5     10.3    12:29      NE
17    62.3   073.4   16:30    55.4   00:00     02.6     00.0   00.00   01.6     11.5    16:32     NNE
18    62.9   076.5   15:57    50.2   07:10     02.1     00.0   00.00   00.8     10.3    13:34     NNE
19    64.4   075.9   11:53    55.9   00:00     00.6     00.0   00.01   01.5     12.7    12:10     NNE
20    62.7   078.4   15:43    47.7   07:30     02.2     00.0   00.00   00.4     08.1    15:51     NNE
21    63.7   075.2   14:38    55.8   07:02     01.2     00.0   00.39   00.4     04.6    13:53     ENE
22    62.3   073.9   15:37    56.3   07:01     02.7     00.0   00.09   00.4     08.1    01:00      NE
23    58.3   069.8   14:26    47.7   23:57     06.6     00.0   00.00   00.7     05.8    12:20      NE
24    57.6   070.0   14:10    46.8   01:42     07.4     00.0   00.00   00.9     08.1    10:30     ENE
25    60.5   066.2   15:27    53.6   04:29     04.4     00.0   00.64   01.0     11.5    21:04      NE
26    52.7   059.0   13:04    48.2   05:50     12.2     00.0   00.00   03.3     18.4    13:17      N 
27    50.6   055.4   11:08    44.6   00:00     14.3     00.0   00.13   02.3     14.9    00:16      N 
28    51.7   064.4   16:38    42.1   05:45     13.2     00.0   00.01   00.5     08.1    15:36      NE
29    57.1   073.4   14:41    47.3   05:01     07.8     00.0   00.00   00.7     06.9    14:12      NE
30    58.5   071.6   13:39    48.2   03:40     06.4     00.0   00.00   00.6     10.3    12:22      NE
--------------------------------------------------------------------------------------------------------
60.9 (61.2)   84.4  day 05     40.3  day 11   144.1    022.4   03.50   01.0     18.4   day 26      NE
Min  .008in) 8 (> .08in) 1 (> 0.8in)