NOAA-Style Climate Reports

Select a Year or Month report
2018: Jan Feb Mar Apr May Jun Jul Aug Sep Oct Nov Dec
2017: Jan Feb Mar Apr May Jun Jul Aug Sep Oct Nov Dec
2016: Jan Feb Mar Apr May Jun Jul Aug Sep Oct Nov Dec
2015: Jan Feb Mar Apr May Jun Jul Aug Sep Oct Nov Dec
2014: Jan Feb Mar Apr May Jun Jul Aug Sep Oct Nov Dec
2013: Jan Feb Mar Apr May Jun Jul Aug Sep Oct Nov Dec
2012: Jan Feb Mar Apr May Jun Jul Aug Sep Oct Nov Dec
2011: Jan Feb Mar Apr May Jun Jul Aug Sep Oct Nov Dec
2010: Jan Feb Mar Apr May Jun Jul Aug Sep Oct Nov Dec
2009: Jan Feb Mar Apr May Jun Jul Aug Sep Oct Nov Dec
2008: Jan Feb Mar Apr May Jun Jul Aug Sep Oct Nov Dec
2007: Jan Feb Mar Apr May Jun Jul Aug Sep Oct Nov Dec
2006: Jan Feb Mar Apr May Jun Jul Aug Sep Oct Nov Dec
2005: Jan Feb Mar Apr May Jun Jul Aug Sep Oct Nov Dec
2004: Jan Feb Mar Apr May Jun Jul Aug Sep Oct Nov Dec
2003: Jan Feb Mar Apr May Jun Jul Aug Sep Oct Nov Dec

Report for 2016 August

Daily NOAA report



                            MONTHLY CLIMATOLOGICAL SUMMARY for AUG. 2016

NAME: Athelstane Weather   CITY: Athelstane STATE: Wisconsin
ELEV: 812 LAT: 045:23:00 LONG: 0088:07:00

                            TEMPERATURE ( °F), RAIN (in.), WIND SPEED (mph)

                                               HEAT     COOL           AVG
      MEAN                                     DEG      DEG            WIND                       DOM
DAY   TEMP    HIGH   TIME     LOW    TIME      DAYS     DAYS    RAIN   SPEED    HIGH    TIME      DIR
--------------------------------------------------------------------------------------------------------
01    69.8   086.9   14:03    52.2   06:04     00.0     04.9   00.00   01.0     08.1    16:43      SE
02    71.7   086.4   12:42    55.0   06:25     00.0     06.8   00.00   01.5     12.7    15:48     SSE
03    78.7   093.6   16:16    64.4   05:08     00.0     13.8   00.00   01.0     09.2    16:21     SSE
04    74.7   090.5   13:15    68.2   04:13     00.0     09.8   00.04   01.6     18.4    13:42      E 
05    70.7   082.4   15:27    57.2   00:00     00.0     05.8   00.00   01.9     11.5    13:38      N 
06    68.4   084.2   17:04    53.6   06:29     00.0     03.5   00.00   01.2     10.3    12:27     NNE
07    65.8   084.2   16:01    49.5   06:13     00.0     00.9   00.00   00.7     06.9    14:24      NE
08    67.2   084.2   12:46    49.3   06:03     00.0     02.3   00.00   01.1     09.2    15:45      NE
09    72.2   087.8   15:20    55.4   06:30     00.0     07.2   00.00   01.9     13.8    14:48      N 
10    77.5   093.2   14:08    62.6   06:34     00.0     12.6   00.00   01.3     08.1    19:34     NNE
11    73.9   084.2   17:14    68.0   03:21     00.0     09.0   00.25   01.3     16.1    17:14     NNE
12    70.0   078.8   12:01    64.4   00:00     00.0     05.0   00.00   00.5     06.9    08:06      NE
13    67.5   076.8   11:06    59.0   00:00     00.0     02.6   00.12   00.8     10.3    15:46     NNE
14    65.8   082.4   14:37    51.8   06:34     00.0     00.8   00.19   00.5     11.5    15:01      NE
15    69.5   086.0   16:15    55.4   07:13     00.0     04.5   00.00   00.6     05.8    17:49      NE
16    70.7   084.2   13:58    57.2   06:43     00.0     05.7   00.05   00.8     09.2    11:24     NNE
17    72.7   087.8   16:01    62.6   00:00     00.0     07.7   00.14   00.7     10.3    03:12     NNE
18    73.4   087.8   15:11    57.2   06:49     00.0     08.5   00.00   01.0     10.3    13:45     NNE
19    69.2   075.2   19:15    62.6   00:00     00.0     04.3   00.61   00.7     12.7    07:57      N 
20    62.8   069.8   15:00    55.4   00:00     02.1     00.0   01.26   00.8     08.1    21:14     NNE
21    59.5   069.8   18:06    46.6   00:00     05.5     00.0   00.00   01.4     09.2    02:13     NNE
22    61.6   078.8   16:17    42.6   06:26     03.4     00.0   00.00   01.4     11.5    15:43     NNE
23    69.4   082.4   16:12    57.2   06:46     00.0     04.5   00.07   01.5     11.5    12:57     NNE
24    68.5   077.0   18:14    62.6   00:00     00.0     03.6   00.24   01.2     11.5    14:43      N 
25    68.5   080.6   16:33    57.2   00:00     00.0     03.5   00.00   01.8     13.8    13:43     NNW
26    63.0   075.2   17:08    50.0   05:22     02.0     00.0   00.00   01.0     06.9    14:39     NNE
27    61.5   068.0   15:59    57.2   07:48     03.5     00.0   00.08   00.3     05.8    16:10      NE
28    68.8   082.4   15:21    57.2   05:44     00.0     03.8   00.00   00.7     05.8    16:03     NNE
29    69.6   084.2   17:37    55.4   03:51     00.0     04.7   00.00   00.8     09.2    12:26     NNE
30    72.6   082.4   16:27    55.4   00:00     00.0     07.7   00.00   00.8     09.2    16:39     NNE
--------------------------------------------------------------------------------------------------------
69.2 (69.5)   93.6  day 03     42.6  day 22   016.5    143.4   03.05   01.1     18.4   day 11     NNE
Max >=  86: 9
Min  .008in) 7 (> .08in) 1 (> 0.8in)