NOAA-Style Climate Reports

Select a Year or Month report
2018: Jan Feb Mar Apr May Jun Jul Aug Sep Oct Nov Dec
2017: Jan Feb Mar Apr May Jun Jul Aug Sep Oct Nov Dec
2016: Jan Feb Mar Apr May Jun Jul Aug Sep Oct Nov Dec
2015: Jan Feb Mar Apr May Jun Jul Aug Sep Oct Nov Dec
2014: Jan Feb Mar Apr May Jun Jul Aug Sep Oct Nov Dec
2013: Jan Feb Mar Apr May Jun Jul Aug Sep Oct Nov Dec
2012: Jan Feb Mar Apr May Jun Jul Aug Sep Oct Nov Dec
2011: Jan Feb Mar Apr May Jun Jul Aug Sep Oct Nov Dec
2010: Jan Feb Mar Apr May Jun Jul Aug Sep Oct Nov Dec
2009: Jan Feb Mar Apr May Jun Jul Aug Sep Oct Nov Dec
2008: Jan Feb Mar Apr May Jun Jul Aug Sep Oct Nov Dec
2007: Jan Feb Mar Apr May Jun Jul Aug Sep Oct Nov Dec
2006: Jan Feb Mar Apr May Jun Jul Aug Sep Oct Nov Dec
2005: Jan Feb Mar Apr May Jun Jul Aug Sep Oct Nov Dec
2004: Jan Feb Mar Apr May Jun Jul Aug Sep Oct Nov Dec
2003: Jan Feb Mar Apr May Jun Jul Aug Sep Oct Nov Dec

Report for 2016 July

Daily NOAA report



                            MONTHLY CLIMATOLOGICAL SUMMARY for JUL. 2016

NAME: Athelstane Weather   CITY: Athelstane STATE: Wisconsin
ELEV: 812 LAT: 045:23:00 LONG: 0088:07:00

                            TEMPERATURE ( °F), RAIN (in.), WIND SPEED (mph)

                                               HEAT     COOL           AVG
      MEAN                                     DEG      DEG            WIND                       DOM
DAY   TEMP    HIGH   TIME     LOW    TIME      DAYS     DAYS    RAIN   SPEED    HIGH    TIME      DIR
--------------------------------------------------------------------------------------------------------
01    61.3   076.3   15:09    46.6   05:16     03.7     00.0   00.00   02.2     11.5    12:34      E 
02    64.2   082.0   14:15    44.1   05:55     00.7     00.0   00.00   01.4     09.2    07:31      SE
03    67.5   084.2   13:43    48.7   04:51     00.0     02.6   00.00   01.1     08.1    17:01     ESE
04    66.1   080.6   17:45    47.8   05:51     00.0     01.2   00.00   01.4     10.3    13:31     ESE
05    74.5   089.6   17:45    57.2   05:54     00.0     09.5   00.00   01.8     11.5    12:18     SSW
06    76.7   084.2   12:00    64.4   06:26     00.0     11.7   00.16   01.8     04.6    11:38      SW
07    68.2   082.4   00:10    62.1   05:57     00.0     03.3   00.00   00.4     05.8    15:39      E 
08    66.8   079.2   10:33    59.0   00:00     00.0     01.9   00.16   01.4     21.9    13:13     ESE
09    68.1   081.9   14:35    55.6   00:00     00.0     03.2   00.00   01.5     10.3    10:55      E 
10    62.8   074.5   11:41    48.4   05:25     02.2     00.0   00.02   00.8     06.9    10:59      E 
11    71.6   086.4   16:52    61.7   03:39     00.0     06.7   00.00   01.3     09.2    18:51      E 
12    76.5   088.0   16:24    65.3   00:00     00.0     11.6   00.00   01.3     13.8    13:01      W 
13    76.1   089.6   16:03    60.8   05:37     00.0     11.2   00.00   03.3     17.3    16:00      SW
14    68.0   078.8   14:24    60.8   00:00     00.0     03.1   00.01   02.6     14.9    07:58     SSW
15    62.9   074.7   15:26    51.1   00:00     02.0     00.0   00.00   01.0     10.3    09:18      E 
16    65.8   081.5   17:07    51.1   10:31     00.0     00.8   00.00   01.1     09.2    17:13     ESE
17    67.0   081.1   17:34    55.9   04:04     00.0     02.0   00.58   01.1     12.7    21:20     ESE
18    70.3   084.6   14:10    56.8   06:05     00.0     05.4   00.00   01.7     12.7    13:45     SSW
19    68.3   082.9   16:24    53.6   05:51     00.0     03.4   00.00   01.1     08.1    17:09     ESE
20    74.3   090.0   15:20    55.8   04:32     00.0     09.4   00.00   01.7     12.7    12:24      S 
21    77.5   093.7   15:53    67.5   09:11     00.0     12.5   00.15   02.2     13.8    07:28      SW
22    80.1   096.8   16:21    64.4   00:00     00.0     15.2   00.00   01.5     11.5    15:42     WSW
23    74.7   089.6   17:27    60.8   06:23     00.0     09.7   00.05   00.8     06.9    11:59      E 
24    75.0   088.2   17:39    65.8   00:00     00.0     10.1   00.11   01.3     12.7    18:10     SSW
25    73.8   088.2   16:50    60.8   00:00     00.0     08.8   00.00   02.0     11.5    13:49     WSW
26    75.8   092.5   16:59    56.7   05:54     00.0     10.8   00.00   01.8     11.5    18:47     WSW
27    70.7   081.1   14:45    61.7   00:00     00.0     05.8   00.21   00.8     11.5    10:33     ESE
28    66.4   078.3   12:21    58.1   23:22     00.0     01.5   00.11   00.3     06.9    13:19      E 
29    66.5   081.9   14:56    52.0   05:06     00.0     01.6   00.00   01.1     08.1    16:19     ESE
30    66.2   082.0   13:56    51.1   05:40     00.0     01.2   00.00   01.1     10.3    15:07     ESE
31    66.3   085.1   15:41    49.3   05:56     00.0     01.3   00.00   00.9     08.1    16:12     ESE
--------------------------------------------------------------------------------------------------------
70.0 (70.4)   96.8  day 22     44.1  day 02   008.6    165.5   01.56   01.4     21.9   day 01      SE
Max >=  86: 11
Min  .008in) 7 (> .08in) 0 (> 0.8in)