NOAA-Style Climate Reports


Report for 2016 June

Daily NOAA report



                            MONTHLY CLIMATOLOGICAL SUMMARY for JUN. 2016

NAME: Athelstane Weather   CITY: Athelstane STATE: Wisconsin
ELEV: 812 LAT: 045:23:00 LONG: 0088:07:00

                            TEMPERATURE ( °F), RAIN (in.), WIND SPEED (mph)

                                               HEAT     COOL           AVG
      MEAN                                     DEG      DEG            WIND                       DOM
DAY   TEMP    HIGH   TIME     LOW    TIME      DAYS     DAYS    RAIN   SPEED    HIGH    TIME      DIR
--------------------------------------------------------------------------------------------------------
01    64.4   079.0   17:00    52.9   23:26     00.6     00.0   00.33   01.0     13.8    18:45      SE
02    61.0   075.4   15:00    45.3   04:54     03.9     00.0   00.00   01.8     11.5    11:59      SW
03    62.0   079.3   14:49    43.9   06:08     02.9     00.0   00.61   01.6     11.5    12:24      E 
04    59.3   069.3   16:19    53.8   05:49     05.6     00.0   00.58   00.7     09.2    17:59     ESE
05    60.5   077.2   15:32    50.5   23:01     04.5     00.0   00.03   02.9     20.7    17:14      SW
06    56.6   069.4   11:13    47.5   03:51     08.3     00.0   00.07   03.0     14.9    18:18      E 
07    54.4   065.8   14:53    42.4   00:00     10.6     00.0   00.00   02.5     13.8    07:45      E 
08    55.4   073.0   16:26    36.3   05:29     09.5     00.0   00.00   01.7     11.5    17:14     ESE
09    62.3   079.2   14:50    46.8   02:41     02.6     00.0   00.00   01.3     10.3    17:51     ESE
10    63.8   082.2   16:34    45.5   04:43     01.1     00.0   00.33   01.5     14.9    17:55     ESE
11    75.5   091.8   14:40    53.8   00:00     00.0     10.6   00.01   02.6     16.1    13:44     WSW
12    62.6   079.2   14:54    44.1   05:17     02.3     00.0   00.00   01.3     08.1    10:57      E 
13    58.0   065.5   17:10    48.7   06:10     07.0     00.0   00.41   00.8     06.9    05:36      E 
14    63.1   072.1   13:15    56.3   06:04     01.9     00.0   00.00   01.3     08.1    17:31      E 
15    59.1   063.3   17:23    55.9   00:00     05.9     00.0   00.96   00.4     05.8    10:43      E 
16    62.7   078.4   14:47    52.7   07:10     02.2     00.0   00.00   01.3     09.2    15:30      E 
17    69.9   088.5   15:51    48.2   05:33     00.0     05.0   00.00   00.8     08.1    15:17      SE
18    74.8   090.0   16:37    55.9   05:12     00.0     09.9   00.00   01.5     09.2    14:09      S 
19    76.5   090.0   14:44    59.9   05:47     00.0     11.6   00.00   02.6     13.8    19:39      S 
20    74.6   082.9   13:02    53.8   00:00     00.0     09.7   00.00   04.4     20.7    10:46      W 
21    65.8   082.2   16:01    50.4   04:53     00.0     00.8   00.00   02.4     17.3    13:46      S 
22    63.7   079.7   14:54    45.7   05:20     01.2     00.0   00.00   01.4     08.1    17:32      E 
23    66.2   083.5   16:06    51.6   00:00     00.0     01.2   00.00   01.0     06.9    14:32      E 
24    68.3   086.5   13:53    45.9   05:39     00.0     03.4   00.00   01.4     10.3    18:08      SE
25    71.3   088.0   15:46    53.2   05:28     00.0     06.3   00.80   03.3     10.3    11:26      SE
26    74.8   087.1   16:49    63.7   23:05     00.0     09.8   01.19   03.4     18.4    12:43     SSW
27    63.8   075.4   11:21    55.6   00:00     01.1     00.0   00.00   02.5     12.7    17:30      E 
28    63.4   078.6   17:42    48.4   00:00     01.5     00.0   00.00   02.1     11.5    11:14     ESE
29    62.2   081.1   14:25    41.5   05:56     02.7     00.0   00.00   01.5     08.1    17:10     ESE
--------------------------------------------------------------------------------------------------------
64.7 (64.5)   91.8  day 11     36.3  day 08   075.5    068.3   05.33   01.9     20.7   day 25     ESE
Max >=  86: 7
Min  .008in) 8 (> .08in) 3 (> 0.8in)