NOAA-Style Climate Reports

Select a Year or Month report
2018: Jan Feb Mar Apr May Jun Jul Aug Sep Oct Nov Dec
2017: Jan Feb Mar Apr May Jun Jul Aug Sep Oct Nov Dec
2016: Jan Feb Mar Apr May Jun Jul Aug Sep Oct Nov Dec
2015: Jan Feb Mar Apr May Jun Jul Aug Sep Oct Nov Dec
2014: Jan Feb Mar Apr May Jun Jul Aug Sep Oct Nov Dec
2013: Jan Feb Mar Apr May Jun Jul Aug Sep Oct Nov Dec
2012: Jan Feb Mar Apr May Jun Jul Aug Sep Oct Nov Dec
2011: Jan Feb Mar Apr May Jun Jul Aug Sep Oct Nov Dec
2010: Jan Feb Mar Apr May Jun Jul Aug Sep Oct Nov Dec
2009: Jan Feb Mar Apr May Jun Jul Aug Sep Oct Nov Dec
2008: Jan Feb Mar Apr May Jun Jul Aug Sep Oct Nov Dec
2007: Jan Feb Mar Apr May Jun Jul Aug Sep Oct Nov Dec
2006: Jan Feb Mar Apr May Jun Jul Aug Sep Oct Nov Dec
2005: Jan Feb Mar Apr May Jun Jul Aug Sep Oct Nov Dec
2004: Jan Feb Mar Apr May Jun Jul Aug Sep Oct Nov Dec
2003: Jan Feb Mar Apr May Jun Jul Aug Sep Oct Nov Dec

Report for 2016 May

Daily NOAA report



                            MONTHLY CLIMATOLOGICAL SUMMARY for MAY. 2016

NAME: Athelstane Weather   CITY: Athelstane STATE: Wisconsin
ELEV: 812 LAT: 045:23:00 LONG: 0088:07:00

                            TEMPERATURE ( °F), RAIN (in.), WIND SPEED (mph)

                                               HEAT     COOL           AVG
      MEAN                                     DEG      DEG            WIND                       DOM
DAY   TEMP    HIGH   TIME     LOW    TIME      DAYS     DAYS    RAIN   SPEED    HIGH    TIME      DIR
--------------------------------------------------------------------------------------------------------
01    49.8   066.7   15:02    35.1   00:00     15.1     00.0   00.00   01.4     13.8    14:50      E 
02    50.1   070.3   13:15    29.7   05:30     14.8     00.0   00.00   00.2     08.1    10:58     ESE
03    49.7   069.3   10:40    31.1   06:09     15.2     00.0   00.05   02.3     19.6    13:21     WSW
04    43.3   054.9   13:03    31.6   00:00     21.7     00.0   00.00   01.0     13.8    14:19      E 
05    50.8   073.9   16:10    27.5   04:39     14.2     00.0   00.00   00.3     08.1    15:56     ESE
06    68.2   092.7   14:34    41.4   05:15     00.0     03.3   00.00   01.7     16.1    21:53     SSE
07    57.9   072.3   14:53    39.4   00:00     07.1     00.0   00.00   01.2     13.8    15:35      E 
08    52.0   072.1   15:16    34.9   05:58     13.0     00.0   00.00   00.7     11.5    19:45      E 
09    47.9   067.1   13:36    27.9   05:10     17.0     00.0   00.00   01.4     12.7    13:54      E 
10    47.3   055.8   17:32    34.7   05:11     17.7     00.0   00.00   00.6     10.3    13:14      E 
11    55.1   067.5   14:35    48.6   06:46     09.8     00.0   00.00   00.3     08.1    15:39      E 
12    59.2   074.1   14:29    51.3   06:40     05.8     00.0   00.03   00.9     12.7    18:47     SSE
13    48.3   056.1   16:49    38.5   05:32     16.6     00.0   00.00   01.5     14.9    09:08     WSW
14    38.9   046.9   12:54    32.0   00:00     26.0     00.0   00.00   02.7     16.1    12:53      N 
15    43.6   059.5   17:39    29.8   03:30     21.3     00.0   00.00   02.9     14.9    17:53     WSW
16    51.4   066.0   14:33    34.2   00:00     13.6     00.0   00.00   02.4     14.9    17:40     SSE
17    47.7   068.9   15:31    26.8   04:39     17.2     00.0   00.00   01.0     10.3    11:29     ESE
18    50.6   072.9   13:41    26.2   05:50     14.3     00.0   00.00   01.2     13.8    17:41     ESE
19    57.5   078.4   16:32    30.0   05:45     07.5     00.0   00.00   01.7     11.5    14:13     ESE
20    60.9   081.5   15:09    37.6   05:48     04.1     00.0   00.00   01.2     12.7    17:22     ESE
21    64.2   087.4   13:44    38.3   05:45     00.8     00.0   00.00   00.7     08.1    13:44      E 
22    63.7   084.9   14:21    42.4   06:01     01.3     00.0   00.00   01.1     10.3    14:51     ESE
23    67.2   089.2   14:57    43.3   05:34     00.0     02.2   00.00   02.2     17.3    13:41     SSE
24    66.8   082.4   17:47    50.7   03:10     00.0     01.8   00.00   00.9     11.5    16:12     ESE
25    63.3   080.8   15:17    54.3   06:20     01.7     00.0   00.25   00.3     09.2    16:10      E 
26    65.9   079.5   17:39    58.1   00:00     00.0     01.0   00.02   00.1     08.1    17:43     ESE
27    63.6   074.1   08:44    51.6   06:08     01.3     00.0   00.21   00.2     08.1    14:46      E 
28    69.6   082.8   18:11    61.2   01:54     00.0     04.7   00.05   00.6     12.7    17:07     ESE
29    65.5   076.6   16:08    54.5   00:00     00.0     00.6   00.28   00.8     11.5    16:46     SSE
30    66.1   084.0   15:52    50.4   06:01     00.0     01.2   00.01   00.5     14.9    15:08     ENE
--------------------------------------------------------------------------------------------------------
56.2 (56.4)   92.7  day 06     26.2  day 18   276.9    014.7   00.91   01.1     19.6   day 15     ESE
Max >=  86: 3
Min  .008in) 3 (> .08in) 0 (> 0.8in)