NOAA-Style Climate Reports

Select a Year or Month report
2018: Jan Feb Mar Apr May Jun Jul Aug Sep Oct Nov Dec
2017: Jan Feb Mar Apr May Jun Jul Aug Sep Oct Nov Dec
2016: Jan Feb Mar Apr May Jun Jul Aug Sep Oct Nov Dec
2015: Jan Feb Mar Apr May Jun Jul Aug Sep Oct Nov Dec
2014: Jan Feb Mar Apr May Jun Jul Aug Sep Oct Nov Dec
2013: Jan Feb Mar Apr May Jun Jul Aug Sep Oct Nov Dec
2012: Jan Feb Mar Apr May Jun Jul Aug Sep Oct Nov Dec
2011: Jan Feb Mar Apr May Jun Jul Aug Sep Oct Nov Dec
2010: Jan Feb Mar Apr May Jun Jul Aug Sep Oct Nov Dec
2009: Jan Feb Mar Apr May Jun Jul Aug Sep Oct Nov Dec
2008: Jan Feb Mar Apr May Jun Jul Aug Sep Oct Nov Dec
2007: Jan Feb Mar Apr May Jun Jul Aug Sep Oct Nov Dec
2006: Jan Feb Mar Apr May Jun Jul Aug Sep Oct Nov Dec
2005: Jan Feb Mar Apr May Jun Jul Aug Sep Oct Nov Dec
2004: Jan Feb Mar Apr May Jun Jul Aug Sep Oct Nov Dec
2003: Jan Feb Mar Apr May Jun Jul Aug Sep Oct Nov Dec

Report for 2016 April

Daily NOAA report



                            MONTHLY CLIMATOLOGICAL SUMMARY for APR. 2016

NAME: Athelstane Weather   CITY: Athelstane STATE: Wisconsin
ELEV: 812 LAT: 045:23:00 LONG: 0088:07:00

                            TEMPERATURE ( °F), RAIN (in.), WIND SPEED (mph)

                                               HEAT     COOL           AVG
      MEAN                                     DEG      DEG            WIND                       DOM
DAY   TEMP    HIGH   TIME     LOW    TIME      DAYS     DAYS    RAIN   SPEED    HIGH    TIME      DIR
--------------------------------------------------------------------------------------------------------
01    32.0   042.3   14:28    24.8   21:28     32.9     00.0   00.04   01.8     18.4    14:37     ENE
02    26.0   036.0   11:09    12.6   00:00     38.9     00.0   00.00   02.0     18.4    16:29      E 
03    24.2   034.0   12:28    11.8   01:07     40.8     00.0   00.00   01.6     11.5    14:59     ESE
04    25.7   035.1   15:24    15.4   00:00     39.3     00.0   00.00   00.9     08.1    13:05     ESE
05    26.6   042.8   15:15    08.8   06:41     38.4     00.0   00.00   02.4     13.8    16:27     ESE
06    33.1   042.4   11:00    27.7   00:07     31.8     00.0   00.52   00.4     06.9    02:52     ESE
07    33.2   043.7   13:37    26.1   21:03     31.8     00.0   00.30   01.3     11.5    16:59     ESE
08    26.4   034.5   12:57    14.5   23:51     38.6     00.0   00.05   00.7     08.1    18:23     ESE
09    25.0   037.4   15:30    11.3   04:55     39.9     00.0   00.05   01.4     09.2    20:18     ESE
10    32.6   041.9   18:14    24.4   01:43     32.3     00.0   00.05   01.3     10.3    09:55      E 
11    33.7   039.7   10:13    27.1   05:27     31.3     00.0   00.00   03.4     18.4    15:48      W 
12    35.8   047.8   16:55    26.8   02:02     29.2     00.0   00.00   00.5     08.1    14:26      E 
13    34.0   043.9   17:07    27.0   23:28     30.9     00.0   00.27   00.1     06.9    16:56      E 
14    43.0   062.1   14:42    27.4   00:01     22.0     00.0   00.00   00.9     10.3    18:23     ESE
15    48.0   068.5   14:40    26.4   06:40     16.9     00.0   00.00   00.9     10.3    16:43     ESE
16    53.4   077.9   14:37    27.9   05:53     11.5     00.0   00.00   00.6     09.2    17:52     ESE
17    59.6   084.2   14:08    32.9   05:56     05.4     00.0   00.00   00.5     09.2    17:42      SE
18    61.5   080.1   11:42    41.9   00:00     03.4     00.0   00.00   00.3     08.1    13:04      E 
19    49.0   066.4   13:35    35.8   05:36     16.0     00.0   00.00   00.6     11.5    14:02      E 
20    49.7   067.1   13:17    33.8   03:23     15.3     00.0   00.00   00.7     12.7    13:22      E 
21    55.2   073.9   15:18    43.0   00:00     09.7     00.0   00.01   00.1     06.9    18:07      E 
22    44.9   059.5   15:35    31.1   00:00     20.1     00.0   00.01   00.3     09.2    15:49      E 
23    42.7   061.3   14:26    23.2   06:06     22.2     00.0   00.00   00.5     11.5    18:32     ESE
24    38.9   043.7   09:33    36.7   21:07     26.1     00.0   00.82   00.1     06.9    17:01     ESE
25    37.8   040.1   12:24    34.9   00:00     27.1     00.0   00.71   01.0     16.1    17:02     ESE
26    41.5   058.5   15:22    28.9   00:00     23.5     00.0   00.01   00.5     10.3    15:49     ESE
27    42.4   059.5   15:04    24.6   03:56     22.5     00.0   00.00   01.1     10.3    16:30      E 
28    42.7   054.1   15:23    34.9   05:37     22.3     00.0   00.00   01.5     10.3    12:06      E 
29    47.1   063.1   15:22    32.5   00:00     17.8     00.0   00.00   01.3     10.3    16:33      E 
--------------------------------------------------------------------------------------------------------
39.5 (39.9)   84.2  day 17     08.8  day 05   737.5    000.0   02.85   01.0     18.4   day 25     ESE
Min  .08in) 1 (> 0.8in)