NOAA-Style Climate Reports


Report for 2016 March

Daily NOAA report



                            MONTHLY CLIMATOLOGICAL SUMMARY for MAR. 2016

NAME: Athelstane Weather   CITY: Athelstane STATE: Wisconsin
ELEV: 812 LAT: 045:23:00 LONG: 0088:07:00

                            TEMPERATURE ( °F), RAIN (in.), WIND SPEED (mph)

                                               HEAT     COOL           AVG
      MEAN                                     DEG      DEG            WIND                       DOM
DAY   TEMP    HIGH   TIME     LOW    TIME      DAYS     DAYS    RAIN   SPEED    HIGH    TIME      DIR
--------------------------------------------------------------------------------------------------------
01    13.2   024.0   15:53   -00.8   00:00     51.8     00.0   00.00   01.0     08.1    15:37      E 
02    12.3   031.1   14:04   -05.6   04:21     52.7     00.0   00.00   01.2     11.5    14:06      S 
03    18.2   034.3   15:33   -01.5   06:49     46.8     00.0   00.00   00.8     10.3    14:05      SW
04    23.5   038.3   14:45    03.7   06:49     41.4     00.0   00.00   01.4     12.7    13:39      E 
05    31.2   038.0   13:14    28.2   06:53     33.7     00.0   00.05   00.2     05.8    23:42      E 
06    36.1   046.5   13:36    28.8   03:47     28.8     00.0   00.10   03.5     13.8    16:02     ESE
07    41.8   059.1   14:38    26.2   05:28     23.1     00.0   00.00   00.5     06.9    16:08      E 
08    46.0   060.8   15:33    36.0   06:41     18.9     00.0   00.26   00.4     10.3    15:21      E 
09    44.2   050.4   10:10    34.5   00:00     20.7     00.0   00.04   00.7     11.5    09:13     ESE
10    35.3   046.9   17:15    24.8   00:00     29.7     00.0   00.01   00.7     08.1    14:25      E 
11    32.1   043.7   16:24    19.9   04:01     32.8     00.0   00.00   00.9     09.2    16:41      E 
12    48.4   069.2   15:45    31.1   02:55     16.6     00.0   00.00   00.8     11.5    09:56     ESE
13    41.2   049.7   14:59    35.4   03:04     23.7     00.0   00.04   00.7     10.3    12:02     ESE
14    42.9   057.5   14:42    35.4   07:36     22.0     00.0   00.09   00.3     05.8    17:57     ESE
15    43.1   053.2   12:23    37.4   00:51     21.8     00.0   00.08   01.1     11.5    15:40      E 
16    38.0   043.0   13:25    33.3   00:00     26.9     00.0   01.97   05.0     21.9    20:46      SW
17    34.2   042.4   13:48    26.6   21:39     30.8     00.0   00.00   03.7     18.4    02:40      W 
18    31.6   041.9   14:35    20.8   23:42     33.3     00.0   00.00   01.0     08.1    13:37      E 
19    28.0   044.4   13:51    14.7   06:44     36.9     00.0   00.00   01.1     09.2    13:07     ESE
20    28.6   046.9   14:28    14.7   05:57     36.3     00.0   00.00   01.4     11.5    14:17      E 
21    32.8   047.2   14:31    19.2   03:52     32.1     00.0   00.00   01.4     11.5    12:31     SSE
22    34.2   040.9   10:18    30.0   00:00     30.7     00.0   00.00   00.7     08.1    14:42     ESE
23    30.8   039.1   13:11    23.9   00:00     34.1     00.0   00.00   01.2     12.7    14:54      E 
24    27.3   032.0   15:03    23.5   00:00     37.7     00.0   00.00   00.0     00.0    00:00      E 
25    29.2   045.7   13:57    07.2   07:36     35.7     00.0   00.06   00.8     10.3    16:04      E 
26    35.3   053.0   13:52    21.6   03:58     29.7     00.0   00.06   00.4     09.2    13:05      E 
27    37.7   043.9   12:46    32.2   07:03     27.2     00.0   00.09   00.0     05.8    21:24      E 
28    41.4   055.6   15:45    30.7   00:00     23.5     00.0   00.00   01.1     12.7    11:18      E 
29    39.0   055.2   15:54    22.1   05:55     25.9     00.0   00.00   00.7     10.3    14:09      E 
30    41.3   045.1   02:56    35.6   00:20     23.6     00.0   00.17   00.1     06.9    02:23      E 
31    36.5   039.7   13:37    29.1   23:39     28.4     00.0   00.47   00.4     11.5    17:10      E 
--------------------------------------------------------------------------------------------------------
34.1 (34.5)   69.2  day 12    -05.6  day 02   957.3    000.0   03.49   01.1     21.9   day 16     ESE
Max