NOAA-Style Climate Reports


Report for 2016 February

Daily NOAA report



                            MONTHLY CLIMATOLOGICAL SUMMARY for FEB. 2016

NAME: Athelstane Weather   CITY: Athelstane STATE: Wisconsin
ELEV: 812 LAT: 045:23:00 LONG: 0088:07:00

                            TEMPERATURE ( °F), RAIN (in.), WIND SPEED (mph)

                                               HEAT     COOL           AVG
      MEAN                                     DEG      DEG            WIND                       DOM
DAY   TEMP    HIGH   TIME     LOW    TIME      DAYS     DAYS    RAIN   SPEED    HIGH    TIME      DIR
--------------------------------------------------------------------------------------------------------
01    29.5   038.5   15:15    22.6   03:16     35.5     00.0   00.00   00.4     06.9    10:23      E 
02    25.1   032.7   11:53    15.4   05:59     39.8     00.0   00.00   00.6     10.3    14:42      E 
03    27.0   035.2   12:25    20.1   18:57     38.0     00.0   00.00   00.0     00.0    00:00      E 
04    21.2   032.7   13:47    10.4   00:00     43.8     00.0   00.00   00.0     00.0    00:00      E 
05    19.9   034.5   15:52    04.6   07:27     45.0     00.0   00.01   00.0     00.0    00:00     ENE
06    27.0   032.2   15:38    22.9   00:01     37.9     00.0   00.00   02.7     09.2    10:17      E 
07    32.6   037.6   15:54    27.7   04:14     32.3     00.0   00.19   01.7     11.5    12:05     ESE
08    25.5   033.3   00:05    13.1   00:00     39.4     00.0   00.00   01.2     10.3    13:12      E 
09    13.0   019.2   13:07    08.1   00:00     51.9     00.0   00.00   02.8     16.1    19:15      E 
10    08.1   017.1   13:38    01.2   06:21     56.8     00.0   00.00   02.3     14.9    10:31      N 
11    09.8   022.9   15:05   -06.2   07:36     55.1     00.0   00.00   01.9     11.5    13:21     WSW
12    06.4   015.3   12:17   -06.2   00:00     58.5     00.0   00.00   03.7     19.6    13:10      W 
13   -00.3   017.6   15:26   -12.8   00:00     65.2     00.0   00.00   01.5     10.3    10:40     WNW
14    03.3   022.5   13:02   -21.5   07:21     61.6     00.0   00.00   01.2     13.8    15:02      E 
15    20.5   026.8   13:44    11.7   07:09     44.4     00.0   00.00   01.2     06.9    15:31      E 
16    25.6   036.6   12:31    18.3   00:00     39.4     00.0   00.02   01.3     11.5    18:59      E 
17    14.3   028.6   14:20    01.2   00:00     50.7     00.0   00.00   00.8     08.1    09:44      SE
18    18.3   034.2   12:53   -06.9   05:34     46.6     00.0   00.00   02.4     17.3    19:05     ESE
19    37.7   043.9   10:30    31.1   06:56     27.2     00.0   00.06   04.0     19.6    21:48      S 
20    39.4   048.0   12:50    31.3   00:00     25.5     00.0   00.00   02.8     13.8    13:13      W 
21    29.5   032.5   15:00    24.6   00:00     35.5     00.0   00.00   00.5     04.6    18:40     ESE
22    24.6   031.6   11:26    13.8   00:00     40.4     00.0   00.00   00.4     05.8    13:07     ESE
23    25.1   036.5   13:01    11.8   04:41     39.8     00.0   00.07   00.9     10.3    13:50      E 
24    32.8   038.7   09:49    29.1   06:02     32.2     00.0   00.00   01.7     11.5    22:07      E 
25    26.9   032.9   13:32    17.7   00:00     38.0     00.0   00.00   03.4     17.3    16:14      E 
26    24.9   036.0   14:31    13.8   02:49     40.1     00.0   00.00   02.8     12.7    15:41     SSW
27    37.9   057.6   14:52    24.3   03:37     27.1     00.0   00.00   03.3     14.9    15:36     SSW
28    30.4   036.9   11:37    24.3   22:43     34.6     00.0   00.00   00.6     10.3    23:42      E 
--------------------------------------------------------------------------------------------------------
22.7 (22.5)   57.6  day 27    -21.5  day 14   1182.3    000.0   00.35   01.6     19.6   day 12      E 
Max