NOAA-Style Climate Reports


Report for 2015 December

Daily NOAA report



                            MONTHLY CLIMATOLOGICAL SUMMARY for DEC. 2015

NAME: Athelstane Weather   CITY: Athelstane STATE: Wisconsin
ELEV: 812 LAT: 045:23:00 LONG: 0088:07:00

                            TEMPERATURE ( °F), RAIN (in.), WIND SPEED (mph)

                                               HEAT     COOL           AVG
      MEAN                                     DEG      DEG            WIND                       DOM
DAY   TEMP    HIGH   TIME     LOW    TIME      DAYS     DAYS    RAIN   SPEED    HIGH    TIME      DIR
--------------------------------------------------------------------------------------------------------
01    35.3   039.2   14:07    28.8   00:00     29.6     00.0   00.47   01.1     09.2    04:27     ESE
02    30.6   039.6   15:30    24.1   08:05     34.4     00.0   00.01   00.4     05.8    15:10     ESE
03    34.0   040.1   15:13    27.7   22:11     31.0     00.0   00.00   02.1     11.5    11:27     ESE
04    31.3   050.2   14:59    19.8   08:04     33.7     00.0   00.00   00.5     06.9    14:17      E 
05    34.4   045.1   14:17    27.9   06:05     30.6     00.0   00.00   01.8     11.5    12:16      E 
06    31.5   042.8   14:03    25.3   22:38     33.4     00.0   00.00   00.4     04.6    13:18      E 
07    30.8   034.0   00:00    27.3   06:40     34.1     00.0   00.02   00.7     06.9    12:47      E 
08    35.8   039.4   14:35    33.6   07:56     29.2     00.0   00.01   01.0     09.2    03:01      E 
09    39.2   046.8   15:05    36.9   00:00     25.7     00.0   00.00   01.6     10.3    12:39      SE
10    42.0   050.5   13:41    36.9   08:42     23.0     00.0   00.10   02.0     13.8    21:10     SSE
11    38.4   041.7   13:21    36.9   00:00     26.6     00.0   00.02   02.5     14.9    02:47     WSW
12    36.8   040.8   13:15    32.9   01:54     28.1     00.0   00.00   00.3     04.6    15:04     ESE
13    41.6   044.2   19:43    36.9   01:41     23.3     00.0   00.98   00.5     09.2    08:41      E 
14    38.2   041.7   00:06    32.7   00:00     26.8     00.0   01.36   02.1     11.5    21:00      E 
15    31.9   034.0   16:05    30.0   23:49     33.0     00.0   00.00   00.9     09.2    00:25     ENE
16    36.9   041.9   16:33    30.2   00:19     28.1     00.0   00.58   04.0     19.6    17:13     ESE
17    27.3   033.4   00:24    21.0   22:00     37.6     00.0   00.00   05.3     20.7    12:44     WSW
18    19.8   024.1   04:54    14.5   00:00     45.2     00.0   00.00   04.8     13.8    22:36     WSW
19    18.1   025.7   15:05    11.3   08:22     46.9     00.0   00.00   02.9     13.8    02:04     WSW
20    26.1   036.9   15:55    14.9   02:17     38.9     00.0   00.00   00.3     05.8    12:49      E 
21    31.9   034.0   14:31    28.8   00:00     33.0     00.0   00.00   00.6     06.9    13:56      E 
22    30.8   034.0   00:00    28.6   08:02     34.2     00.0   00.00   00.5     06.9    23:10     ESE
23    40.4   046.8   00:00    34.0   08:19     24.6     00.0   00.38   01.5     11.5    15:33     ESE
24    30.5   046.8   00:09    27.1   00:00     34.5     00.0   00.03   06.0     24.1    03:36     WSW
25    25.6   030.7   15:12    17.4   22:03     39.4     00.0   00.00   01.4     09.2    13:13     WSW
26    27.8   032.7   12:16    19.9   00:22     37.2     00.0   00.00   00.8     06.9    15:08     ESE
27    26.3   032.2   13:39    12.7   00:00     38.7     00.0   00.00   01.4     10.3    11:59      E 
28    18.6   021.2   15:59    12.6   00:07     46.3     00.0   00.00   01.9     10.3    19:25      E 
29    22.2   030.1   13:46    15.4   00:03     42.7     00.0   00.00   01.0     06.9    08:45      E 
30    21.9   030.7   12:43    12.7   04:10     43.0     00.0   00.00   00.2     04.6    14:38      E 
31    21.6   025.7   10:35    12.9   19:43     43.4     00.0   00.00   02.5     13.8    15:31      SE
--------------------------------------------------------------------------------------------------------
30.9 (31.1)   50.5  day 10     11.3  day 19   1055.8    000.0   03.96   01.7     24.2   day 24      SE
Max