NOAA-Style Climate Reports


Report for 2015 September
                  MONTHLY CLIMATOLOGICAL SUMMARY FOR 9/2015
                                        HEAT  COOL        
     MEAN                               DEG   DEG       WIND SPEED       DOM MEAN  MEAN
DAY  TEMP  HIGH   TIME     LOW   TIME   DAYS  DAYS RAIN AVG  HI  TIME    DIR BAROM HUM
---------------------------------------------------------------------------------------
1    73.7  89.4   3:16pm  61.9  12:40am    1    9  0.00   1  19   1:49pm WSW 29.94   77
2    71.9  87.1   1:54pm  64.9   5:37am    0    7  0.83   0  11   2:04pm WNW 29.93   84
3    69.5  81.3   4:56pm  62.4  11:46pm    0    5  0.04   0  10   1:26pm WNW 29.93   90
4    69.4  83.5   2:58pm  58.1   6:01am    2    6  0.00   1  11   1:36pm ESE 30.02   78
5    70.2  84.7   4:45pm  58.3   4:39am    2    7  0.00   1  13  11:18am WSW 30.03   84
6    74.8  86.5  12:17pm  65.7   3:00am    0   10  0.08   2  21   8:43pm WSW 29.91   84
7    73.3  86.9   3:35pm  65.5   6:39am    0    8  0.63   1  15  12:30am   W 29.91   85
8    67.6  74.7   5:41pm  61.3  11:30pm    0    3  1.14   0  10  11:55am ESE 29.84   94
9    62.9  77.9   3:26pm  47.1   6:38am    5    3  0.00   2  21   1:50pm   W 29.92   66
10   61.1  74.7   4:25pm  47.3  11:59pm    5    1  0.12   1  18   3:00pm WNW 29.90   70
11   50.3  62.1   2:53pm  38.8  11:31pm   15    0  0.00   1  16  10:54am WNW 30.04   73
12   50.3  65.3   4:03pm  37.8   2:29am   15    0  0.00   1  11   4:01pm   W 30.05   70
13   53.4  73.2   3:36pm  34.9   6:23am   13    2  0.00   2  21   4:36pm WSW 29.92   65
14   61.7  81.9   4:03pm  44.8   5:31am    7    4  0.00   2  20  11:46am WSW 29.90   69
15   68.8  85.5   3:16pm  54.5   4:32am    3    7  0.00   2  20   1:49pm WSW 30.04   70
16   70.6  83.7   3:30pm  61.2   2:20am    1    7  0.00   2  24  10:34am WSW 30.01   65
17   67.5  79.0  12:28pm  58.5   6:56am    2    4  0.47   1  19   9:51am WSW 29.84   86
18   66.5  74.7   2:03pm  58.5  11:49pm    1    3  0.00   1  14   8:20am WNW 29.81   77
19   57.9  70.7   3:43pm  45.5  11:56pm    8    1  0.04   2  22   1:10pm WNW 29.92   67
20   56.1  73.0   4:18pm  44.1   2:51am   10    2  0.00   1  21   2:30pm WSW 30.10   66
21   57.2  75.2   4:08pm  38.8   6:56am   10    2  0.00   2  20  12:28pm WSW 30.06   64
22   61.4  75.6   1:49pm  47.3   6:46am    6    2  0.00   1  16  10:53am WSW 30.11   73
23   60.1  70.7   4:00pm  52.9  11:31pm    5    1  0.00   1  14   4:02pm ESE 30.27   74
24   60.3  71.2   3:32pm  50.2   5:12am    6    1  0.00   0   9  12:50pm   E 30.29   81
25   64.1  77.9   3:19pm  55.9  11:47pm    4    3  0.00   0  11   1:46pm ESE 30.30   77
26   62.7  75.6   4:16pm  53.8  11:47pm    5    2  0.00   1  13   2:04pm   E 30.26   79
27   61.5  78.6   3:50pm  48.0   6:05am    6    3  0.00   1  17   1:03pm WSW 30.02   77
28   62.0  70.9   1:23pm  56.8  12:14am    4    1  0.08   1  16   2:19pm WSW 29.92   91
29   50.7  61.9   4:20pm  33.8  11:53pm   14    0  0.00   1  17  12:45pm  NW 30.13   72
30   44.6  62.8   4:09pm  31.3   2:23am   20    0  0.00   1  14  12:23pm ESE 30.31   64
---------------------------------------------------------------------------------------
TOT  62.7  89.4   9/1/15  31.3  9/30/15  170  102  3.43   1  24  9/16/15   W 30.02   76

HEAT BASE: 65.0
COOL BASE: 65.0