NOAA-Style Climate Reports


Report for 2015 September

Daily NOAA report



                            MONTHLY CLIMATOLOGICAL SUMMARY for SEP. 2015

NAME: Athelstane Weather   CITY: Athelstane STATE: Wisconsin
ELEV: 812 LAT: 045:23:00 LONG: 0088:07:00

                            TEMPERATURE ( °F), RAIN (in.), WIND SPEED (mph)

                                               HEAT     COOL           AVG
      MEAN                                     DEG      DEG            WIND                       DOM
DAY   TEMP    HIGH   TIME     LOW    TIME      DAYS     DAYS    RAIN   SPEED    HIGH    TIME      DIR
--------------------------------------------------------------------------------------------------------
01    73.5   089.0   14:06    61.5   01:11     00.0     08.6   00.01   01.2     11.5    13:51     SSE
02    71.8   087.8   13:57    64.4   06:46     00.0     06.9   01.35   00.6     06.9    14:51      E 
03    69.3   081.3   16:55    61.3   00:00     00.0     04.3   00.10   00.4     06.9    13:33      E 
04    69.1   084.0   15:00    56.8   06:21     00.0     04.2   00.00   00.9     06.9    17:06      E 
05    69.9   083.7   16:53    57.7   04:50     00.0     05.0   00.03   00.8     06.9    15:28     ESE
06    74.8   086.8   12:16    65.1   06:31     00.0     09.8   00.21   01.5     13.8    14:11      S 
07    73.4   086.6   15:28    65.1   07:00     00.0     08.4   00.50   00.9     08.1    00:32     ESE
08    67.4   073.2   17:47    60.6   23:53     00.0     02.5   01.29   00.5     05.8    14:52     ESE
09    62.6   077.8   14:33    46.0   07:11     02.4     00.0   00.00   01.6     12.7    13:52      S 
10    60.4   073.4   16:29    45.9   00:00     04.6     00.0   00.26   01.0     10.3    15:02     ESE
11    49.6   061.7   14:53    37.6   00:00     15.4     00.0   00.00   00.9     08.1    16:17      E 
12    49.7   065.1   13:02    36.7   01:34     15.3     00.0   00.00   01.0     06.9    13:03      E 
13    53.1   072.5   16:34    33.8   06:59     11.8     00.0   00.00   01.3     12.7    16:37     ESE
14    61.4   080.5   15:43    44.2   05:28     03.5     00.0   00.00   01.5     10.3    14:14     ESE
15    68.6   084.9   14:41    53.8   04:45     00.0     03.6   00.00   01.7     11.5    11:21      SE
16    70.3   083.2   15:27    59.9   02:39     00.0     05.3   00.00   02.2     13.8    15:04     SSE
17    67.3   079.0   12:31    58.1   07:05     00.0     02.4   00.58   01.0     11.5    14:12     ESE
18    66.2   075.3   13:55    57.6   00:00     00.0     01.3   00.01   01.1     06.9    10:56     ESE
19    57.3   069.3   15:42    43.9   00:00     07.6     00.0   00.12   01.8     14.9    13:11     ESE
20    55.6   072.5   13:32    42.8   03:14     09.4     00.0   00.00   01.1     12.7    14:32     ESE
21    56.6   074.7   14:57    37.9   07:16     08.3     00.0   00.00   01.6     11.5    14:14     ESE
22    61.0   076.5   13:54    46.0   07:09     04.0     00.0   00.00   00.9     08.1    12:06     ESE
23    59.7   070.4   15:59    51.6   23:49     05.2     00.0   00.00   00.6     06.9    16:04      E 
24    59.9   071.5   12:47    49.1   05:39     05.0     00.0   00.00   00.3     04.6    14:07     ESE
25    63.8   078.1   15:14    54.3   00:00     01.1     00.0   00.00   00.6     06.9    13:48     ESE
26    62.3   076.2   14:36    52.9   00:00     02.6     00.0   00.00   00.8     09.2    16:06     ESE
27    61.1   077.8   15:57    47.5   06:23     03.8     00.0   00.00   01.2     09.2    14:41     ESE
28    61.5   071.1   13:47    56.7   00:19     03.4     00.0   00.15   01.1     12.7    14:25     ESE
29    50.1   060.4   15:24    32.4   00:00     14.8     00.0   00.00   01.0     10.3    12:47     ESE
30    44.0   062.5   14:37    29.7   05:53     21.0     00.0   00.00   00.8     08.1    12:33     ESE
--------------------------------------------------------------------------------------------------------
62.4 (63.3)   89.0  day 01     29.7  day 30   139.2    062.3   04.61   01.1     15.0   day 19     ESE
Max >=  86: 4
Min  .008in) 9 (> .08in) 2 (> 0.8in)