NOAA-Style Climate Reports


Report for 2015 August
                  MONTHLY CLIMATOLOGICAL SUMMARY FOR 8/2015
                                        HEAT  COOL        
     MEAN                               DEG   DEG       WIND SPEED       DOM MEAN  MEAN
DAY  TEMP  HIGH   TIME     LOW   TIME   DAYS  DAYS RAIN AVG  HI  TIME    DIR BAROM HUM
---------------------------------------------------------------------------------------
1    69.1  83.5   3:39pm  54.0   5:27am    3    7  0.00   3  24   3:13pm   W 29.84   54
2    65.2  73.9  11:15am  57.6  11:59pm    2    2  0.51   1  27   1:19pm   W 29.64   82
3    65.7  76.8   1:00pm  56.7  12:34am    3    4  0.00   3  24   4:03pm   W 29.76   62
4    64.7  78.8   4:33pm  52.5   5:39am    4    4  0.00   2  24  11:02am WNW 29.90   64
5    62.8  77.2   4:52pm  47.1   5:54am    6    4  0.00   1  11   2:54pm ESE 30.05   62
6    64.1  78.6  12:48pm  48.6   5:55am    5    4  0.00   1  13   2:32pm   E 29.98   65
7    62.2  67.1   3:19pm  58.8   7:40am    3    0  0.20   1  14   4:47pm   E 29.89   91
8    65.5  74.8   5:01pm  60.1  11:59pm    2    2  0.00   0   9   4:47pm ESE 29.96   89
9    67.2  80.1   2:28pm  55.4   5:48am    3    5  0.08   1  10   2:14pm   E 29.94   84
10   71.8  84.6   4:11pm  59.4  11:51pm    0    7  0.00   1  15   1:27pm WNW 29.88   72
11   67.6  80.8   4:35pm  55.0  11:59pm    3    6  0.00   2  18  11:08am WNW 30.04   63
12   68.3  85.6   5:17pm  49.1   5:46am    4    8  0.00   2  21   6:13pm   W 30.08   65
13   76.3  86.9   1:36pm  65.7   3:47am    0   11  0.00   3  20  10:35am   W 29.91   67
14   77.4  93.9   1:12pm  64.0  11:55pm    0   12  0.00   2  23   5:05pm   W 29.99   71
15   74.7  90.7   3:18pm  58.8   6:28am    1   11  0.00   0  12   2:04pm   E 30.06   66
16   77.3  91.4   1:52pm  63.7   3:36am    0   12  0.00   3  26   2:15pm WSW 29.93   68
17   67.6  74.3   1:19am  64.2   5:50am    0    3  0.16   0  13   2:49am   W 29.96   89
18   64.1  66.7   6:02pm  61.7   6:26am    1    0  0.28   0  10  11:39pm ESE 29.85   94
19   65.6  76.6  12:19pm  59.5  11:30pm    1    2  0.00   2  29   1:16pm WSW 29.55   86
20   59.9  65.5   3:15pm  51.3  11:32pm    5    0  0.51   3  29  12:48pm   W 29.68   79
21   63.3  79.0   3:51pm  44.4   6:19am    6    4  0.00   1  16   1:25pm WSW 29.97   69
22   69.9  82.6   3:11pm  58.6   6:38am    1    6  0.00   3  27   1:39pm WSW 29.96   64
23   63.7  68.2   1:55pm  58.3   8:52pm    2    1  0.51   4  30   6:43pm WSW 29.74   72
24   56.3  59.9   1:10am  52.9   7:02am    9    0  0.00   5  29   9:11am   W 29.76   68
25   56.0  61.3   1:36pm  50.9   1:26am    9    0  0.00   2  18  11:38am   W 29.94   76
26   60.4  75.4   4:15pm  51.1   6:00am    6    2  0.00   1  14  11:01am   W 30.09   70
27   60.3  76.5   3:54pm  45.7   4:42am    7    3  0.00   1  21   3:33pm   W 30.10   72
28   64.6  74.5   1:19pm  53.2   2:55am    3    3  0.00   2  24  11:48pm WSW 30.04   80
29   64.2  75.7   5:23pm  54.5   6:26am    3    2  0.00   1  18  12:00am WSW 30.04   77
30   65.4  81.1   4:10pm  51.1   6:20am    4    5  0.00   2  19   1:37pm WSW 29.98   77
31   69.1  84.2   3:53pm  57.6   5:34am    2    6  0.00   1  17   5:05pm WSW 29.95   79
---------------------------------------------------------------------------------------
TOT  66.1  93.9  8/14/15  44.4  8/21/15  100  134  2.24   2  30  8/23/15   W 29.92   73

HEAT BASE: 65.0
COOL BASE: 65.0