NOAA-Style Climate Reports


Report for 2015 July
                  MONTHLY CLIMATOLOGICAL SUMMARY FOR 7/2015
                                        HEAT  COOL        
     MEAN                               DEG   DEG       WIND SPEED       DOM MEAN  MEAN
DAY  TEMP  HIGH   TIME     LOW   TIME   DAYS  DAYS RAIN AVG  HI  TIME    DIR BAROM HUM
---------------------------------------------------------------------------------------
1    57.1  74.7   3:44pm  38.3   5:06am   10    2  0.00   1  15  10:30am ESE 29.95   63
2    60.6  77.4   3:13pm  40.3   5:54am    8    4  0.00   1  16   3:15pm WSW 30.01   57
3    64.1  76.6   5:05pm  50.5   5:37am    5    4  0.00   2  19   3:04pm WSW 29.90   63
4    69.4  83.1   2:20pm  55.8   5:39am    2    7  0.00   1  16   2:00pm   E 29.93   70
5    71.3  85.1   3:21pm  55.8   5:20am    2    9  0.00   2  21  12:17pm WSW 29.96   67
6    66.9  74.1   4:55pm  58.3   9:12pm    1    3  0.91   1  16   6:53pm WSW 29.83   90
7    60.5  72.7   5:01pm  48.9  11:55pm    6    1  0.00   2  18  10:21am WNW 30.00   69
8    59.8  74.8   2:57pm  41.4   5:22am    8    3  0.00   1  16  12:19pm WSW 30.06   62
9    66.2  82.4   4:55pm  49.6   2:58am    5    6  0.00   1  16   3:09pm   W 29.96   61
10   71.2  87.6   3:44pm  54.3   5:41am    3    9  0.00   1  17  12:09pm WSW 30.02   61
11   72.4  85.8   3:03pm  57.6   4:32am    2    9  0.00   1  17   4:52pm WSW 30.04   63
12   71.9  82.8   1:23pm  57.2   5:17am    1    8  0.00   1  13   9:45am WSW 29.94   71
13   71.6  85.5   4:29pm  65.3   6:40am    0    7  0.55   1  16   3:11pm   W 29.62   79
14   65.2  74.7   4:11pm  48.4  11:56pm    2    2  0.08   2  20   2:18pm WNW 29.72   76
15   61.0  77.7   4:41pm  43.7   5:32am    8    3  0.00   1  13   3:10pm   E 30.01   63
16   64.2  79.3   2:32pm  48.4   5:25am    5    4  0.00   2  14   1:40pm   E 29.92   69
17   72.5  88.2   5:20pm  61.7   1:10am    1    8  0.35   2  19   4:59pm   W 29.71   75
18   74.4  91.0   3:59pm  60.8   5:13am    1   10  0.12   2  22   3:31pm WSW 29.74   73
19   72.8  83.7   5:06pm  60.4   5:50am    0    7  0.00   4  25   4:39pm   W 29.78   60
20   72.5  86.0   4:28pm  56.7  11:54pm    1    8  0.00   3  26  12:43pm   W 29.68   58
21   65.9  81.0   4:53pm  52.2   5:33am    4    5  0.00   2  21   3:25pm WNW 29.83   55
22   68.1  86.9   4:39pm  50.4   3:21am    5    8  0.00   1  16   3:12pm   W 29.92   58
23   72.7  89.2   5:24pm  55.6   4:38am    2   10  0.00   1  16   4:05pm WSW 29.93   62
24   72.6  86.2   3:39pm  58.5   5:34am    1    9  0.00   2  21   2:22pm WSW 29.89   68
25   75.0  91.2   5:17pm  62.6  11:57pm    0   10  0.35   1  17   1:41am WNW 29.88   65
26   73.6  90.7   3:38pm  57.9   5:42am    2   10  0.00   2  19  11:33am WSW 29.93   63
27   75.7  91.9   3:10pm  59.2   5:47am    1   12  0.00   1  12   3:36pm   E 29.99   60
28   72.8  86.9   4:36pm  56.5   6:07am    2   10  0.00   1  18  11:36am WSW 29.93   66
29   75.1  86.5   3:21pm  67.6  12:16am    0   10  0.00   4  32   3:38pm   W 29.81   53
30   71.1  86.4   3:05pm  61.0  10:57pm    1    7  0.00   4  27  10:43am   W 29.88   58
31   68.6  80.8   3:50pm  57.6   5:05am    2    6  0.00   3  25  11:01am   W 29.86   61
---------------------------------------------------------------------------------------
TOT  68.9  91.9  7/27/15  38.3   7/1/15   90  210  2.36   2  32  7/29/15   W 29.89   65

HEAT BASE: 65.0
COOL BASE: 65.0