NOAA-Style Climate Reports


Report for 2015 June
                  MONTHLY CLIMATOLOGICAL SUMMARY FOR 6/2015
                                        HEAT  COOL        
     MEAN                               DEG   DEG       WIND SPEED       DOM MEAN  MEAN
DAY  TEMP  HIGH   TIME     LOW   TIME   DAYS  DAYS RAIN AVG  HI  TIME    DIR BAROM HUM
---------------------------------------------------------------------------------------
1    51.7  69.1   3:25pm  32.2   5:35am   14    1  0.00   2  15   6:40pm   E 30.26   49
2    54.5  74.7   4:39pm  30.4   4:56am   13    2  0.00   2  24   1:14pm WSW 30.11   50
3    60.4  77.2   1:51pm  40.5   5:23am    8    4  0.00   2  23  12:08pm WSW 29.97   53
4    59.2  68.5   6:28pm  54.5   4:50am    6    0  0.43   0  10   5:29pm   W 29.93   86
5    60.4  72.9   4:28pm  42.8  11:57pm    6    2  0.00   1  14  11:13am   E 30.14   68
6    56.0  72.9   2:36pm  36.1   4:45am   11    2  0.00   2  16   2:16pm   E 30.11   60
7    63.2  81.3   4:50pm  53.4   3:48am    5    3  0.63   2  20   4:40pm WSW 29.65   76
8    61.8  75.9  12:57pm  52.2   5:47am    4    1  0.47   1  22   1:04pm WNW 29.63   84
9    66.5  83.3   4:20pm  47.7   5:22am    5    6  0.00   1  14   4:03pm WSW 29.68   69
10   68.4  79.2   3:20pm  53.1  11:57pm    2    5  0.00   3  24   9:27am WNW 29.66   58
11   54.9  60.4   9:56am  48.4   3:32am   10    0  0.12   0  13  12:12pm WSW 29.92   86
12   62.7  78.8   5:14pm  52.0  12:00am    6    3  0.00   1  14   3:26pm ESE 29.92   74
13   57.0  63.1  11:11am  48.9   4:02am    7    0  0.20   1  12   1:54pm ESE 29.96   86
14   67.0  82.8   6:10pm  59.2  12:00am    2    4  0.00   1  15   4:53pm WSW 29.87   84
15   63.2  74.3  10:59am  54.3   4:58am    3    1  0.47   0  13   1:17pm WNW 29.91   89
16   61.0  75.2   4:42pm  47.3   5:34am    6    2  0.00   1  19  11:18am WNW 30.11   67
17   64.4  78.8   4:43pm  53.6   5:30am    4    3  0.00   1  13  11:18am   E 30.01   62
18   65.1  80.2  12:13pm  45.5  11:59pm    4    4  0.00   1  16   8:51am  NW 29.93   61
19   57.8  73.0   3:17pm  37.0   5:15am    9    2  0.00   1  14   3:25pm ESE 30.08   55
20   56.7  67.1   6:25pm  45.0   5:30am    8    0  0.00   0  16   7:48am WSW 29.82   79
21   65.6  82.9   5:19pm  52.2   4:52am    4    5  0.00   2  17   1:02pm WNW 29.84   70
22   64.9  81.3   5:30pm  52.9   3:41am    4    4  0.12   3  35   8:33pm WSW 29.73   81
23   68.4  82.2   4:58pm  56.7  11:57pm    2    6  0.00   4  21   2:16am WNW 29.94   52
24   66.4  86.2   3:39pm  52.2   5:21am    4    5  0.04   2  21   2:51pm WSW 30.04   65
25   65.3  74.8   4:55pm  57.2  11:58pm    3    3  0.00   1  14   9:40am ESE 30.00   77
26   65.2  78.1   3:05pm  52.5   5:39am    4    5  0.00   1  12  11:54am ESE 30.06   68
27   65.7  83.8   4:57pm  46.9   4:57am    6    7  0.00   1  12  12:22pm ESE 30.00   57
28   66.5  82.4  12:50pm  52.2   1:44am    4    6  0.00   2  19   1:20pm WSW 29.83   55
29   63.6  80.2  12:15pm  51.1   3:47am    5    3  0.71   1  15  10:39am WSW 29.76   75
30   59.3  66.9  11:46am  45.7  11:28pm    6    0  0.00   2  19   1:11pm  NW 29.84   79
---------------------------------------------------------------------------------------
TOT  62.1  86.2  6/24/15  30.4   6/2/15  176   89  3.19   1  35  6/22/15   W 29.92   69

HEAT BASE: 65.0
COOL BASE: 65.0