NOAA-Style Climate Reports


Report for 2015 May
                  MONTHLY CLIMATOLOGICAL SUMMARY FOR 5/2015
                                        HEAT  COOL        
     MEAN                               DEG   DEG       WIND SPEED       DOM MEAN  MEAN
DAY  TEMP  HIGH   TIME     LOW   TIME   DAYS  DAYS RAIN AVG  HI  TIME    DIR BAROM HUM
---------------------------------------------------------------------------------------
1    53.4  74.7   3:50pm  29.5   5:44am   14    2  0.00   3  20   1:20pm WSW 30.04   48
2    60.9  79.5   2:03pm  39.6   3:54am    9    5  0.00   4  25   2:29pm WSW 29.89   43
3    66.4  82.9   3:58pm  50.2   1:27am    5    6  0.55   5  34   8:39pm WSW 29.79   51
4    60.6  73.8   2:48pm  42.4  11:58pm    6    2  0.00   2  16   8:30am   E 30.04   57
5    53.4  70.3   2:20pm  33.8   5:55am   13    1  0.00   2  16  12:07pm   E 30.25   46
6    56.4  72.0   2:48pm  43.9   2:04am   10    1  0.00   1  15   3:02pm   E 30.14   56
7    67.4  86.0   3:42pm  44.8   5:34am    6    8  0.00   4  33   4:26pm WSW 29.90   54
8    68.9  79.3   1:23pm  52.9  11:53pm    2    5  0.00   6  25  10:19am WSW 29.84   57
9    53.8  67.3   4:26pm  40.1  11:58pm   11    0  0.00   1  14   4:31pm   E 30.09   57
10   47.1  56.1   3:22pm  33.8   2:53am   17    0  0.00   2  16   2:48pm   E 30.10   71
11   49.0  57.4   7:07pm  44.6   7:28am   16    0  0.28   2  23  10:14pm   E 29.76   92
12   46.5  54.3   2:23pm  35.6  11:55pm   19    0  0.04   5  24   2:25pm WSW 29.92   68
13   46.4  63.9   3:03pm  28.8   4:31am   19    0  0.00   2  16   6:42pm ESE 30.38   53
14   48.8  64.6   2:46pm  30.6   4:25am   16    0  0.00   2  16   2:37pm   E 30.24   52
15   53.1  64.0   3:20pm  45.0   2:23am   12    0  0.16   0  11  12:27pm   E 29.94   80
16   59.1  72.7   5:00pm  50.4   6:18am    7    1  0.00   1  14   2:39pm   E 30.00   78
17   61.3  68.9   5:44pm  51.8  12:10am    4    1  0.00   2  22   2:46pm   E 29.84   87
18   58.6  67.6   1:09am  43.5  11:36pm    7    0  0.00   7  36   3:36pm WSW 29.84   58
19   41.7  53.8   4:17pm  29.1  11:54pm   23    0  0.00   4  26   7:59am WNW 30.15   56
20   48.5  66.7   1:25pm  25.3   3:44am   17    0  0.00   3  21   2:07pm   W 30.11   48
21   56.0  74.7   1:30pm  37.2  11:58pm   10    1  0.00   4  27  11:54am   W 29.93   42
22   49.9  73.2   3:26pm  28.8   5:10am   15    1  0.00   2  17  10:43am WSW 30.16   47
23   60.6  81.1   2:26pm  31.1   4:26am   10    5  0.00   3  21   4:06pm WSW 30.18   41
24   63.0  77.0  11:45am  55.0   3:33am    5    3  0.43   1  23   2:37pm WSW 30.06   61
25   61.8  75.7   5:52pm  55.2   7:13am    5    2  1.02   2  19   4:23pm WSW 29.75   87
26   64.3  76.5  12:43pm  55.6   5:39am    3    2  0.51   1  16   8:01am   E 29.75   88
27   62.7  79.7   4:02pm  55.4   7:22am    4    2  0.31   2  21   4:26pm   W 29.80   84
28   67.3  84.2   4:17pm  48.7   5:17am    5    7  0.04   2  17   3:53pm   E 30.06   72
29   66.0  79.9   4:26pm  57.6   5:30am    2    3  0.75   2  21  12:59pm WSW 29.91   77
30   52.7  61.3  12:00am  37.0  11:54pm   12    0  0.12   2  18   2:58pm   E 30.11   71
31   50.6  67.1   3:56pm  34.2   4:35am   14    0  0.00   2  19  12:59pm ESE 30.27   53
---------------------------------------------------------------------------------------
TOT  56.6  86.0   5/7/15  25.3  5/20/15  315   59  4.21   3  36  5/18/15 WSW 30.01   62

HEAT BASE: 65.0
COOL BASE: 65.0