NOAA-Style Climate Reports


Report for 2015 April

Daily NOAA report



                            MONTHLY CLIMATOLOGICAL SUMMARY for APR. 2015

NAME: Athelstane Weather   CITY: Athelstane STATE: Wisconsin
ELEV: 812 LAT: 045:23:00 LONG: 0088:07:00

                            TEMPERATURE ( °F), RAIN (in.), WIND SPEED (mph)

                                               HEAT     COOL           AVG
      MEAN                                     DEG      DEG            WIND                       DOM
DAY   TEMP    HIGH   TIME     LOW    TIME      DAYS     DAYS    RAIN   SPEED    HIGH    TIME      DIR
--------------------------------------------------------------------------------------------------------
01    38.2   057.6   15:43    22.1   06:52     26.7     00.0   00.00   01.4     12.7    15:06     SSE
02    52.5   066.7   16:34    36.9   03:34     12.4     00.0   00.00   03.6     23.0    17:30      W 
03    36.4   051.3   00:01    18.0   00:00     28.5     00.0   00.00   02.7     14.9    05:31     NNW
04    30.9   049.6   16:42    15.1   08:33     34.0     00.0   00.00   01.8     14.9    17:23     NNE
05    33.0   047.7   14:08    23.0   07:23     31.9     00.0   00.00   01.7     09.2    16:37     ENE
06    32.2   039.3   12:42    27.0   07:29     32.8     00.0   00.26   00.3     04.6    15:55     ENE
07    36.9   045.1   14:19    29.5   07:20     28.1     00.0   00.08   02.3     11.5    15:59     ENE
08    37.4   045.9   16:32    32.2   05:58     27.5     00.0   00.00   02.5     12.7    17:59      E 
09    34.8   037.2   18:16    32.7   07:18     30.1     00.0   01.53   02.1     09.2    15:19      E 
10    38.1   050.0   18:02    29.7   00:00     26.8     00.0   00.57   02.8     14.9    14:22     NNE
11    45.2   067.6   17:37    23.9   06:53     19.8     00.0   00.00   02.3     13.8    14:28      SW
12    55.2   074.1   16:53    33.8   02:07     09.7     00.0   00.00   04.0     21.9    12:10      S 
13    52.5   065.4   14:28    36.7   00:00     12.4     00.0   00.11   04.0     21.9    13:26      W 
14    48.7   072.8   17:20    25.3   06:42     16.2     00.0   00.00   02.2     17.3    15:14     ESE
15    46.9   067.1   14:11    24.8   06:48     18.1     00.0   00.00   01.9     11.5    16:03      E 
16    48.9   072.9   17:10    24.3   06:37     16.0     00.0   00.00   01.6     08.1    18:07      E 
17    55.9   076.8   14:35    37.6   01:59     09.0     00.0   00.00   01.5     12.7    15:32      E 
18    50.7   067.5   15:53    35.8   01:53     14.3     00.0   00.00   02.2     12.7    01:55      E 
19    45.6   060.6   16:19    31.8   05:23     19.3     00.0   00.00   01.8     12.7    10:04      E 
20    39.7   044.2   10:38    36.9   23:39     25.2     00.0   00.69   03.3     13.8    19:31     WSW
21    37.3   046.7   13:21    30.4   00:00     27.6     00.0   00.02   04.8     17.3    13:24     WSW
22    30.9   036.1   13:05    26.6   05:56     34.0     00.0   00.00   03.3     19.6    13:09      NW
23    37.7   054.8   16:43    24.1   00:00     27.2     00.0   00.00   03.0     16.1    14:18      NE
24    37.4   056.8   14:07    17.8   06:00     27.6     00.0   00.00   01.6     10.3    16:46      E 
25    43.9   060.3   15:45    30.9   00:00     21.1     00.0   00.00   01.8     11.5    16:12     ESE
26    46.3   067.7   14:41    25.5   04:32     18.7     00.0   00.00   01.7     11.5    13:27      E 
27    51.0   073.2   15:35    30.9   06:01     13.9     00.0   00.00   02.0     11.5    09:51      E 
28    50.6   077.4   14:46    27.1   06:23     14.3     00.0   00.00   01.7     12.7    16:35      E 
29    51.7   070.2   13:51    34.2   02:27     13.3     00.0   00.00   02.1     13.8    11:00     ESE
30    50.5   069.9   16:58    34.2   05:25     14.4     00.0   00.00   02.2     12.7    12:24     ESE
--------------------------------------------------------------------------------------------------------
43.2 (43.9)   77.4  day 28     15.1  day 04   651.0    000.0   03.27   02.3     23.0   day 21      E 
Min  .08in) 1 (> 0.8in)