NOAA-Style Climate Reports


Report for 2015 April
                  MONTHLY CLIMATOLOGICAL SUMMARY FOR 4/2015
                                        HEAT  COOL        
     MEAN                               DEG   DEG       WIND SPEED       DOM MEAN  MEAN
DAY  TEMP  HIGH   TIME     LOW   TIME   DAYS  DAYS RAIN AVG  HI  TIME    DIR BAROM HUM
---------------------------------------------------------------------------------------
1    38.2  57.6   3:38pm  22.1   6:14am   27    0  0.00   2  19   2:32pm   E 29.87   61
2    52.5  66.7   4:29pm  36.9   3:32am   13    0  0.00   5  34   5:29pm WSW 29.58   48
3    36.6  51.3  12:00am  19.2  11:56pm   28    0  0.00   4  23   5:30am  NW 29.93   44
4    32.6  49.3   4:41pm  15.1   3:39am   32    0  0.00   3  25   3:35pm WSW 30.04   44
5    32.8  46.4   3:05pm  20.5   5:55am   31    0  0.00   2  12   3:06pm   E 30.05   50
6    31.5  35.8   5:09pm  27.1   6:56am   33    0  0.12   0   9   1:12pm   E 30.11   76
7    36.5  43.7   4:12pm  30.0   6:25am   29    0  0.00   2  16   3:55pm   E 30.23   49
8    37.5  45.0   3:46pm  32.9   5:38am   28    0  0.00   3  16   5:57pm   E 30.06   52
9    35.3  37.6   4:38pm  33.3   5:51am   30    0  1.18   1  16   3:54pm   E 29.73   87
10   38.1  48.7   5:04pm  30.2  11:51pm   27    0  0.59   4  25  11:22am  NW 29.71   79
11   44.5  66.4   3:54pm  23.9   6:18am   20    0  0.00   3  24   2:27pm WSW 30.05   53
12   54.7  73.9   4:00pm  32.5   1:47am   12    2  0.00   5  40  12:08pm WSW 29.90   46
13   52.5  64.6   2:26pm  35.2  11:58pm   12    0  0.12   5  32   1:24pm WSW 29.83   50
14   48.0  70.0   4:22pm  24.8   6:18am   18    1  0.00   3  30   3:13pm WSW 30.17   40
15   46.6  65.3   2:13pm  25.5   5:52am   18    0  0.00   2  16   4:01pm   E 30.28   37
16   49.0  72.9   4:37pm  25.5   5:44am   17    1  0.00   2  16   1:50pm WSW 30.07   42
17   55.5  74.3   2:35pm  37.6   1:24am   12    2  0.00   2  17   3:31pm   E 29.98   52
18   50.3  65.3   3:22pm  35.6   1:48am   15    0  0.00   2  17   1:53am   E 30.10   46
19   45.8  58.8   4:33pm  33.3   4:36am   18    0  0.00   2  16  10:02am   E 29.78   47
20   40.2  44.1  10:33am  37.6   7:44pm   25    0  0.43   4  24   7:29pm WSW 29.27   78
21   37.7  46.2   1:18pm  31.1  11:42pm   27    0  0.00   7  29   1:23pm WSW 29.40   64
22   31.3  35.6   1:01pm  27.3   5:21am   31    0  0.00   5  27   8:41am WNW 29.66   59
23   37.9  52.7   3:32pm  25.0  11:58pm   27    0  0.00   4  27   2:16pm WNW 29.92   45
24   37.4  55.8   2:17pm  19.0   5:42am   28    0  0.00   2  16   2:39pm   E 30.01   46
25   43.6  57.7   3:53pm  32.5  11:55pm   21    0  0.00   2  17   3:18pm   E 29.91   42
26   45.8  64.2   2:39pm  25.9   4:34am   18    0  0.00   2  17   1:09pm   E 30.01   40
27   49.5  69.6   4:23pm  30.4   5:20am   16    1  0.00   2  17  11:32am   E 30.08   44
28   49.1  72.1   3:37pm  27.5   5:38am   17    1  0.00   2  15   4:34pm   E 30.06   50
29   50.7  65.5   3:38pm  34.3   2:11am   14    0  0.00   2  20  10:58am   E 29.94   47
30   49.1  66.2   5:47pm  35.4   5:23am   15    0  0.00   2  21  12:24pm   E 29.99   51
---------------------------------------------------------------------------------------
TOT  43.0  74.3  4/17/15  15.1   4/4/15  659    7  2.44   3  40  4/12/15 WSW 29.93   52

HEAT BASE: 65.0
COOL BASE: 65.0