NOAA-Style Climate Reports


Report for 2015 March
                  MONTHLY CLIMATOLOGICAL SUMMARY FOR 3/2015
                                        HEAT  COOL        
     MEAN                               DEG   DEG       WIND SPEED       DOM MEAN  MEAN
DAY  TEMP  HIGH   TIME     LOW   TIME   DAYS  DAYS RAIN AVG  HI  TIME    DIR BAROM HUM
---------------------------------------------------------------------------------------
1    15.2  28.6   1:37pm  -0.2   5:58am   48    0  0.00   5  27   4:41pm WSW 30.15   50
2    18.8  34.2   2:51pm   0.3   6:45am   46    0  0.00   3  16   1:59pm WSW 30.28   51
3    23.7  30.6   3:50pm  18.3  11:55pm   41    0  0.00   4  29   9:35pm WSW 29.73   63
4     6.4  18.3  12:00am -13.5  11:56pm   57    0  0.00   6  29  10:49am   W 30.01   46
5     2.9  20.7   2:51pm -15.3   2:39am   62    0  0.00   4  19   1:30pm WSW 30.34   40
6    14.2  35.1   3:41pm  -6.3   2:26am   51    0  0.00   5  27  11:57am WSW 30.06   44
7    22.9  39.9   3:03pm   3.9   4:45am   40    0  0.00   2  24  11:17am WSW 29.91   56
8    28.2  45.9   1:29pm  10.0   5:35am   34    0  0.00   4  30   1:56pm WSW 29.96   56
9    35.9  52.0   4:13pm  18.1   7:37am   29    0  0.00   4  23   4:03pm WSW 29.95   60
10   45.4  61.9   4:09pm  32.7   6:28am   20    0  0.00   5  31   5:26pm WSW 29.83   52
11   39.1  56.3   3:15pm  24.8   7:32am   26    0  0.00   2  21   3:54pm  NW 30.20   46
12   37.8  51.1   4:35pm  26.2   7:24am   26    0  0.00   2  17   3:18pm   E 30.37   49
13   44.1  60.8   4:09pm  32.5   1:13am   21    0  0.00   2  24  10:51pm WSW 30.00   60
14   39.4  44.1  11:36am  26.4  11:52pm   26    0  0.00   4  25  12:10pm WNW 29.97   63
15   37.4  57.7   3:01pm  21.2   6:32am   28    0  0.00   2  19   4:07pm WSW 29.99   64
16   44.3  58.8  12:23pm  36.3  11:57pm   21    0  0.08   1  16  11:27pm   W 29.85   70
17   32.8  42.3   4:32pm  24.6  11:05pm   32    0  0.00   5  37  12:51pm  NW 30.21   44
18   32.9  50.0   3:38pm  18.3   7:00am   32    0  0.00   2  20  11:15am WSW 30.21   42
19   31.1  41.5   5:50pm  18.7   7:10am   34    0  0.00   2  13   8:58am WSW 30.18   51
20   42.6  53.4   2:32pm  31.3  12:32am   22    0  0.00   3  18   2:23pm WSW 29.90   49
21   33.5  42.3  12:16am  21.6  11:59pm   32    0  0.00   4  25   3:34pm  NW 30.08   49
22   26.3  41.9   4:39pm  14.4   4:31am   36    0  0.00   1  17   1:32pm   E 30.26   44
23   26.6  38.1   4:44pm  17.6  11:55pm   38    0  0.00   2  14   2:25pm   E 30.29   47
24   27.6  45.9   3:46pm   9.5   6:49am   37    0  0.00   2  17   1:53pm   E 30.19   47
25   32.8  37.8   7:10pm  27.1   3:18am   32    0  0.24   5  28  11:58pm WSW 29.78   69
26   28.8  36.3  12:00am  12.2  11:54pm   36    0  0.00   5  24  12:00am  NW 29.94   54
27   19.5  34.5   4:46pm   8.4   6:41am   45    0  0.00   2  17  10:23am  NW 30.15   47
28   24.1  44.4   5:01pm   0.7   6:52am   41    0  0.00   3  19   2:53pm WSW 30.17   43
29   34.2  38.5   9:14pm  28.9  12:55am   21    0  0.16   7  32   8:13pm WSW 29.63   81
30   43.2  57.0   2:24pm  33.6   4:39am   22    0  0.00   5  24   7:47am WSW 29.81   50
31   39.6  59.5   4:14pm  25.7   4:35am   25    0  0.00   3  24   4:23pm WSW 29.84   53
---------------------------------------------------------------------------------------
TOT  30.1  61.9  3/10/15 -15.3   3/5/15 1061    0  0.47   3  37  3/17/15 WSW 30.04   53

HEAT BASE: 65.0
COOL BASE: 65.0