NOAA-Style Climate Reports

Select a Year or Month report
2018: Jan Feb Mar Apr May Jun Jul Aug Sep Oct Nov Dec
2017: Jan Feb Mar Apr May Jun Jul Aug Sep Oct Nov Dec
2016: Jan Feb Mar Apr May Jun Jul Aug Sep Oct Nov Dec
2015: Jan Feb Mar Apr May Jun Jul Aug Sep Oct Nov Dec
2014: Jan Feb Mar Apr May Jun Jul Aug Sep Oct Nov Dec
2013: Jan Feb Mar Apr May Jun Jul Aug Sep Oct Nov Dec
2012: Jan Feb Mar Apr May Jun Jul Aug Sep Oct Nov Dec
2011: Jan Feb Mar Apr May Jun Jul Aug Sep Oct Nov Dec
2010: Jan Feb Mar Apr May Jun Jul Aug Sep Oct Nov Dec
2009: Jan Feb Mar Apr May Jun Jul Aug Sep Oct Nov Dec
2008: Jan Feb Mar Apr May Jun Jul Aug Sep Oct Nov Dec
2007: Jan Feb Mar Apr May Jun Jul Aug Sep Oct Nov Dec
2006: Jan Feb Mar Apr May Jun Jul Aug Sep Oct Nov Dec
2005: Jan Feb Mar Apr May Jun Jul Aug Sep Oct Nov Dec
2004: Jan Feb Mar Apr May Jun Jul Aug Sep Oct Nov Dec
2003: Jan Feb Mar Apr May Jun Jul Aug Sep Oct Nov Dec

Report for 2015 March

Daily NOAA report



                            MONTHLY CLIMATOLOGICAL SUMMARY for MAR. 2015

NAME: Athelstane Weather   CITY: Athelstane STATE: Wisconsin
ELEV: 812 LAT: 045:23:00 LONG: 0088:07:00

                            TEMPERATURE ( °F), RAIN (in.), WIND SPEED (mph)

                                               HEAT     COOL           AVG
      MEAN                                     DEG      DEG            WIND                       DOM
DAY   TEMP    HIGH   TIME     LOW    TIME      DAYS     DAYS    RAIN   SPEED    HIGH    TIME      DIR
--------------------------------------------------------------------------------------------------------
01    15.1   028.5   13:39   -00.2   06:02     49.8     00.0   00.00   03.2     18.4    16:42     WSW
02    18.8   034.2   14:55    00.3   07:10     46.1     00.0   00.00   01.9     11.5    14:00     WSW
03    23.7   030.6   15:56    18.3   00:00     41.2     00.0   00.00   02.5     19.6    21:36      W 
04    06.5   018.3   00:02   -13.5   00:00     58.4     00.0   00.00   04.2     19.6    10:51     WNW
05    02.9   020.7   14:53   -15.3   03:00     62.1     00.0   00.00   02.9     12.7    14:52     WSW
06    14.2   035.1   15:48   -06.3   02:31     50.7     00.0   00.00   03.6     17.3    12:21     WSW
07    23.2   039.9   15:05    03.9   05:03     41.7     00.0   00.00   01.6     16.1    11:18     WNW
08    28.1   045.9   13:32    10.0   06:56     36.8     00.0   00.00   02.5     19.6    13:56      W 
09    35.9   052.0   16:17    18.1   07:45     29.0     00.0   00.00   02.5     14.9    16:04     WSW
10    45.4   061.9   16:40    32.7   06:39     19.5     00.0   00.00   03.6     20.7    17:27     WSW
11    39.1   056.3   15:22    24.8   07:34     25.8     00.0   00.00   01.4     13.8    15:56     WNW
12    37.9   051.1   16:39    26.2   07:28     27.0     00.0   00.00   01.7     11.5    15:19     SSE
13    44.1   060.8   16:12    32.5   01:20     20.9     00.0   00.00   01.5     16.1    22:52     WSW
14    39.4   044.1   11:39    26.4   00:00     25.6     00.0   00.00   03.1     17.3    12:11      NW
15    37.4   057.7   15:09    21.2   07:29     27.5     00.0   00.00   01.5     12.7    16:08      SW
16    44.3   058.8   12:27    36.3   00:00     20.7     00.0   00.08   00.4     11.5    23:31      NW
17    32.8   042.2   16:33    24.6   23:14     32.2     00.0   00.00   03.2     25.3    12:52      NW
18    32.9   050.0   15:40    18.3   07:37     32.1     00.0   00.00   01.7     13.8    11:16      NW
19    31.2   041.5   17:55    18.7   07:12     33.8     00.0   00.00   01.2     09.2    08:59     SSW
20    42.6   053.4   15:47    31.3   00:53     22.3     00.0   00.00   02.3     11.5    16:59      W 
21    33.5   042.2   00:17    21.7   00:00     31.4     00.0   00.00   02.6     17.3    15:36      NW
22    26.3   041.9   16:42    14.4   04:49     38.7     00.0   00.00   00.8     11.5    13:13     NNW
23    26.6   038.1   16:45    17.6   00:00     38.3     00.0   00.00   01.3     09.2    15:57      E 
24    27.6   045.9   15:53    09.5   07:06     37.3     00.0   00.00   01.6     11.5    15:47      SE
25    32.8   037.8   19:52    27.1   03:53     32.1     00.0   00.16   03.7     18.4    00:00     WSW
26    28.8   036.3   00:03    12.2   00:00     36.1     00.0   00.00   03.7     14.9    08:38      NW
27    19.5   034.5   16:57    08.4   07:12     45.4     00.0   00.00   01.4     11.5    14:31      N 
28    24.0   044.3   17:03    00.7   07:08     40.9     00.0   00.00   02.1     12.7    14:54      SW
29    34.3   038.5   21:47    28.9   01:00     30.7     00.0   00.16   04.9     20.7    20:14     WSW
30    43.2   057.0   14:37    33.6   04:46     21.8     00.0   00.00   03.4     16.1    09:13     WNW
31    39.7   059.5   16:37    25.7   05:00     25.2     00.0   00.00   01.8     16.1    17:08     WSW
--------------------------------------------------------------------------------------------------------
30.1 (30.1)   61.9  day 10    -15.3  day 05   1081.2    000.0   00.39   02.4     25.3   day 17      W 
Max