NOAA-Style Climate Reports


Report for 2015 February
                  MONTHLY CLIMATOLOGICAL SUMMARY FOR 2/2015
                                        HEAT  COOL        
     MEAN                               DEG   DEG       WIND SPEED       DOM MEAN  MEAN
DAY  TEMP  HIGH   TIME     LOW   TIME   DAYS  DAYS RAIN AVG  HI  TIME    DIR BAROM HUM
---------------------------------------------------------------------------------------
1     9.9  13.1   2:06pm   6.6  11:57pm   52    0  0.00   2  13  11:04am   E 30.17   26
2     8.3  18.9   2:34pm  -1.8   6:09am   57    0  0.00   4  19  12:28pm WSW 30.04   25
3    12.7  22.6   1:15pm  -0.9   7:43am   50    0  0.00   3  15  12:36pm WSW 29.97   49
4     8.8  17.4  12:25pm  -4.9   9:04pm   55    0  0.00   3  28  11:52am WNW 30.10   53
5     5.6  16.7   3:17pm -12.1   7:17am   59    0  0.00   6  30   4:40pm WSW 30.15   45
6    18.1  26.4   3:05pm   8.2   1:56am   46    0  0.00   2  12  12:14am WSW 29.99   52
7    22.5  25.7   2:48pm  19.2   7:03am   42    0  0.00   1  13  11:24am   E 29.75   75
8    18.2  20.7  12:00am  12.0  11:58pm   45    0  0.00   0  10   3:13pm   E 29.88   83
9    13.8  28.8   3:05pm   3.2   5:21am   51    0  0.00   1  11   2:58pm  NW 30.20   71
10   20.0  25.5   3:19pm   6.6  12:00am   45    0  0.00   1  13   9:05pm   E 30.14   72
11   20.1  29.8  11:07am   5.0  11:59pm   45    0  0.00   5  28   4:55pm WSW 29.92   69
12    3.4  15.1   3:06pm -13.2  11:55pm   62    0  0.00   3  24  12:36pm  NW 30.33   48
13    6.8  16.7   3:32pm -14.1  12:29am   58    0  0.00   4  20   9:42am WSW 29.96   52
14    1.4  12.7  12:00am  -6.9  11:31pm   64    0  0.00   5  32   9:19am  NW 30.12   56
15   -0.3  10.0   2:48pm -12.6   7:09am   65    0  0.00   1  15   4:16pm WSW 30.47   56
16    9.1  16.9  12:45pm   1.6   5:25am   56    0  0.00   3  20   2:48pm WSW 30.07   52
17    6.5  12.9   1:53pm  -3.8   6:48am   58    0  0.00   3  21  12:09pm   W 29.80   49
18   -3.9   4.1   2:54pm -18.0  10:45pm   69    0  0.00   3  30   9:52am  NW 29.95   49
19   -9.3   8.4   3:22pm -20.9  11:58pm   74    0  0.00   2  19   9:55am WNW 30.22    7
20   -1.2  44.6  10:54am -24.7   3:16am   66    0  0.00   3  22  11:41am WSW 29.97    5
21   16.6  28.6  12:31pm   1.9  11:58pm   48    0  0.00   2  17   9:18am  NW 29.91   37
22   -2.2   8.4   2:46pm -18.8  11:54pm   65    0  0.00   3  21  10:38am WNW 30.37   25
23   -4.0  13.1   3:02pm -25.8   6:39am   69    0  0.00   5  27   2:35pm WSW 30.35    5
24   16.2  32.5   2:40pm  -1.3  11:56pm   49    0  0.00   7  32   3:13pm WSW 29.58   36
25    1.0  18.7   2:42pm -16.1   6:30am   64    0  0.00   1  16   9:27am  NW 29.97   48
26   -3.2  16.0   2:53pm -18.0   6:38am   68    0  0.00   1  17  12:20pm  NW 30.26   43
27    2.7  24.4   3:16pm -18.6   6:35am   61    0  0.00   4  17   9:42am WSW 30.40   42
28    6.7  25.2   3:32pm -14.4   6:40am   58    0  0.00   3  22   2:35pm WSW 30.44   42
---------------------------------------------------------------------------------------
TOT   7.3  44.6  2/20/15 -25.8  2/23/15 1603    0  0.00   3  32  2/14/15 WSW 30.09   45

HEAT BASE: 65.0
COOL BASE: 65.0