NOAA-Style Climate Reports


Report for 2015 January
                  MONTHLY CLIMATOLOGICAL SUMMARY FOR 1/2015
                                        HEAT  COOL        
     MEAN                               DEG   DEG       WIND SPEED       DOM MEAN  MEAN
DAY  TEMP  HIGH   TIME     LOW   TIME   DAYS  DAYS RAIN AVG  HI  TIME    DIR BAROM HUM
---------------------------------------------------------------------------------------
1    14.8  25.3   1:18pm   1.9  11:58pm   50    0  0.00   5  23   1:24pm WSW 29.82   62
2     8.1  19.9   3:20pm  -6.5   7:08am   57    0  0.00   1  16   2:06pm WSW 30.16   56
3    21.6  27.3   2:41pm   8.4  12:00am   43    0  0.00   0   8  11:48pm  NW 29.90   74
4     7.7  27.1  12:00am -10.8  11:59pm   56    0  0.00   5  23   6:14am  NW 30.01   35
5    -7.4   3.0   2:51pm -15.9   7:20am   72    0  0.00   7  21  10:05am WSW 30.32    5
6    -0.9  10.9  12:39pm -15.2   7:18am   66    0  0.00   5  25   1:35pm WSW 30.11    5
7    -3.1   3.0  12:00am  -6.9   5:58am   68    0  0.00   6  33  10:40am WSW 30.45    5
8    -0.5   6.1  11:21pm  -5.6   1:10am   66    0  0.00   6  25  12:20pm WSW 29.86    5
9    -0.5   5.5  12:00am  -8.3  11:37pm   66    0  0.00   8  27  12:12pm WSW 29.99    5
10    1.7  14.5   2:36pm -15.3   4:33am   63    0  0.00   4  21   1:37pm WSW 30.09   10
11   13.2  20.3   2:10pm   6.8   6:09am   50    0  0.00   1  12  12:08pm WNW 30.15   36
12    2.0  14.4  12:21pm -14.1  11:59pm   63    0  0.00   2  25  12:07pm  NW 30.52   57
13   -2.5  18.1   3:03pm -20.6   7:26am   67    0  0.00   2  23  12:09pm WSW 30.58   42
14   12.9  19.2   1:56pm  -4.4  12:01am   52    0  0.00   2  16   9:00pm WSW 30.14   62
15   26.0  36.9   1:52pm  18.1  12:00am   39    0  0.00   6  29   1:57pm WSW 29.83   68
16   15.5  19.9  12:31pm   9.3   2:41am   49    0  0.00   1  13   4:37pm   E 30.07   55
17   30.9  38.3   3:14pm  16.7  12:00am   34    0  0.12   3  24   6:37pm WSW 29.50   73
18   31.8  36.1  12:23pm  23.5  11:47pm   31    0  0.00   4  28  12:22am   W 29.69   65
19   21.4  23.9  12:11pm  19.4   7:12am   44    0  0.00   0   9   2:04am   E 29.97   64
20   21.4  24.3   2:44pm  19.2   6:18am   44    0  0.00   0   8  11:34am ESE 29.98   71
21   23.5  31.3   3:18pm  20.3   6:35am   41    0  0.00   0  12   1:39pm WNW 30.08   68
22   26.3  35.4   3:17pm  18.7   8:25am   39    0  0.00   4  22  11:44pm WSW 30.24   62
23   30.2  34.5  10:32pm  24.6  12:00am   35    0  0.00   7  27   7:57am WSW 29.83   71
24   32.3  40.3  12:54pm  18.3  11:44pm   32    0  0.08   1  17   9:52am WSW 29.60   69
25   15.4  24.1   3:13pm   0.9  11:41pm   48    0  0.00   1  12   8:36am   E 29.96   57
26   13.8  23.5   3:09pm  -2.2   2:33am   51    0  0.00   1  11  11:50am ESE 29.88   66
27   22.2  26.1   1:42pm  16.3   8:09am   43    0  0.00   0   9   3:59pm   W 30.14   76
28   25.9  30.9   2:10pm  20.5   6:18am   39    0  0.00   2  18   1:40pm WSW 30.05   72
29   26.2  33.8  12:54pm  13.3  11:56pm   39    0  0.00   3  29   3:07pm  NW 29.96   70
30   15.5  21.0   2:56pm  10.8   7:21am   49    0  0.00   2  17  12:45pm WSW 30.35   54
31   21.7  27.7  12:30pm  14.9   8:59pm   38    0  0.00   2  14  11:28am WSW 30.13   59
---------------------------------------------------------------------------------------
TOT  15.0  40.3  1/24/15 -20.6  1/13/15 1534    0  0.20   3  33   1/7/15 WSW 30.05   51

HEAT BASE: 65.0
COOL BASE: 65.0