NOAA-Style Climate Reports


Report for 2014 December
                  MONTHLY CLIMATOLOGICAL SUMMARY FOR 12/2014
                                        HEAT  COOL        
     MEAN                               DEG   DEG       WIND SPEED       DOM MEAN  MEAN
DAY  TEMP  HIGH   TIME     LOW   TIME   DAYS  DAYS RAIN AVG  HI  TIME    DIR BAROM HUM
---------------------------------------------------------------------------------------
1     2.1  12.4   2:52pm -13.5  11:36pm   63    0  0.00   4  21   5:20am WSW 30.50   62
2    14.7  25.2   2:06pm -11.9  12:00am   50    0  0.00   2  17   2:50pm WSW 30.14   69
3    16.2  23.2  12:16pm   3.2   7:37am   49    0  0.00   4  24  10:38am WSW 30.04   63
4    13.3  23.4   2:20pm  -2.2   7:36am   52    0  0.00   1  12  12:54pm WSW 30.30   57
5    22.6  33.3   2:20pm   5.7   3:00am   42    0  0.00   1  12  11:22am WSW 30.17   72
6    18.0  33.1  12:21pm   5.2  11:58pm   47    0  0.00   0  14  12:30pm   E 30.50   69
7    22.3  33.4  12:58pm   4.5  12:57am   40    0  0.00   1  13  10:40am SSW 30.44   69
8    31.4  33.1  10:38pm  29.1   6:19am   34    0  0.00   1  13  11:55am WSW 30.00   91
9    26.9  33.1  12:00am  22.6  11:21pm   38    0  0.00   1  17   7:13am  NW 30.32   84
10   22.2  29.8   3:04pm   9.5  11:23pm   43    0  0.00   0  10  11:13am ESE 30.34   78
11   20.5  39.2   3:02pm   6.1   7:25am   45    0  0.00   1  13   2:13pm WSW 30.13   67
12   24.2  37.6   2:20pm   8.4   5:38am   41    0  0.00   2  16  11:17pm WSW 30.12   76
13   37.1  46.0  12:14pm  28.4   8:16am   28    0  0.16   4  21  12:26pm WSW 29.96   85
14   37.3  45.1   1:40pm  31.6   1:53am   26    0  0.00   0  11  11:20am WSW 29.93   93
15   38.0  42.3   1:35pm  35.4   3:28am   27    0  0.08   0   9   1:45pm   W 29.80   99
16   31.2  37.6   4:43am  24.3  10:22pm   34    0  0.35   3  21  12:53pm  NW 29.81   96
17   24.2  28.4   2:18pm  20.5   7:31am   41    0  0.00   4  20   1:26pm   W 30.11   74
18   22.5  30.9  12:22pm   9.0  11:57pm   42    0  0.00   0  10  10:18am   E 30.23   73
19   15.7  30.6  12:36pm   6.6   5:05am   49    0  0.00   0   9  11:33am ESE 30.24   72
20   21.7  30.0   2:06pm   8.2   1:27am   42    0  0.04   0   8   2:09pm WSW 30.19   78
21   30.5  34.3  10:51pm  26.6   2:12am   34    0  0.00   2  16  10:44pm WSW 30.03   88
22   33.6  35.1  12:34pm  32.5   5:37pm   31    0  0.00   1  16  12:46am   E 29.84   91
23   33.2  34.2   2:51pm  32.5  12:00am   32    0  0.04   0  11   3:04am   E 29.67   99
24   33.0  34.3  12:06pm  31.8   7:02pm   32    0  0.24   1  14   8:49pm   W 29.56  100
25   33.2  36.5   1:55pm  28.0  11:56pm   32    0  0.04   4  25   4:44am WSW 29.73   82
26   31.2  35.2  12:22pm  26.1   7:38am   34    0  0.08   0   0  12:00am   N 29.95   92
27   30.5  33.3  12:13pm  17.4  11:58pm   34    0  0.00   1  14   7:18pm   W 29.88   96
28   14.2  23.5  12:09pm  -2.2  11:51pm   47    0  0.00   1  16   2:19pm   W 30.08   77
29    1.8  14.7   1:09pm  -5.6   8:58pm   63    0  0.00   1  18   2:03pm   W 30.38   70
30   -2.3   8.6   3:07pm -13.7   8:02am   67    0  0.00   3  17  12:23pm WSW 30.50   63
31   -0.1  10.6   3:05pm -13.2   4:25am   65    0  0.00   6  30   9:04am WSW 30.08   63
---------------------------------------------------------------------------------------
TOT  22.6  46.0 12/13/14 -13.7 12/30/14 1305    0  1.02   2  30 12/31/14 WSW 30.09   79

HEAT BASE: 65.0
COOL BASE: 65.0