NOAA-Style Climate Reports

Select a Year or Month report
2018: Jan Feb Mar Apr May Jun Jul Aug Sep Oct Nov Dec
2017: Jan Feb Mar Apr May Jun Jul Aug Sep Oct Nov Dec
2016: Jan Feb Mar Apr May Jun Jul Aug Sep Oct Nov Dec
2015: Jan Feb Mar Apr May Jun Jul Aug Sep Oct Nov Dec
2014: Jan Feb Mar Apr May Jun Jul Aug Sep Oct Nov Dec
2013: Jan Feb Mar Apr May Jun Jul Aug Sep Oct Nov Dec
2012: Jan Feb Mar Apr May Jun Jul Aug Sep Oct Nov Dec
2011: Jan Feb Mar Apr May Jun Jul Aug Sep Oct Nov Dec
2010: Jan Feb Mar Apr May Jun Jul Aug Sep Oct Nov Dec
2009: Jan Feb Mar Apr May Jun Jul Aug Sep Oct Nov Dec
2008: Jan Feb Mar Apr May Jun Jul Aug Sep Oct Nov Dec
2007: Jan Feb Mar Apr May Jun Jul Aug Sep Oct Nov Dec
2006: Jan Feb Mar Apr May Jun Jul Aug Sep Oct Nov Dec
2005: Jan Feb Mar Apr May Jun Jul Aug Sep Oct Nov Dec
2004: Jan Feb Mar Apr May Jun Jul Aug Sep Oct Nov Dec
2003: Jan Feb Mar Apr May Jun Jul Aug Sep Oct Nov Dec

Report for 2014 December

Daily NOAA report



                            MONTHLY CLIMATOLOGICAL SUMMARY for DEC. 2014

NAME: Athelstane Weather   CITY: Athelstane STATE: Wisconsin
ELEV: 812 LAT: 045:23:00 LONG: 0088:07:00

                            TEMPERATURE ( °F), RAIN (in.), WIND SPEED (mph)

                                               HEAT     COOL           AVG
      MEAN                                     DEG      DEG            WIND                       DOM
DAY   TEMP    HIGH   TIME     LOW    TIME      DAYS     DAYS    RAIN   SPEED    HIGH    TIME      DIR
--------------------------------------------------------------------------------------------------------
01    02.1   012.4   15:20   -13.5   23:41     62.9     00.0   00.00   02.6     13.8    09:40      W 
02    14.7   025.2   14:19   -12.0   00:01     50.2     00.0   00.00   01.7     11.5    14:51      SW
03    16.2   023.2   12:18    03.2   07:41     48.7     00.0   00.00   02.8     16.1    10:44      W 
04    13.3   023.4   14:44   -02.2   07:53     51.6     00.0   00.00   00.4     08.1    12:56      SW
05    22.6   033.3   14:27    05.7   03:02     42.3     00.0   00.00   00.5     08.1    11:23     WSW
06    18.0   033.1   12:24    05.2   00:00     46.9     00.0   00.00   00.3     09.2    12:32     NNE
07    22.0   033.4   13:59    04.5   01:22     43.0     00.0   00.00   01.0     09.2    17:21      S 
08    31.4   033.1   00:00    29.1   06:47     33.6     00.0   00.00   00.6     09.2    11:57     WSW
09    26.9   033.1   02:59    22.6   00:00     38.0     00.0   00.00   00.8     11.5    07:14     NNW
10    22.2   029.8   15:07    09.5   23:59     42.7     00.0   00.00   00.2     06.9    11:14     ENE
11    20.5   039.2   15:07    06.1   07:32     44.5     00.0   00.00   00.8     09.2    14:14     WSW
12    24.2   037.6   14:30    08.4   06:06     40.7     00.0   00.00   01.4     10.3    23:18     WSW
13    37.1   046.0   12:20    28.5   08:18     27.9     00.0   00.16   02.8     13.8    12:50     WSW
14    37.3   045.1   13:41    31.6   02:03     27.6     00.0   00.00   00.2     06.9    11:27     WSW
15    38.0   042.3   13:43    35.4   03:53     27.0     00.0   00.08   00.1     05.8    13:49     WSW
16    31.2   037.6   05:01    24.4   22:59     33.7     00.0   00.28   02.0     13.8    18:36      NW
17    24.2   028.4   14:33    20.5   07:58     40.7     00.0   00.00   02.9     13.8    13:27     WNW
18    22.5   030.9   12:34    09.0   00:00     42.4     00.0   00.00   00.2     06.9    10:19     ENE
19    15.7   030.6   12:39    06.6   05:10     49.2     00.0   00.00   00.2     05.8    13:36     ESE
20    21.7   030.0   14:33    08.2   01:40     43.2     00.0   00.04   00.1     05.8    14:10     SSW
21    30.5   034.3   23:04    26.6   03:52     34.4     00.0   00.00   01.0     10.3    22:50      SW
22    33.6   035.1   14:09    32.5   00:00     31.3     00.0   00.00   00.7     10.3    00:47     ESE
23    33.2   034.2   15:23    32.5   00:47     31.7     00.0   00.04   00.2     06.9    05:09      E 
24    33.0   034.3   13:38    31.8   20:34     32.0     00.0   00.24   00.6     09.2    20:49      NW
25    33.2   036.5   14:01    28.0   00:00     31.7     00.0   00.04   03.0     17.3    04:46     WSW
26    31.2   035.2   12:24    26.1   07:50     33.7     00.0   00.08   00.0     00.0    00:00     WSW
27    30.5   033.3   12:58    17.4   00:00     34.4     00.0   00.00   00.5     09.2    22:07      W 
28    14.1   023.5   12:11   -02.2   00:00     50.9     00.0   00.00   00.9     11.5    14:20      W 
29    01.8   014.7   13:11   -05.6   21:45     63.1     00.0   00.00   00.5     11.5    14:04     WNW
30   -02.3   008.6   15:15   -13.7   08:05     67.3     00.0   00.00   01.9     11.5    17:46      W 
31   -00.2   010.6   15:48   -13.2   04:28     65.1     00.0   00.00   04.2     19.6    19:44     WSW
--------------------------------------------------------------------------------------------------------
22.6 (21.6)   46.0  day 13    -13.7  day 30   1312.7    000.0   00.94   01.1     19.6   day 31     WSW
Max