NOAA-Style Climate Reports


Report for 2014 November
                  MONTHLY CLIMATOLOGICAL SUMMARY FOR 11/2014
                                        HEAT  COOL        
     MEAN                               DEG   DEG       WIND SPEED       DOM MEAN  MEAN
DAY  TEMP  HIGH   TIME     LOW   TIME   DAYS  DAYS RAIN AVG  HI  TIME    DIR BAROM HUM
---------------------------------------------------------------------------------------
1    30.8  46.4   3:40pm  21.9  11:27pm   34    0  0.00   1  12   2:12pm WNW 30.37   55
2    36.3  51.1   1:47pm  20.8   3:47am   28    0  0.00   2  21  11:37am WSW 30.15   57
3    40.1  50.4   1:10pm  28.4   4:37am   25    0  0.00   1  22   9:54am WSW 29.89   65
4    42.7  48.2   6:52am  33.8  11:25pm   22    0  0.08   4  32  12:20pm WSW 29.75   76
5    38.9  44.8   1:03pm  32.7  11:01pm   26    0  0.16   3  23   3:12am WSW 29.95   62
6    33.2  35.8   1:47pm  29.3  10:01pm   32    0  0.20   1  14  11:23am  NW 30.03   88
7    33.9  39.2   2:04pm  29.7   2:24am   31    0  0.16   1  14   4:09pm   S 29.95   86
8    32.8  38.3  10:40am  25.0   9:19pm   32    0  0.28   3  26   1:14pm WSW 29.71   79
9    30.4  40.5   2:35pm  21.6  10:37pm   33    0  0.04   3  17   1:08pm WSW 29.71   74
10   28.7  32.5   7:49pm  22.3  12:00am   36    0  0.00   1  15   6:34pm   E 29.77   83
11   28.5  32.7   3:00am  21.6  11:57pm   36    0  0.00   3  17  12:32pm WNW 29.79   90
12   20.1  29.7  11:25am  10.8   7:00am   45    0  0.00   3  21  11:43am WSW 30.10   74
13   19.9  30.4  12:32pm   8.1   5:57am   45    0  0.00   4  22   2:21pm WSW 30.15   74
14   16.5  29.3  12:41pm   4.1  11:59pm   49    0  0.00   2  14  10:00am   W 30.21   67
15   14.2  25.3  12:44pm  -0.8   3:51am   50    0  0.00   3  19  12:01pm WSW 30.17   59
16   19.5  24.4  12:49pm -12.3   4:17am   44    0  0.00   3  25   2:41pm WSW 29.87   74
17   11.9  19.0  11:50am   2.8   6:20am   53    0  0.00   7  25   8:51pm WSW 29.66   55
18   12.0  18.7  12:18pm   6.1  10:11pm   53    0  0.00   7  31   8:34am WSW 29.80   51
19   15.1  20.8   1:51pm   8.4  12:00am   50    0  0.00   4  23   2:34pm WSW 29.70   60
20   11.5  18.5  11:52am  -0.0  11:51pm   54    0  0.00   7  28  11:55am WSW 29.92   54
21   14.6  27.1  11:57pm  -2.9   4:47am   50    0  0.00   5  24  10:09am WSW 30.16   49
22   33.6  37.6   2:02pm  27.1  12:00am   31    0  0.00   4  21   3:17am WSW 29.75   75
23   38.6  44.6   7:37am  33.6   3:54am   25    0  0.28   0  11   8:13am SSW 29.48   95
24   33.5  40.1   8:59am  23.9  10:31pm   31    0  0.12   3  19   2:54pm  NW 29.19   96
25   18.0  26.6   1:21pm  -1.8  11:53pm   47    0  0.00   3  17   7:30am   W 29.92   76
26   11.8  25.9   2:47pm  -5.1   3:51am   53    0  0.00   0  15  11:44pm  NW 30.13   74
27    8.6  22.5  12:00am  -9.9  11:19pm   56    0  0.00   2  18   1:57pm  NW 30.28   61
28    9.2  18.0  11:50pm  -9.9  12:00am   56    0  0.00   0  10   9:46am WSW 30.05   64
29   28.9  35.6  12:41pm  17.2  12:13am   36    0  0.12   1  15   9:11pm WSW 29.56   89
30   24.0  33.8   4:11am   8.1  11:52pm   39    0  0.04   3  20  12:23pm WNW 29.85   76
---------------------------------------------------------------------------------------
TOT  24.6  51.1  11/2/14 -12.3 11/16/14 1203    0  1.46   3  32  11/4/14 WSW 29.90   71

HEAT BASE: 65.0
COOL BASE: 65.0