NOAA-Style Climate Reports


Report for 2014 October
                  MONTHLY CLIMATOLOGICAL SUMMARY FOR 10/2014
                                        HEAT  COOL        
     MEAN                               DEG   DEG       WIND SPEED       DOM MEAN  MEAN
DAY  TEMP  HIGH   TIME     LOW   TIME   DAYS  DAYS RAIN AVG  HI  TIME    DIR BAROM HUM
---------------------------------------------------------------------------------------
1    51.8  56.3   3:12pm  47.3   4:25am   13    0  0.00   1  14   1:26pm   E 29.96   92
2    57.6  62.6   3:04pm  53.1   3:07am    7    0  0.28   0  10   8:47pm ESE 29.78   97
3    52.0  62.2   1:47am  40.1  11:55pm   13    0  0.28   6  31   6:37pm   W 29.48   84
4    40.3  44.4   2:20pm  36.0   7:21am   25    0  0.12   3  22  12:35am   W 29.52   88
5    38.8  45.9   4:33pm  32.5   4:10am   25    0  0.00   3  20   9:57am WSW 29.52   71
6    43.0  57.2   3:32pm  32.0   6:24am   22    0  0.00   2  24  12:41pm WSW 29.47   63
7    48.5  61.5   3:07pm  37.6   2:19am   16    0  0.00   4  25   1:10pm   W 29.53   57
8    41.9  54.9   4:05pm  31.3   5:03am   23    0  0.00   3  32  12:38pm   W 29.82   51
9    41.6  56.5   3:22pm  31.1  11:23pm   23    0  0.00   3  23  12:43pm WNW 30.03   60
10   41.7  59.2   3:35pm  28.8   6:40am   23    0  0.00   2  17  11:28am   W 30.14   63
11   42.1  58.8   3:47pm  29.7  11:58pm   23    0  0.00   1  15   2:31pm WSW 30.15   61
12   42.6  61.0   3:50pm  25.9   5:21am   21    0  0.00   2  22   1:47pm WSW 29.98   62
13   50.3  54.3   2:48pm  46.8   4:58am   15    0  0.75   0   7   8:14pm ESE 29.80   88
14   49.7  51.4  12:00am  47.7  11:56pm   15    0  0.71   3  21   4:11pm NNE 29.68   96
15   47.3  49.5   2:29pm  46.0  11:14pm   18    0  0.35   1  15   2:00am NNE 29.83   99
16   48.6  53.2   3:58pm  45.3   1:01am   16    0  0.00   0   9   2:27pm   W 29.73   98
17   47.3  52.2   1:04pm  43.2  10:22pm   18    0  0.16   2  20   1:18pm WNW 29.58   93
18   40.8  51.3   3:53pm  27.5  11:54pm   24    0  0.00   3  21   2:34pm  NW 30.05   66
19   39.0  51.1   2:39pm  25.3   5:23am   25    0  0.00   1  17  12:10pm WSW 29.93   77
20   46.4  53.1   1:31pm  39.7   3:42am   19    0  0.00   1  17  12:43pm WNW 29.86   83
21   42.5  55.8   3:50pm  27.7  11:46pm   22    0  0.00   1  14   3:02pm ESE 30.18   67
22   35.9  55.6   3:46pm  23.2   7:27am   29    0  0.00   1  16   1:25pm WSW 30.29   70
23   40.6  48.7  12:23pm  29.8   2:26am   24    0  0.08   1  18  11:38am WSW 30.08   86
24   48.8  58.8   4:10pm  44.4   7:29am   16    0  0.00   2  14   2:55pm WSW 29.92   93
25   54.1  63.9   3:25pm  44.6   6:58am   11    0  0.00   6  34   2:40pm   W 29.77   56
26   43.2  64.9   3:56pm  29.1   7:42am   21    0  0.00   1  16   2:46pm   W 29.87   49
27   49.1  58.6   3:36pm  32.7  12:00am   16    0  0.12   1  14   6:37am   E 29.65   75
28   47.8  54.1   1:27pm  42.8   9:01pm   17    0  0.31   6  30   1:39pm WSW 29.62   74
29   41.0  49.6   2:59pm  31.8  11:06pm   24    0  0.00   4  26  12:26am WNW 29.94   67
30   40.2  48.0   2:27pm  34.0  12:00am   25    0  0.00   3  19  10:24pm   W 30.02   71
31   33.7  37.9   3:14pm  29.1   7:48pm   31    0  0.00   3  27   9:42am NNE 30.26   61
---------------------------------------------------------------------------------------
TOT  44.8  64.9 10/26/14  23.2 10/22/14  622    0  3.15   2  34 10/25/14   W 29.85   75

HEAT BASE: 65.0
COOL BASE: 65.0