NOAA-Style Climate Reports


Report for 2014 September
                  MONTHLY CLIMATOLOGICAL SUMMARY FOR 9/2014
                                        HEAT  COOL        
     MEAN                               DEG   DEG       WIND SPEED       DOM MEAN  MEAN
DAY  TEMP  HIGH   TIME     LOW   TIME   DAYS  DAYS RAIN AVG  HI  TIME    DIR BAROM HUM
---------------------------------------------------------------------------------------
1    66.9  75.4   5:19pm  55.6  11:59pm    1    3  0.16   1  18   4:40pm   W 29.68   91
2    61.8  78.6   4:46pm  50.0   6:16am    6    3  0.00   1  17   3:02pm   W 29.82   80
3    63.6  75.9  11:17am  48.0   6:03am    5    4  0.08   1  20  11:20am WSW 29.90   79
4    66.1  74.7   3:39pm  61.7   4:20am    1    2  1.93   2  41  11:36am WSW 29.81   96
5    65.7  70.3   2:46pm  54.9  11:57pm    1    2  0.39   3  25  10:47am   W 29.90   80
6    59.3  74.7   4:27pm  46.8  11:58pm    8    2  0.00   2  19   9:42am WNW 30.08   66
7    60.8  80.2   2:18pm  43.9   2:52am    8    4  0.00   2  18  12:01pm WSW 30.09   62
8    62.3  75.6  12:59pm  48.6   5:23am    5    3  0.00   1  19  12:52pm WSW 30.02   69
9    66.0  81.1   4:06pm  53.4   5:03am    3    4  0.00   1  16   2:01pm WSW 29.90   77
10   58.8  65.3   9:01am  43.7  11:49pm    5    0  1.65   3  23   6:32pm  NW 29.65   94
11   45.7  51.6   1:42pm  37.0  11:59pm   19    0  0.00   2  19   9:42am  NW 30.13   78
12   44.3  53.8   1:23pm  36.0  12:31am   21    0  0.16   0  11   8:47pm WNW 30.32   81
13   47.1  57.0   1:53pm  35.8   6:55am   18    0  0.00   1  14  10:04am WNW 30.25   74
14   51.6  64.6   3:32pm  43.2   1:25am   13    0  0.00   2  28  11:22am WSW 30.11   70
15   51.2  68.0   9:17pm  38.7  11:54pm   14    0  0.00   1  15  11:36am WNW 30.08   71
16   51.0  70.2   4:06pm  34.2   3:33am   15    1  0.00   2  23   3:21pm   W 30.06   63
17   54.7  74.3   3:40pm  41.7   7:11am   12    1  0.00   1  18  11:02am   W 29.96   65
18   47.9  58.5   2:57pm  39.2   6:57am   17    0  0.00   1  11   9:51am ESE 30.14   68
19   56.0  71.1   2:56pm  39.2   5:31am   10    1  0.00   3  27   1:10pm WSW 29.94   73
20   66.9  79.2   2:57pm  58.5  11:57pm    2    4  0.04   3  24   9:27am   W 29.65   69
21   51.4  58.5  12:00am  36.7  11:57pm   14    0  0.28   2  22   2:47pm  NW 29.89   77
22   50.1  70.3   3:30pm  31.6   6:29am   16    1  0.00   2  19   3:53pm   W 30.14   72
23   59.2  77.7   3:57pm  43.9   5:43am    9    3  0.00   1  18   2:52pm WSW 30.21   70
24   56.7  71.4   2:43pm  41.7   5:50am    9    1  0.00   1  12  10:15am WSW 30.27   73
25   61.4  77.7   3:38pm  50.9  11:58pm    6    3  0.00   1  14   2:02pm   E 30.24   71
26   58.8  77.2   3:52pm  42.8   6:43am    9    3  0.00   1  16   1:23pm WSW 30.23   70
27   60.9  80.8   4:18pm  44.6   5:51am    8    4  0.00   1  16   1:14pm WSW 30.20   71
28   64.4  83.7   3:33pm  50.7   7:11am    5    4  0.00   1  16   1:17pm WSW 30.08   72
29   50.4  57.0  12:00am  42.1  11:35pm   15    0  0.16   1  17   4:17pm  NW 30.03   85
30   46.5  58.5   4:15pm  41.5   4:53am   18    0  0.00   1  13   1:24pm WNW 30.06   79
---------------------------------------------------------------------------------------
TOT  56.9  83.7  9/28/14  31.6  9/22/14  293   52  4.84   1  41   9/4/14   W 30.03   75

HEAT BASE: 65.0
COOL BASE: 65.0