NOAA-Style Climate Reports

Select a Year or Month report
2018: Jan Feb Mar Apr May Jun Jul Aug Sep Oct Nov Dec
2017: Jan Feb Mar Apr May Jun Jul Aug Sep Oct Nov Dec
2016: Jan Feb Mar Apr May Jun Jul Aug Sep Oct Nov Dec
2015: Jan Feb Mar Apr May Jun Jul Aug Sep Oct Nov Dec
2014: Jan Feb Mar Apr May Jun Jul Aug Sep Oct Nov Dec
2013: Jan Feb Mar Apr May Jun Jul Aug Sep Oct Nov Dec
2012: Jan Feb Mar Apr May Jun Jul Aug Sep Oct Nov Dec
2011: Jan Feb Mar Apr May Jun Jul Aug Sep Oct Nov Dec
2010: Jan Feb Mar Apr May Jun Jul Aug Sep Oct Nov Dec
2009: Jan Feb Mar Apr May Jun Jul Aug Sep Oct Nov Dec
2008: Jan Feb Mar Apr May Jun Jul Aug Sep Oct Nov Dec
2007: Jan Feb Mar Apr May Jun Jul Aug Sep Oct Nov Dec
2006: Jan Feb Mar Apr May Jun Jul Aug Sep Oct Nov Dec
2005: Jan Feb Mar Apr May Jun Jul Aug Sep Oct Nov Dec
2004: Jan Feb Mar Apr May Jun Jul Aug Sep Oct Nov Dec
2003: Jan Feb Mar Apr May Jun Jul Aug Sep Oct Nov Dec

Report for 2014 August

Daily NOAA report



                            MONTHLY CLIMATOLOGICAL SUMMARY for AUG. 2014

NAME: Athelstane Weather   CITY: Athelstane STATE: Wisconsin
ELEV: 812 LAT: 045:23:00 LONG: 0088:07:00

                            TEMPERATURE ( °F), RAIN (in.), WIND SPEED (mph)

                                               HEAT     COOL           AVG
      MEAN                                     DEG      DEG            WIND                       DOM
DAY   TEMP    HIGH   TIME     LOW    TIME      DAYS     DAYS    RAIN   SPEED    HIGH    TIME      DIR
--------------------------------------------------------------------------------------------------------
01    67.1   083.5   15:26    49.1   05:14     00.0     02.2   00.00   00.4     09.2    14:56     WNW
02    68.7   085.8   14:45    52.0   06:15     00.0     03.8   00.00   00.4     06.9    18:32     ESE
03    69.5   088.8   15:26    57.2   05:32     00.0     04.5   00.12   00.8     16.1    15:37      E 
04    66.0   077.7   16:00    57.4   04:13     00.0     01.1   00.00   00.2     08.1    16:03     ESE
05    67.5   083.1   15:01    55.4   06:31     00.0     02.6   00.00   00.4     08.1    14:45      SE
06    66.4   083.3   15:17    51.8   06:36     00.0     01.4   00.00   00.5     08.1    11:43      NE
07    66.7   084.4   15:44    50.0   06:26     00.0     01.8   00.00   00.5     08.1    12:32     ENE
08    69.0   086.5   15:46    51.3   06:00     00.0     04.1   00.00   00.7     11.5    15:27      SE
09    68.6   086.5   12:30    49.8   05:56     00.0     03.7   00.00   00.6     10.3    15:14      S 
10    68.8   086.3   15:30    53.8   06:34     00.0     03.8   00.00   00.8     09.2    16:47      S 
11    65.0   082.2   14:12    54.1   04:48     00.0     00.1   00.39   00.5     13.8    22:06      E 
12    59.5   075.2   16:34    50.7   00:00     05.4     00.0   00.67   01.9     13.8    16:39      NW
13    63.8   078.6   16:09    48.4   00:00     01.1     00.0   00.00   01.1     14.9    12:34     WNW
14    59.4   077.4   16:00    43.7   02:27     05.6     00.0   00.00   01.4     10.3    15:55     WNW
15    62.9   082.4   15:46    39.7   06:38     02.0     00.0   00.00   01.1     12.7    15:22      W 
16    69.2   082.0   12:30    57.9   00:00     00.0     04.2   00.00   00.8     11.5    11:01     WSW
17    59.9   072.5   16:39    48.6   06:19     05.1     00.0   00.00   00.2     06.9    16:06      SE
18    59.2   065.1   22:44    48.0   01:27     05.7     00.0   00.51   00.0     05.8    15:25      S 
19    67.4   080.2   14:54    60.1   23:58     00.0     02.4   00.24   00.7     11.5    16:30      W 
20    66.0   075.0   15:01    57.9   03:39     00.0     01.0   00.00   00.3     08.1    14:19      W 
21    66.3   070.9   11:09    59.7   05:52     00.0     01.3   00.00   00.3     06.9    14:31      E 
22    68.3   074.8   16:26    63.5   05:56     00.0     03.3   00.08   00.1     08.1    20:15      SE
23    68.8   073.9   17:44    66.2   00:00     00.0     03.9   00.00   00.2     08.1    18:02     ESE
24    70.1   081.3   16:06    63.0   05:49     00.0     05.2   00.00   01.0     11.5    14:11      E 
25    73.6   086.4   17:34    66.7   07:53     00.0     08.7   00.20   01.1     12.7    13:15     WSW
26    65.9   076.3   16:57    54.1   00:00     00.0     01.0   00.00   01.3     11.5    09:31     WNW
27    61.6   076.8   15:57    52.2   02:43     03.4     00.0   00.00   00.6     09.2    16:05      W 
28    60.9   071.2   12:30    49.1   03:42     04.1     00.0   00.00   00.5     08.1    14:00      W 
29    64.2   073.2   16:49    59.0   05:05     00.7     00.0   01.14   00.3     11.5    20:40     WNW
30    65.8   076.1   14:23    60.1   00:00     00.0     00.9   00.63   00.4     10.3    16:11      W 
31    62.2   069.8   17:36    55.9   03:55     02.7     00.0   00.00   00.4     06.9    22:06     WNW
--------------------------------------------------------------------------------------------------------
65.8 (66.7)   88.8  day 03     39.7  day 15   035.8    061.0   03.98   00.6     16.1   day 03      W 
Max >=  86: 5
Min  .008in) 8 (> .08in) 1 (> 0.8in)