NOAA-Style Climate Reports


Report for 2014 August
                  MONTHLY CLIMATOLOGICAL SUMMARY FOR 8/2014
                                        HEAT  COOL        
     MEAN                               DEG   DEG       WIND SPEED       DOM MEAN  MEAN
DAY  TEMP  HIGH   TIME     LOW   TIME   DAYS  DAYS RAIN AVG  HI  TIME    DIR BAROM HUM
---------------------------------------------------------------------------------------
1    67.1  83.5   3:24pm  49.1   5:06am    5    7  0.00   1  13   2:56pm WNW 30.01   63
2    68.7  85.8   2:44pm  52.0   5:56am    3    7  0.00   1  11   4:18pm ESE 30.09   63
3    69.5  88.9   3:24pm  57.2   4:53am    2    6  0.12   1  24   3:36pm   W 30.05   71
4    66.0  77.7   3:58pm  57.4   3:45am    2    3  0.00   0  12   4:02pm ESE 30.08   76
5    67.5  83.1   2:59pm  55.4   5:53am    3    5  0.00   1  12   2:44pm ESE 30.07   64
6    66.4  83.3   3:15pm  51.8   6:19am    4    6  0.00   1  12  11:42am ESE 30.05   64
7    66.7  84.4   3:42pm  50.0   5:25am    4    6  0.00   1  12  12:22pm   E 30.10   62
8    69.0  86.5   3:43pm  51.3   5:24am    4    8  0.00   1  17   3:26pm ESE 30.10   57
9    68.7  86.5  12:29pm  49.8   5:28am    4    8  0.00   1  15   3:14pm   E 30.12   59
10   68.8  86.4   2:43pm  53.8   5:59am    3    7  0.00   1  14  12:43pm ESE 30.05   63
11   65.0  82.2   2:10pm  54.1   4:34am    4    4  0.47   1  21  10:04pm ESE 29.89   74
12   59.6  75.2   4:32pm  50.7  11:55pm    7    2  0.67   3  21   8:29am  NW 29.85   78
13   63.8  78.6   4:02pm  48.4  11:58pm    5    4  0.00   2  22  12:33pm WNW 29.98   59
14   59.3  77.4   3:55pm  43.7   2:05am    9    3  0.00   2  16  11:09am   W 30.07   58
15   62.7  82.6   3:45pm  39.7   6:07am    8    5  0.00   2  19   3:21pm   W 29.95   60
16   69.2  82.0  12:26pm  57.9  11:55pm    1    5  0.00   1  17  10:59am   W 29.84   75
17   59.9  72.5   4:37pm  48.6   6:11am    6    1  0.00   0  11   1:39pm ESE 30.01   73
18   59.2  65.1   5:49pm  38.1   5:35am    6    0  0.59   0   8   3:25pm   W 29.82   93
19   67.3  80.2   2:51pm  60.1  11:33pm    1    3  0.24   1  16   4:28pm   W 29.66   88
20   65.9  75.0   2:56pm  57.9   3:29am    2    3  0.00   0  12   2:18pm WNW 29.84   84
21   66.3  70.9  11:05am  59.7   5:23am    1    2  0.00   0  10   2:24pm   E 29.94   88
22   68.3  74.8   4:14pm  63.5   5:00am    0    4  0.08   0  12   8:14pm ESE 29.95   95
23   68.8  73.9   5:40pm  66.2  11:56pm    0    4  0.08   0  12   6:01pm ESE 30.02   97
24   70.1  81.3   4:03pm  63.0   5:31am    0    5  0.00   1  17   2:10pm   E 30.01   85
25   73.6  86.4   5:04pm  66.7   7:20am    0    9  0.20   2  19   1:13pm WSW 29.92   82
26   65.9  76.3   4:55pm  54.1  11:57pm    2    3  0.00   2  17   9:30am WNW 30.04   68
27   61.6  76.8   3:54pm  52.2   2:07am    6    2  0.00   1  14   3:47pm WNW 30.13   68
28   60.9  71.2  12:29pm  49.1   3:33am    5    1  0.00   1  12  12:17pm WSW 30.11   76
29   64.2  73.2   4:46pm  59.0   4:20am    2    2  1.22   0  17   8:39pm   E 29.89   94
30   65.8  76.1   2:19pm  60.1  11:43pm    1    2  0.71   1  15   4:10pm WNW 29.77   97
31   62.3  69.8   5:28pm  55.9   3:33am    3    1  0.00   1  10  10:05pm   W 29.88   94
---------------------------------------------------------------------------------------
TOT  65.7  88.9   8/3/14  38.1  8/18/14  104  127  4.37   1  24   8/3/14   W 29.98   75

HEAT BASE: 65.0
COOL BASE: 65.0