NOAA-Style Climate Reports


Report for 2014 July

Daily NOAA report



                            MONTHLY CLIMATOLOGICAL SUMMARY for JUL. 2014

NAME: Athelstane Weather   CITY: Athelstane STATE: Wisconsin
ELEV: 812 LAT: 045:23:00 LONG: 0088:07:00

                            TEMPERATURE ( °F), RAIN (in.), WIND SPEED (mph)

                                               HEAT     COOL           AVG
      MEAN                                     DEG      DEG            WIND                       DOM
DAY   TEMP    HIGH   TIME     LOW    TIME      DAYS     DAYS    RAIN   SPEED    HIGH    TIME      DIR
--------------------------------------------------------------------------------------------------------
01    68.6   079.9   15:37    61.3   06:06     00.0     03.6   00.00   02.9     14.9    17:43     WSW
02    62.2   075.9   17:05    45.8   00:00     02.7     00.0   00.00   01.2     11.5    08:05      NW
03    60.3   076.5   15:15    43.0   01:59     04.6     00.0   00.00   01.1     11.5    15:45     WNW
04    64.4   082.2   16:08    43.7   05:46     00.5     00.0   00.00   01.0     11.5    18:26      SW
05    68.4   083.8   16:39    49.8   03:33     00.0     03.5   00.00   02.2     18.4    10:35      SW
06    68.7   075.2   17:34    65.1   04:54     00.0     03.8   00.00   01.4     11.5    14:31     WSW
07    71.7   085.3   15:04    59.7   06:14     00.0     06.8   00.04   02.2     19.6    14:08      W 
08    64.5   072.3   13:40    50.2   00:00     00.4     00.0   00.00   01.6     13.8    13:25     WNW
10    56.7   071.1   15:34    47.8   06:10     08.2     00.0   00.00   00.7     12.7    13:11      NW
11    74.2   081.1   15:50    68.4   22:04     00.0     09.3   00.04   02.3     17.3    15:10      SW
12    70.0   082.0   12:24    60.4   23:58     00.0     05.1   00.12   00.9     12.7    17:52     WSW
13    66.8   078.2   15:19    54.3   00:00     00.0     01.8   00.00   02.4     16.1    13:51     WNW
14    59.8   072.3   16:41    49.3   04:22     05.1     00.0   00.04   00.7     11.5    14:19     WNW
15    57.4   065.1   13:15    48.9   00:00     07.6     00.0   00.00   01.7     11.5    17:13      NW
16    60.4   076.6   17:07    48.0   04:58     04.6     00.0   00.00   01.5     12.7    11:22     WNW
17    63.5   081.3   15:22    43.0   05:49     01.5     00.0   00.00   01.3     13.8    15:29     WSW
18    65.8   079.9   16:22    47.5   06:09     00.0     00.8   00.00   01.2     11.5    13:38     WSW
19    68.8   080.8   17:12    53.1   06:16     00.0     03.8   00.00   01.3     12.7    14:57      SW
20    70.9   084.2   16:48    58.1   06:07     00.0     06.0   00.00   01.4     12.7    18:28     WSW
21    74.4   088.0   15:07    64.2   05:37     00.0     09.5   00.00   01.6     12.7    13:48     WSW
22    75.6   091.6   13:31    59.2   00:00     00.0     10.7   00.00   02.5     18.4    13:33      W 
23    64.2   077.5   16:54    50.7   00:00     00.8     00.0   00.00   01.0     10.3    13:58     NNW
24    63.6   081.3   16:52    43.0   05:33     01.4     00.0   00.00   01.2     11.5    16:57      W 
25    65.6   074.5   14:19    56.7   01:27     00.0     00.6   00.00   01.4     13.8    14:19     WSW
26    72.4   087.8   17:43    61.0   23:07     00.0     07.4   00.08   01.8     14.9    14:13      W 
27    62.1   075.4   09:21    55.5   00:00     02.8     00.0   00.00   00.4     08.1    10:38      W 
28    61.1   075.2   13:47    47.1   06:08     03.8     00.0   00.00   01.0     13.8    14:45     WNW
29    65.2   077.0   14:38    55.2   06:26     00.0     00.2   00.00   01.5     12.7    10:21     WNW
30    62.5   077.0   15:09    48.4   06:05     02.4     00.0   00.16   01.1     11.5    14:58     WNW
31    65.6   082.4   16:37    48.9   05:28     00.0     00.7   00.00   01.2     12.7    16:36     WNW
--------------------------------------------------------------------------------------------------------
65.8 (66.0)   91.6  day 22     43.0  day 24   046.5    073.7   00.47   01.4     19.6   day 22      W 
Max >=  86: 3
Min  .008in) 2 (> .08in) 0 (> 0.8in)