NOAA-Style Climate Reports


Report for 2014 July
                  MONTHLY CLIMATOLOGICAL SUMMARY FOR 7/2014
                                        HEAT  COOL        
     MEAN                               DEG   DEG       WIND SPEED       DOM MEAN  MEAN
DAY  TEMP  HIGH   TIME     LOW   TIME   DAYS  DAYS RAIN AVG  HI  TIME    DIR BAROM HUM
---------------------------------------------------------------------------------------
1    68.6  79.9   3:31pm  61.3   5:25am    1    4  0.00   4  23  12:48pm WSW 29.54   77
2    62.3  75.9   5:02pm  45.7  11:59pm    5    2  0.00   2  16   8:04am  NW 29.85   65
3    60.3  76.6   3:13pm  43.0   1:44am    7    3  0.00   2  18   3:35pm   W 30.07   60
4    64.4  82.2   4:05pm  43.7   5:33am    7    6  0.00   1  17   6:25pm WSW 30.22   55
5    68.5  83.8   4:34pm  49.8   3:29am    4    7  0.00   3  27  10:34am WSW 30.06   59
6    68.7  75.2   5:29pm  65.1   4:29am    0    4  0.00   2  17  12:00pm WSW 29.72   85
7    71.7  85.3   3:00pm  59.7   6:03am    1    7  0.04   3  29   2:07pm   W 29.61   69
8    64.5  72.3  12:46pm  50.2  11:58pm    2    1  0.00   2  21   1:24pm WNW 29.65   74
9    76.7  81.1   3:48pm  72.5  12:46pm    0    3  0.00   5  27   1:46pm WSW 30.03   51
10
11   74.2  81.1   3:48pm  68.4   9:58pm    0    4  0.00   3  27   1:46pm WSW 30.03   53
12   70.0  82.0  12:21pm  60.4  11:45pm    1    6  0.12   1  19   5:52pm WSW 29.93   76
13   66.8  78.3   3:17pm  54.1  11:59pm    2    4  0.00   3  24   1:49pm   W 29.82   64
14   59.8  72.3   4:40pm  49.3   3:58am    6    1  0.04   1  17  12:47pm   W 29.80   71
15   57.4 104.0   4:00pm  48.9  11:57pm    8    0  0.00   2  21   1:35pm WNW 29.88   74
16   60.2  76.6   5:05pm  48.0   4:36am    7    3  0.00   2  19  11:21am WNW 29.96   64
17   63.5  81.3   3:19pm  43.0   5:37am    7    6  0.00   2  21   3:05pm WSW 30.01   58
18   65.7  79.9   4:17pm  47.5   5:42am    5    6  0.00   2  18   1:37pm WSW 30.08   61
19   68.8  80.8   5:11pm  53.1   5:24am    3    6  0.00   2  19  10:16am WSW 30.00   61
20   71.0  84.2   4:26pm  58.1   5:48am    1    7  0.00   2  19   5:53pm WSW 29.95   66
21   74.4  88.0   3:02pm  64.2   2:49am    0   10  0.00   2  19   1:47pm WSW 29.97   72
22   75.7  91.8   1:30pm  59.2  11:56pm    0   11  0.00   4  28   1:32pm   W 29.89   69
23   64.2  77.5   4:52pm  50.7  11:56pm    5    4  0.00   1  16  10:23am  NW 30.15   59
24   63.5  81.3   4:49pm  43.0   5:24am    7    5  0.00   2  17   3:31pm WSW 30.08   56
25   65.5  74.5   2:17pm  56.7   1:17am    2    3  0.00   2  21   2:18pm WSW 29.89   71
26   72.5  87.8   5:41pm  61.0  10:53pm    0    8  0.16   3  22   2:12pm WSW 29.75   69
27   62.0  75.4   9:17am  55.4  11:59pm    3    1  0.00   1  12   8:09am WNW 29.74   78
28   61.1  75.2   1:45pm  47.1   3:16am    6    2  0.00   1  20   2:45pm WNW 30.03   65
29   65.2  77.0   2:35pm  55.2   6:04am    3    3  0.00   2  19  10:20am WNW 29.96   66
30   62.4  77.0   2:36pm  48.4   5:45am    6    3  0.16   2  16   2:53pm   W 29.98   67
31   65.4  82.4   4:35pm  48.9   5:14am    6    6  0.00   2  19   4:34pm   W 29.94   64
---------------------------------------------------------------------------------------
TOT  65.8 104.0  7/15/14  43.0   7/3/14  104  136  0.55   2  29   7/7/14 WSW 29.92   67

HEAT BASE: 65.0
COOL BASE: 65.0