NOAA-Style Climate Reports


Report for 2014 June

Daily NOAA report



                            MONTHLY CLIMATOLOGICAL SUMMARY for JUN. 2014

NAME: Athelstane Weather   CITY: Athelstane STATE: Wisconsin
ELEV: 812 LAT: 045:23:00 LONG: 0088:07:00

                            TEMPERATURE ( °F), RAIN (in.), WIND SPEED (mph)

                                               HEAT     COOL           AVG
      MEAN                                     DEG      DEG            WIND                       DOM
DAY   TEMP    HIGH   TIME     LOW    TIME      DAYS     DAYS    RAIN   SPEED    HIGH    TIME      DIR
--------------------------------------------------------------------------------------------------------
01    67.2   082.8   13:30    59.9   04:25     00.0     02.3   00.08   00.9     13.8    16:19      SW
02    68.7   078.9   17:33    62.2   22:50     00.0     03.8   00.16   01.6     16.1    15:14     WSW
03    64.3   075.4   17:26    51.6   00:00     00.6     00.0   00.00   03.8     18.4    11:21      W 
04    64.1   082.6   16:19    48.7   06:14     00.8     00.0   00.00   00.7     08.1    17:08      NE
05    62.3   079.5   17:05    40.3   05:32     02.6     00.0   00.00   01.2     12.7    14:26     SSE
06    68.9   084.2   16:47    53.4   03:20     00.0     04.0   00.00   01.6     13.8    17:02     WSW
07    63.9   081.9   12:03    52.9   22:47     01.1     00.0   00.43   00.9     12.7    15:47      W 
08    61.6   078.8   17:26    48.0   00:00     03.3     00.0   00.00   00.8     10.3    15:13     NNE
09    58.3   075.7   18:10    40.6   04:57     06.6     00.0   00.00   00.3     08.1    16:25     ESE
10    60.2   075.0   12:35    42.1   05:32     04.8     00.0   00.00   00.7     09.2    13:43     ESE
11    65.2   080.4   14:45    50.7   02:34     00.0     00.3   00.00   01.1     11.5    13:15      E 
12    61.4   075.0   13:43    51.8   01:42     03.5     00.0   00.00   02.7     17.3    16:56      W 
13    59.0   075.4   17:14    46.6   00:00     05.9     00.0   00.00   03.2     14.9    12:27     WNW
14    55.1   070.3   14:27    36.1   05:44     09.8     00.0   00.00   01.4     10.3    16:47     ESE
15    61.5   071.2   16:26    50.2   04:56     03.4     00.0   00.00   01.5     12.7    13:19     ENE
16    71.5   090.0   15:41    51.3   05:53     00.0     06.5   00.00   01.6     16.1    12:36     WSW
17    74.2   091.8   17:14    63.1   06:29     00.0     09.3   00.24   01.1     11.5    12:18     WNW
18    64.9   069.4   14:31    58.8   00:00     00.1     00.0   00.00   00.3     09.2    13:38     ESE
19    63.9   074.3   13:16    53.6   04:49     01.1     00.0   00.00   01.4     11.5    13:21      E 
20    55.1   057.6   18:31    52.1   07:23     09.8     00.0   00.55   00.2     06.9    11:31     ESE
21    59.0   064.2   17:30    54.5   01:03     06.0     00.0   00.08   00.2     06.9    12:21     ESE
22    65.1   074.7   16:07    58.3   02:07     00.0     00.1   00.00   00.3     09.2    16:01      SW
23    68.5   079.0   16:31    60.4   03:18     00.0     03.5   00.00   00.5     08.1    10:18     SSW
24    68.1   082.0   13:28    61.3   00:00     00.0     03.2   00.51   00.3     12.7    14:48      E 
25    61.0   067.6   14:08    54.9   06:47     03.9     00.0   00.00   00.1     05.8    13:56      NE
26    64.3   075.6   13:57    54.5   06:42     00.7     00.0   00.00   00.5     09.2    13:55      N 
27    65.2   080.6   16:30    48.4   04:28     00.0     00.2   00.04   00.9     10.3    17:27      E 
28    75.5   087.1   17:06    64.4   03:50     00.0     10.6   00.00   01.7     11.5    12:26     ESE
29    74.5   086.7   17:00    66.6   00:00     00.0     09.6   00.59   02.0     16.1    19:58     WSW
30    72.9   087.1   14:38    64.9   00:32     00.0     08.0   00.00   02.3     20.7    13:18     WSW
--------------------------------------------------------------------------------------------------------
64.8 (65.6)   91.8  day 17     36.1  day 14   064.1    061.4   02.68   01.2     20.7   day 13      SW
Max >=  86: 5
Min  .008in) 6 (> .08in) 0 (> 0.8in)