NOAA-Style Climate Reports


Report for 2014 June
                  MONTHLY CLIMATOLOGICAL SUMMARY FOR 6/2014
                                        HEAT  COOL        
     MEAN                               DEG   DEG       WIND SPEED       DOM MEAN  MEAN
DAY  TEMP  HIGH   TIME     LOW   TIME   DAYS  DAYS RAIN AVG  HI  TIME    DIR BAROM HUM
---------------------------------------------------------------------------------------
1    67.2  86.0  11:51am  59.9   1:21am    2    4  0.08   1  21   4:23pm WSW 29.90   77
2    68.7  79.0   5:32pm  62.2  10:23pm    0    4  0.24   2  24   3:13pm WSW 29.66   84
3    64.3  75.4   5:03pm  51.6  11:54pm    3    2  0.00   6  28  11:10am WSW 29.75   58
4    64.1  82.6   4:16pm  48.7   5:50am    6    5  0.00   1  12   1:12pm ESE 29.89   56
5    62.3  79.5   5:02pm  40.3   5:04am    7    5  0.00   2  19   2:25pm WSW 29.92   55
6    68.9  84.2   4:44pm  53.4   3:12am    3    7  0.00   2  20  11:24am WSW 29.91   57
7    63.9  81.9  12:01pm  52.9   9:53pm    5    4  0.43   1  19   3:45pm WSW 29.93   76
8    61.6  78.8   5:21pm  48.0  11:48pm    6    3  0.00   1  16   3:12pm  NW 30.01   62
9    58.3  75.7   6:08pm  40.6   4:33am    9    2  0.00   0  12   4:24pm ESE 30.02   53
10   60.2  75.0  12:34pm  42.1   5:03am    8    3  0.00   1  14  12:37pm ESE 29.96   54
11   65.2  80.4   2:43pm  50.7   2:00am    5    5  0.00   2  16   1:13pm ESE 29.81   55
12   61.4  75.0   1:40pm  51.8   1:30am    5    2  0.00   4  26   1:45pm   W 29.69   68
13   59.0  75.4   4:39pm  46.6  11:58pm    8    2  0.00   5  23   9:35am WNW 29.87   49
14   55.1  70.3   2:08pm  36.1   4:49am   11    1  0.00   2  15  10:28am   E 30.04   56
15   61.5  71.2   4:23pm  50.2   4:18am    5    1  0.00   2  19   1:18pm   E 29.84   68
16   71.5  90.0   3:37pm  51.3   4:51am    3   10  0.00   2  24  12:34pm WSW 29.89   60
17   74.2  91.8   5:07pm  63.1   4:31am    0   10  0.31   2  17   8:41am   W 29.79   66
18   64.9  69.4   2:29pm  58.8  11:57pm    1    1  0.00   0  13   1:19am ESE 29.98   80
19   63.9  74.3   1:14pm  53.6   4:07am    3    2  0.00   2  17   1:16pm   E 30.11   70
20   55.1  57.6   6:18pm  52.0   7:22am   10    0  0.55   0  10   5:58am ESE 30.00   90
21   58.8  64.2   4:40pm  54.5  12:56am    6    0  0.08   0  11  12:19pm   E 29.93   98
22   65.1  74.7   2:34pm  58.3   1:32am    2    2  0.00   0  13   4:00pm WSW 29.89   89
23   68.5  79.0   4:23pm  60.4   3:13am    1    5  0.00   1  12  10:17am WSW 29.83   83
24   68.2  82.0   1:27pm  61.3  11:51pm    0    3  0.59   1  19   2:48pm ESE 29.86   86
25   61.0  67.6   1:59pm  54.9   5:48am    4    0  0.00   0   9  10:44am ESE 30.02   89
26   64.3  75.6   1:56pm  54.5   5:54am    4    3  0.00   1  14   1:54pm   E 30.06   68
27   65.2  80.6   4:28pm  48.4   4:23am    4    5  0.04   1  16   5:26pm   E 30.00   78
28   75.5  87.1   4:18pm  64.4   3:39am    4   15  0.00   2  18  10:54am   E 29.92   72
29   74.6  86.7   4:55pm  66.6   6:03am    0    9  0.67   3  24   7:57pm WSW 29.76   71
30   72.9  87.1   2:28pm  64.9  12:26am    0    8  0.00   3  31   1:17pm WSW 29.63   75
---------------------------------------------------------------------------------------
TOT  64.8  91.8  6/17/14  36.1  6/14/14  126  122  2.99   2  31  6/30/14 WSW 29.90   70

HEAT BASE: 65.0
COOL BASE: 65.0