NOAA-Style Climate Reports

Select a Year or Month report
2018: Jan Feb Mar Apr May Jun Jul Aug Sep Oct Nov Dec
2017: Jan Feb Mar Apr May Jun Jul Aug Sep Oct Nov Dec
2016: Jan Feb Mar Apr May Jun Jul Aug Sep Oct Nov Dec
2015: Jan Feb Mar Apr May Jun Jul Aug Sep Oct Nov Dec
2014: Jan Feb Mar Apr May Jun Jul Aug Sep Oct Nov Dec
2013: Jan Feb Mar Apr May Jun Jul Aug Sep Oct Nov Dec
2012: Jan Feb Mar Apr May Jun Jul Aug Sep Oct Nov Dec
2011: Jan Feb Mar Apr May Jun Jul Aug Sep Oct Nov Dec
2010: Jan Feb Mar Apr May Jun Jul Aug Sep Oct Nov Dec
2009: Jan Feb Mar Apr May Jun Jul Aug Sep Oct Nov Dec
2008: Jan Feb Mar Apr May Jun Jul Aug Sep Oct Nov Dec
2007: Jan Feb Mar Apr May Jun Jul Aug Sep Oct Nov Dec
2006: Jan Feb Mar Apr May Jun Jul Aug Sep Oct Nov Dec
2005: Jan Feb Mar Apr May Jun Jul Aug Sep Oct Nov Dec
2004: Jan Feb Mar Apr May Jun Jul Aug Sep Oct Nov Dec
2003: Jan Feb Mar Apr May Jun Jul Aug Sep Oct Nov Dec

Report for 2014 May

Daily NOAA report



                            MONTHLY CLIMATOLOGICAL SUMMARY for MAY. 2014

NAME: Athelstane Weather   CITY: Athelstane STATE: Wisconsin
ELEV: 812 LAT: 045:23:00 LONG: 0088:07:00

                            TEMPERATURE ( °F), RAIN (in.), WIND SPEED (mph)

                                               HEAT     COOL           AVG
      MEAN                                     DEG      DEG            WIND                       DOM
DAY   TEMP    HIGH   TIME     LOW    TIME      DAYS     DAYS    RAIN   SPEED    HIGH    TIME      DIR
--------------------------------------------------------------------------------------------------------
01    43.5   047.7   14:04    39.9   06:10     21.4     00.0   00.08   00.9     11.5    20:15      W 
02    45.3   055.8   16:04    40.1   06:22     19.7     00.0   00.00   02.2     11.5    09:13      W 
03    46.2   060.6   16:57    31.1   23:46     18.7     00.0   00.04   02.7     19.6    14:31     WNW
04    45.2   059.9   16:48    30.9   04:13     19.7     00.0   00.00   02.2     13.8    12:45     NNW
05    42.8   058.2   17:11    30.4   02:12     22.1     00.0   00.00   00.4     06.9    17:00     SSE
06    44.5   058.6   13:47    27.1   05:33     20.4     00.0   00.00   01.6     11.5    16:12      E 
07    44.0   049.5   18:10    37.9   01:30     21.0     00.0   00.28   00.8     10.3    18:32      E 
08    52.1   062.8   12:18    42.3   04:20     12.8     00.0   00.16   00.8     12.7    04:27      SE
09    57.8   074.8   12:15    49.8   05:49     07.2     00.0   00.04   04.4     23.0    19:18     WSW
10    58.2   076.6   16:50    40.3   05:45     06.8     00.0   00.00   03.7     18.4    00:02      W 
11    60.9   075.0   15:00    48.5   00:01     04.0     00.0   00.00   00.9     09.2    16:10      E 
12    50.0   055.8   00:05    47.1   00:00     14.9     00.0   00.39   00.4     08.1    20:23      E 
13    53.3   064.6   15:52    45.2   00:00     11.7     00.0   00.00   02.8     14.9    14:59      W 
14    51.4   066.2   15:24    34.3   06:20     13.5     00.0   00.00   01.8     13.8    11:49     WNW
15    42.6   048.4   13:39    36.0   00:00     22.3     00.0   00.00   01.8     14.9    14:33     NNE
16    41.6   053.1   16:51    28.8   06:02     23.4     00.0   00.00   01.0     10.3    09:58     WNW
17    47.9   065.1   16:58    25.2   05:46     17.0     00.0   00.00   02.2     16.1    11:25      W 
18    55.2   075.6   15:14    34.7   05:34     09.8     00.0   00.00   01.9     14.9    15:35     WSW
19    53.9   070.3   12:32    38.5   05:48     11.0     00.0   00.24   02.3     13.8    12:01     SSW
20    56.5   070.3   18:34    47.9   04:19     08.5     00.0   00.43   01.4     10.3    03:00      E 
21    61.0   077.9   12:32    41.5   05:21     03.9     00.0   00.00   02.3     16.1    15:41     WNW
22    57.5   065.8   11:04    46.9   03:17     07.4     00.0   00.00   01.5     13.8    09:05      NW
23    59.1   077.5   18:05    39.9   04:27     05.9     00.0   00.00   01.0     10.3    09:59      NW
24    65.8   084.7   14:35    41.9   05:38     00.0     00.8   00.00   01.9     14.9    16:01      SW
25    69.0   086.6   15:04    46.6   05:49     00.0     04.0   00.00   02.0     16.1    16:39      SW
26    67.3   086.2   14:02    56.3   03:02     00.0     02.3   00.91   01.2     13.8    14:01     WSW
27    66.4   079.3   13:55    56.5   00:00     00.0     01.4   00.00   00.3     08.1    15:36     ENE
28    63.0   080.1   15:51    47.8   05:40     02.0     00.0   00.00   01.1     12.7    16:37     ENE
29    63.5   081.9   16:55    43.2   05:45     01.5     00.0   00.00   00.8     09.2    15:51      E 
30    68.3   088.9   16:40    45.9   06:05     00.0     03.4   00.00   01.0     10.3    16:22      S 
31    70.4   089.2   15:57    48.4   05:33     00.0     05.4   00.00   01.6     11.5    15:55     WSW
--------------------------------------------------------------------------------------------------------
55.0 (55.1)   89.2  day 31     25.2  day 17   326.4    017.4   02.56   01.6     23.0   day 09      W 
Max >=  86: 4
Min  .008in) 6 (> .08in) 1 (> 0.8in)