NOAA-Style Climate Reports


Report for 2014 May
                  MONTHLY CLIMATOLOGICAL SUMMARY FOR 5/2014
                                        HEAT  COOL        
     MEAN                               DEG   DEG       WIND SPEED       DOM MEAN  MEAN
DAY  TEMP  HIGH   TIME     LOW   TIME   DAYS  DAYS RAIN AVG  HI  TIME    DIR BAROM HUM
---------------------------------------------------------------------------------------
1    43.7  47.7   1:27pm  39.9   2:14am   18    0  0.08   1  16   7:17pm WSW 29.62   91
2    45.3  55.8   4:01pm  39.9  11:51pm   20    0  0.00   3  17   9:12am WSW 29.64   78
3    46.2  60.6   4:55pm  31.1  11:41pm   19    0  0.04   4  29   2:30pm WNW 29.64   62
4    45.3  59.9   4:46pm  30.9   4:10am   19    0  0.00   3  21   7:18am  NW 29.95   55
5    42.9  58.3   5:09pm  30.4   1:48am   22    0  0.00   1  10  12:45pm ESE 30.05   63
6    44.5  58.6  12:58pm  27.1   5:13am   20    0  0.00   2  17   4:11pm   E 30.05   53
7    44.0  49.5   6:02pm  37.9   1:18am   21    0  0.35   1  16   6:31pm   E 29.96   72
8    52.1  62.8  12:14pm  42.3   3:38am   13    0  0.16   1  19   4:26am   E 29.78   83
9    57.8  74.8  12:06pm  49.8   5:41am    8    1  0.04   7  35   7:17pm WSW 29.55   73
10   58.2  76.6   4:48pm  40.3   5:41am    9    2  0.00   5  27  12:01am WSW 29.79   43
11   60.9  75.0   2:56pm  48.4  12:00am    6    2  0.00   1  13   4:09pm   E 29.91   49
12   50.1  68.0   9:13am  47.1  11:52pm   15    0  0.39   1  12   8:22pm   E 29.85   83
13   53.3  64.6   3:50pm  45.1  11:59pm   12    0  0.00   4  23   1:46pm WSW 29.84   71
14   51.4  66.2   3:22pm  34.3   5:59am   14    0  0.00   3  21  11:49am   W 30.10   50
15   42.6  48.4   1:31pm  36.0  11:58pm   22    0  0.00   3  23   2:32pm NNE 30.01   54
16   41.6  53.1   4:41pm  28.8   5:48am   23    0  0.00   2  16   9:27am WNW 29.99   55
17   47.9  65.1   4:55pm  25.2   5:22am   17    0  0.00   3  24  11:24am WSW 29.96   46
18   55.1  75.6   3:10pm  34.7   5:13am   12    2  0.00   3  23   3:15pm WSW 30.02   45
19   54.0  70.3  12:29pm  38.5   5:31am   12    1  0.31   3  21  10:37am WSW 30.06   61
20   56.5  70.3   6:32pm  47.8   4:18am    9    1  0.43   2  15   2:59am   E 29.86   80
21   61.1  77.9  12:28pm  41.5   5:18am    8    4  0.00   3  24   3:39pm WSW 29.84   60
22   57.5  65.8  11:02am  46.9   3:07am    8    0  0.00   2  20   8:57am WNW 30.05   55
23   59.1  77.5   6:03pm  39.9   4:12am    9    3  0.00   2  15   9:58am   E 30.15   51
24   65.8  84.7   2:26pm  41.9   5:09am    7    8  0.00   3  22   4:00pm WSW 30.11   47
25   69.0  86.7   3:03pm  46.6   5:30am    5    9  0.00   3  24   4:38pm WSW 30.01   45
26   67.3  86.2   1:58pm  56.3   1:34am    2    4  0.98   2  21   2:00pm WSW 29.89   71
27   66.4  79.3   1:53pm  56.5  11:44pm    2    4  0.00   1  12   3:35pm ESE 29.91   68
28   63.1  80.1   3:49pm  47.8   5:17am    6    4  0.00   2  19   4:36pm   E 30.05   49
29   63.5  81.9   4:53pm  43.2   5:17am    7    6  0.00   1  14   2:42pm   E 30.11   56
30   68.4  98.6  10:45pm  45.9   5:57am    6    9  0.00   1  15   4:20pm WSW 30.14   54
31   70.2  89.2   3:54pm  48.4   5:24am    4    9  0.00   2  17  11:09am WSW 30.10   54
---------------------------------------------------------------------------------------
TOT  55.0  98.6  5/30/14  25.2  5/17/14  374   67  2.80   2  35   5/9/14 WSW 29.94   60

HEAT BASE: 65.0
COOL BASE: 65.0