NOAA-Style Climate Reports


Report for 2014 April
                  MONTHLY CLIMATOLOGICAL SUMMARY FOR 4/2014
                                        HEAT  COOL        
     MEAN                               DEG   DEG       WIND SPEED       DOM MEAN  MEAN
DAY  TEMP  HIGH   TIME     LOW   TIME   DAYS  DAYS RAIN AVG  HI  TIME    DIR BAROM HUM
---------------------------------------------------------------------------------------
1    34.4  44.6  12:19am  27.0   7:59pm   31    0  0.00   7  30   3:22pm WSW 29.65   63
2
3    32.0  32.4   7:38pm  30.9  11:39pm    6    0  0.00   2  14  10:03pm WSW 29.86   65
4    30.4  33.4   1:26pm  26.2  11:55pm   35    0  0.12   0  19   3:20pm  NW 29.62   87
5    32.3  49.5   5:36pm  15.8   5:20am   33    0  0.55   3  21   1:28pm WSW 29.99   65
6    41.3  57.7   4:06pm  25.0   1:31am   22    0  0.00   3  21   2:04pm WSW 29.91   57
7    40.0  50.5  11:35am  29.7   3:42am   25    0  0.04   0  17   7:12pm WSW 29.74   78
8    43.0  56.8   1:57pm  28.0  11:54pm   22    0  0.00   2  20  11:57am  NW 29.74   65
9    42.4  59.0   4:01pm  22.5   5:57am   23    0  0.00   4  28   4:17pm WSW 29.78   51
10   50.2  62.8   3:31pm  29.1  11:55pm   15    0  0.00   7  29  11:28am WSW 29.61   40
11   38.6  53.8   5:38pm  24.6   6:10am   26    0  0.04   2  17  11:39am WSW 29.91   56
12   37.2  43.9  12:04pm  30.7   2:48am   28    0  0.04   1  14  12:12pm WSW 29.91   83
13   42.2  56.8   2:53pm  33.6  11:23pm   21    0  0.39   1  14   7:34pm NNE 29.72   83
14   28.3  34.5   1:33am  15.1  11:59pm   37    0  0.16   1  19   1:38am NNE 29.79   81
15   21.8  34.3   3:17pm   9.7   4:02am   43    0  0.12   3  21  11:11am WSW 30.03   58
16   24.4  32.9   5:49pm   9.7   4:14am   40    0  0.04   2  15   4:11pm   E 30.20   72
17   35.9  45.9   3:56pm  30.7  12:00am   29    0  0.24   1  12  10:51pm   W 30.15   83
18   37.9  49.6   5:01pm  28.4  11:57pm   27    0  0.00   2  16   2:20pm WNW 30.31   57
19   41.4  55.0   3:33pm  26.4   1:12am   24    0  0.00   3  19  12:32pm   E 30.28   54
20   48.5  56.7   5:43pm  40.8   3:59am   16    0  0.16   1  16   1:46pm WSW 30.04   84
21   53.7  72.9   4:25pm  41.5   5:13am   12    1  0.00   3  30  10:29pm WSW 29.83   71
22   39.4  45.9  10:57am  25.7  11:41pm   26    0  0.00   4  24   1:26am  NW 29.95   53
23   39.8  57.2   2:41pm  21.4   4:42am   25    0  0.00   2  16   3:13pm ESE 30.11   50
24   37.1  39.4   1:10pm  35.1   3:34am   28    0  0.51   2  21   4:18pm   E 29.96   66
25   42.2  56.8   1:06pm  34.5   6:37am   23    0  0.08   4  27   3:11pm   W 29.71   74
26   40.6  52.3   3:29pm  31.3  11:57pm   24    0  0.00   2  17  12:04am   E 29.98   57
27   37.3  43.5   5:44pm  26.8   5:51am   27    0  0.00   3  23   4:43pm   E 30.09   54
28   44.9  50.2  12:01pm  37.2  11:45pm   20    0  0.12   6  29  11:34am   E 29.93   45
29   39.3 104.0   3:19am  32.0   4:49am   25    0  0.83   2  19   3:22am  NE 29.67   90
30   46.4  55.4   3:29pm  39.9  12:00am   19    0  0.04   1  12  12:59pm   E 29.67   93
---------------------------------------------------------------------------------------
TOT  38.9 104.0  4/29/14   9.7  4/15/14  729    1  3.46   3  30   4/1/14 WSW 29.90   67

HEAT BASE: 65.0
COOL BASE: 65.0