NOAA-Style Climate Reports

Select a Year or Month report
2018: Jan Feb Mar Apr May Jun Jul Aug Sep Oct Nov Dec
2017: Jan Feb Mar Apr May Jun Jul Aug Sep Oct Nov Dec
2016: Jan Feb Mar Apr May Jun Jul Aug Sep Oct Nov Dec
2015: Jan Feb Mar Apr May Jun Jul Aug Sep Oct Nov Dec
2014: Jan Feb Mar Apr May Jun Jul Aug Sep Oct Nov Dec
2013: Jan Feb Mar Apr May Jun Jul Aug Sep Oct Nov Dec
2012: Jan Feb Mar Apr May Jun Jul Aug Sep Oct Nov Dec
2011: Jan Feb Mar Apr May Jun Jul Aug Sep Oct Nov Dec
2010: Jan Feb Mar Apr May Jun Jul Aug Sep Oct Nov Dec
2009: Jan Feb Mar Apr May Jun Jul Aug Sep Oct Nov Dec
2008: Jan Feb Mar Apr May Jun Jul Aug Sep Oct Nov Dec
2007: Jan Feb Mar Apr May Jun Jul Aug Sep Oct Nov Dec
2006: Jan Feb Mar Apr May Jun Jul Aug Sep Oct Nov Dec
2005: Jan Feb Mar Apr May Jun Jul Aug Sep Oct Nov Dec
2004: Jan Feb Mar Apr May Jun Jul Aug Sep Oct Nov Dec
2003: Jan Feb Mar Apr May Jun Jul Aug Sep Oct Nov Dec

Report for 2014 April

Daily NOAA report



                            MONTHLY CLIMATOLOGICAL SUMMARY for APR. 2014

NAME: Athelstane Weather   CITY: Athelstane STATE: Wisconsin
ELEV: 812 LAT: 045:23:00 LONG: 0088:07:00

                            TEMPERATURE ( °F), RAIN (in.), WIND SPEED (mph)

                                               HEAT     COOL           AVG
      MEAN                                     DEG      DEG            WIND                       DOM
DAY   TEMP    HIGH   TIME     LOW    TIME      DAYS     DAYS    RAIN   SPEED    HIGH    TIME      DIR
--------------------------------------------------------------------------------------------------------
01    34.4   044.6   02:22    27.0   20:35     30.6     00.0   00.00   04.8     19.6    15:23     WSW
03    31.5   032.4   22:20    27.9   00:37     33.4     00.0   00.00   01.9     10.3    00:14     ENE
04    30.4   033.4   14:18    26.2   00:00     34.6     00.0   00.08   00.3     12.7    15:21      NW
05    32.3   048.9   17:37    15.8   07:31     32.6     00.0   00.47   01.9     13.8    15:48     WSW
06    41.5   057.7   16:10    25.0   02:01     23.4     00.0   00.00   01.8     13.8    15:53     SSW
07    40.1   050.5   11:44    29.7   04:37     24.9     00.0   00.04   00.3     11.5    20:01     WNW
08    43.0   056.8   15:22    28.0   00:00     22.0     00.0   00.00   01.3     13.8    11:58     NNW
09    42.4   059.0   16:13    22.5   06:23     22.5     00.0   00.00   02.6     18.4    16:18     WSW
10    50.2   062.7   15:32    29.1   00:00     14.7     00.0   00.00   04.6     19.6    17:49      W 
11    38.6   053.8   17:47    24.6   06:46     26.3     00.0   00.04   01.5     11.5    17:56      W 
12    37.1   043.9   12:07    30.7   03:08     27.8     00.0   00.04   00.5     09.2    14:17     ENE
13    42.3   056.8   15:07    33.6   23:33     22.6     00.0   00.39   00.6     09.2    19:35      NE
14    28.3   034.5   01:53    15.2   00:00     36.7     00.0   00.16   00.9     12.7    01:39     NNE
15    21.8   034.3   17:33    09.7   04:10     43.1     00.0   00.04   01.8     13.8    13:46     WNW
16    24.4   032.9   18:08    09.7   05:26     40.5     00.0   00.04   01.2     10.3    16:12     ENE
17    35.9   045.9   16:01    30.8   00:01     29.1     00.0   00.24   00.8     08.1    23:10     WNW
18    37.9   049.6   17:03    28.4   00:00     27.1     00.0   00.00   01.1     11.5    14:21     NNW
19    41.4   055.0   15:43    26.4   01:14     23.5     00.0   00.00   02.0     12.7    12:33      SE
20    48.5   056.7   18:00    40.8   04:14     16.4     00.0   00.16   00.7     11.5    13:47      SW
21    53.7   072.9   16:28    41.5   05:25     11.2     00.0   00.00   02.3     19.6    22:30      W 
22    39.4   045.8   10:58    25.7   00:00     25.6     00.0   00.00   03.1     16.1    16:30     NNW
23    39.8   057.2   14:46    21.4   06:21     25.1     00.0   00.00   01.2     10.3    16:00      SW
24    37.1   039.4   13:37    35.1   05:46     27.9     00.0   00.43   01.2     13.8    16:19      E 
25    42.2   056.8   13:11    34.5   07:26     22.7     00.0   00.08   02.6     17.3    15:12      W 
26    40.6   052.3   15:33    31.3   00:00     24.3     00.0   00.00   01.2     11.5    00:06     NNE
27    37.3   043.5   18:13    26.8   06:03     27.6     00.0   00.00   02.2     14.9    16:44     ENE
28    44.9   050.2   14:41    37.2   00:00     20.1     00.0   00.08   04.0     19.6    11:35     ENE
29    39.2   042.4   16:45    33.6   10:16     25.7     00.0   00.63   01.5     12.7    08:19     ENE
30    46.4   055.4   15:32    39.9   00:23     18.5     00.0   00.04   00.6     08.1    15:39      E 
--------------------------------------------------------------------------------------------------------
38.7 (38.5)   72.9  day 21     09.7  day 16   760.6    000.0   02.99   01.7     19.6   day 10     WNW
Min  .08in) 0 (> 0.8in)