NOAA-Style Climate Reports


Report for 2014 March
                  MONTHLY CLIMATOLOGICAL SUMMARY FOR 3/2014
                                        HEAT  COOL        
     MEAN                               DEG   DEG       WIND SPEED       DOM MEAN  MEAN
DAY  TEMP  HIGH   TIME     LOW   TIME   DAYS  DAYS RAIN AVG  HI  TIME    DIR BAROM HUM
---------------------------------------------------------------------------------------
1     6.5  12.2   2:21pm  -1.1  11:47pm   58    0  0.00   3  16  10:43pm WNW 30.15   48
2    -0.3  14.2   3:08pm -14.3  11:48pm   65    0  0.00   4  19  12:48pm WSW 30.31   44
3     2.3  21.4   2:56pm -21.1   4:08am   63    0  0.00   4  20   3:28pm WSW 30.34   41
4    13.1  24.6   1:11pm   3.7   8:50pm   52    0  0.00   1  12   9:04am WSW 30.18   48
5     5.0  22.8   3:21pm -11.2  11:50pm   60    0  0.00   1  13  11:53am   E 30.43   46
6     9.2  29.1   2:55pm -17.1   4:42am   56    0  0.00   2  17  11:13am WSW 30.21   49
7
8    21.4  35.8   3:18pm   6.8  11:58pm   41    0  0.04   2  13  10:31am WSW 30.13   53
9    24.6  41.2   6:07pm   3.4   4:26am   35    0  0.08   3  22   2:50pm WSW 29.80   52
10   39.9  62.2   3:45pm  21.2   7:14am   24    0  0.08   4  29   2:26pm WSW 29.51   55
11   39.0  46.8   2:00pm  29.5  11:58pm   26    0  0.00   1  16   3:06pm WNW 29.71   52
12   16.8  29.5  12:00am   2.5  11:59pm   48    0  0.00   3  19  12:34pm NNE 29.99   49
13   18.0  38.1   4:32pm  -2.0   2:44am   47    0  0.00   3  20   2:00pm WSW 29.84   48
14   36.0  45.3  12:53pm  28.8   7:33am   29    0  0.00   4  31   4:18pm WSW 29.47   70
15   23.1  31.3   3:01pm   8.2  11:55pm   42    0  0.00   3  19  12:39am  NW 30.06   51
16   10.2  25.5   3:59pm  -4.4   7:16am   52    0  0.00   2  14   3:58pm ESE 30.34   44
17   16.2  25.5  12:53pm   3.0   1:45am   49    0  0.00   2  18   1:09pm   E 29.90   54
18   28.8  38.5  12:51pm  18.9   7:06am   36    0  0.00   2  15  12:54pm   E 29.85   68
19   32.0  38.1   3:20pm  28.8   5:43am   32    0  0.20   2  20   6:12pm WNW 29.69   80
20   30.0  38.8   5:27pm  18.0  11:59pm   35    0  0.00   3  18  12:06am WNW 29.91   60
21   26.6  39.7   2:44pm  10.2   6:23am   38    0  0.00   1  16  12:01pm   E 29.85   65
22   23.4  33.3   3:50am   8.6  11:44pm   36    0  0.00   3  21   5:49am  NW 30.07   57
23   14.0  27.3   4:36pm  -3.1   1:58am   49    0  0.00   2  21   1:25pm WNW 30.30   47
24   16.7  32.9   3:06pm  -2.2   7:01am   48    0  0.00   5  27   5:37pm WSW 30.10   45
25   14.2  23.4   3:30pm   2.1  11:54pm   51    0  0.00   4  25   4:36pm WNW 30.01   50
26   16.8  30.9   1:59pm  -2.7   6:33am   48    0  0.00   3  23   1:13pm WSW 30.07   47
27   31.9  36.9   2:43pm  25.7  12:35am   32    0  0.12   1  15   3:03am WSW 29.64   86
28   33.2  42.4   4:33pm  28.0   7:47am   30    0  0.51   1  16  12:41pm  NW 29.87   74
29   33.1  47.5   3:34pm  23.5  11:58pm   32    0  0.00   1  13   1:31pm ESE 30.21   53
30   34.0  50.7   4:51pm  16.7   6:12am   30    0  0.00   2  21  12:20pm WSW 30.05   55
31   40.5  51.6   1:42pm  28.6   3:25am   25    0  0.00   2  19   1:28pm   E 29.84   61
---------------------------------------------------------------------------------------
TOT  21.9  62.2  3/10/14 -21.1   3/3/14 1268    0  1.02   2  31  3/14/14 WSW 29.99   55

HEAT BASE: 65.0
COOL BASE: 65.0