NOAA-Style Climate Reports


Report for 2014 February
                  MONTHLY CLIMATOLOGICAL SUMMARY FOR 2/2014
                                        HEAT  COOL        
     MEAN                               DEG   DEG       WIND SPEED       DOM MEAN  MEAN
DAY  TEMP  HIGH   TIME     LOW   TIME   DAYS  DAYS RAIN AVG  HI  TIME    DIR BAROM HUM
---------------------------------------------------------------------------------------
1     1.1  26.8  12:01pm -16.6   1:12am   64    0  0.00   1  14  12:05pm WSW 29.94   57
2     0.9  21.7   3:09pm -15.0   7:35am   64    0  0.00   2  15   9:50am WSW 30.10   54
3     0.5  22.3   2:55pm -19.5   6:40am   64    0  0.00   2  17  12:38pm WSW 30.20   31
4     6.6  23.2   2:05pm -10.3   5:20am   58    0  0.00   0  10  12:09pm ESE 30.30   53
5     7.8  12.4   2:47pm  -4.4  11:26pm   57    0  0.00   1  17  10:30am  NW 30.28   54
6    -0.3  14.0   3:19pm -13.0   7:32am   65    0  0.00   5  22   5:23pm WSW 30.14   50
7     1.9  17.8   3:13pm -15.5   7:31am   63    0  0.00   7  30   3:56pm WSW 30.02   43
8     0.3  19.9   1:24pm -17.7   6:51am   65    0  0.00   2  17  11:28am WSW 30.07   46
9     8.9  19.8  12:10pm  -4.4  11:57pm   53    0  0.00   2  18  10:38am WNW 30.05   50
10   -3.1  13.8   3:40pm -16.1  11:58pm   68    0  0.00   2  16  12:14pm WNW 30.27   50
11   -3.5  16.0   2:56pm -24.0   7:12am   68    0  0.00   2  17   2:25pm WSW 30.31   48
12    8.4  20.5   2:26pm  -2.0  10:48pm   57    0  0.00   4  17   1:55am WSW 30.04   51
13   13.1  21.6   4:53pm  -0.4  12:00am   52    0  0.00   1  14  12:34pm WSW 29.62   71
14   12.8  25.5   3:08pm  -2.6  11:26pm   52    0  0.00   3  22   7:18am  NW 29.68   64
15    4.8  18.1   2:42pm -15.2   6:46am   59    0  0.00   1  13   1:19pm WSW 29.92   49
16    9.9  24.1   3:46pm  -5.1  11:55pm   55    0  0.00   1  10   8:25am   E 30.11   54
17   14.2  22.8   1:53pm  -5.1  12:00am   51    0  0.00   1  17   2:54pm   E 29.93   71
18   15.6  31.6   3:06pm  -2.0   3:38am   49    0  0.00   1  14   9:39am WSW 29.66   80
19   31.1  46.8   2:51pm  15.4   7:28am   34    0  0.24   3  24   3:01pm WSW 29.72   60
20   30.7  39.2   1:42pm  17.2   5:22am   34    0  0.08   3  21   6:03pm   E 29.56   74
21   19.2  34.3  12:54am  12.6  11:47pm   31    0  0.08  11  36   5:14pm WSW 29.24   66
22   14.7  26.1   2:44pm   8.1   7:01am   50    0  0.00   9  27   2:10pm WSW 29.68   56
23   12.5  23.4   3:26pm   1.6   6:46am   53    0  0.00   8  29   4:23pm WSW 29.92   53
24    8.7  19.9   3:33pm  -3.8  11:11pm   56    0  0.00   5  24   9:53am WSW 30.06   55
25    3.4  13.6   3:25pm  -8.1   7:10am   62    0  0.00   5  27   8:04am   W 30.05   48
26    0.9  11.1   3:13pm -12.5   4:54am   64    0  0.00   7  30   1:11pm WSW 29.73   48
27   -2.5   7.9   3:07pm -19.8  11:59pm   68    0  0.00   4  22  10:03am  NW 29.93   48
28   -2.5  10.4  12:35pm -24.3   5:50am   67    0  0.00   2  20  12:16pm WSW 30.01   48
---------------------------------------------------------------------------------------
TOT   7.6  46.8  2/19/14 -24.3  2/28/14 1585    0  0.39   3  36  2/21/14 WSW 29.95   55

HEAT BASE: 65.0
COOL BASE: 65.0