NOAA-Style Climate Reports


Report for 2014 January
                  MONTHLY CLIMATOLOGICAL SUMMARY FOR 1/2014
                                        HEAT  COOL        
     MEAN                               DEG   DEG       WIND SPEED       DOM MEAN  MEAN
DAY  TEMP  HIGH   TIME     LOW   TIME   DAYS  DAYS RAIN AVG  HI  TIME    DIR BAROM HUM
---------------------------------------------------------------------------------------
1     0.2   8.4   2:44pm -13.2  12:00am   65    0  0.00   0  10  10:36am  NW 30.35    5
2    -1.4   9.9   3:07pm -17.7  11:54pm   66    0  0.00   1  13  11:44am  NW 30.31    9
3    -0.6  16.5  11:56pm -21.8   3:14am   66    0  0.00   5  29  11:16pm WSW 30.01   14
4    16.6  26.4  12:06pm  -1.7  10:53pm   48    0  0.00   4  28   1:34am WSW 29.72   67
5     0.4   5.5   1:05pm  -9.0  11:54pm   64    0  0.00   2  17   9:22am  NW 30.05   27
6   -14.2  -9.0  12:00am -18.6   8:15am   79    0  0.00   8  26   2:35pm WSW 29.93    5
7   -12.9   2.7   3:15pm -20.6   5:41am   78    0  0.00   5  24  12:34pm WSW 30.00    5
8   -10.4  10.0   3:12pm -24.2   7:25am   75    0  0.00   2  14  11:39am WSW 30.28    5
9    -4.0  14.2   2:46pm -26.1   7:28am   69    0  0.00   2  18  12:10pm WSW 30.27    7
10   22.6  28.8  11:47pm  10.9  12:00am   42    0  0.00   0  11  11:02am WSW 29.78   73
11   29.4  31.1  12:02pm  23.9  12:21pm   36    0  0.00   3  21   1:13pm   W 29.39   87
12   29.9  36.3   2:23pm  24.1   6:59am   35    0  0.00   2  16  12:42am WSW 29.51   81
13   31.5  36.3  10:38am  26.4  11:50pm   33    0  0.00   4  23  12:20pm WSW 29.48   73
14   20.9  26.4  12:00am  13.6  11:52pm   44    0  0.00   1  20   9:38pm NNE 29.66   76
15   13.3  18.5   2:38pm   9.3   8:59pm   52    0  0.00   4  17   9:57pm WSW 29.82   67
16   20.4  28.2   1:06pm   9.9  12:00am   44    0  0.00   2  17  12:21am WSW 29.43   75
17   16.3  24.6  12:46pm  -1.3   9:47pm   47    0  0.00   2  21  12:29pm  NW 29.72   70
18    9.7  22.5   3:03pm   1.4   7:20pm   55    0  0.00   1  14  11:54pm WSW 29.76   61
19   21.8  30.4   1:08pm  10.2  11:59pm   42    0  0.04   4  19   6:01am WSW 29.45   73
20    6.0  12.6  12:27pm -10.8  11:59pm   59    0  0.00   1  19  12:29pm  NW 29.93   72
21   -4.8  10.8   2:58pm -15.3   4:52am   70    0  0.00   1  14  11:08am WSW 30.16   72
22    2.3   7.2   2:03pm  -1.3  12:00am   63    0  0.00   3  17   3:40pm WSW 29.89   72
23    1.2   9.9   1:10pm -14.6   8:19pm   64    0  0.00   3  22  12:32pm WSW 30.30   72
24    6.8  19.6  10:43pm -10.3  12:44am   58    0  0.00   7  24   6:24am WSW 29.59   74
25    4.1  21.4  12:48am -12.8   8:54pm   61    0  0.00   4  28   3:41am  NW 29.51   59
26    0.2   8.2   2:44pm -12.1  12:29am   61    0  0.00   3  26  10:53pm WSW 29.42   29
27   -7.2  -1.8   2:54pm -13.4   5:02am   72    0  0.00   6  24   2:06am WSW 30.00    5
28   -8.0   3.7   3:09pm -21.6   5:42am   73    0  0.00   8  26  12:50pm WSW 30.03   11
29    7.8  20.7   3:13pm  -7.1   8:02am   57    0  0.00   6  23   1:05am WSW 29.81   31
30   19.3  24.8   3:12pm   6.1  11:56pm   46    0  0.00   3  19  12:42am WSW 29.59   69
31   -1.5  14.0   3:23pm -15.0   7:38am   67    0  0.00   2  16  11:59am WSW 29.97   65
---------------------------------------------------------------------------------------
TOT   6.9  36.3  1/12/14 -26.1   1/9/14 1791    0  0.04   3  29   1/3/14 WSW 29.84   49

HEAT BASE: 65.0
COOL BASE: 65.0