NOAA-Style Climate Reports


Report for 2013 December
                  MONTHLY CLIMATOLOGICAL SUMMARY FOR 12/2013
                                        HEAT  COOL        
     MEAN                               DEG   DEG       WIND SPEED       DOM MEAN  MEAN
DAY  TEMP  HIGH   TIME     LOW   TIME   DAYS  DAYS RAIN AVG  HI  TIME    DIR BAROM HUM
---------------------------------------------------------------------------------------
1    31.0  34.7  11:24am  28.8  11:49pm   29    0  0.00   0   5   3:44am WNW 30.00   76
2    31.3  37.4   1:32pm  27.9   6:11am   33    0  0.00   0  13   1:32pm   E 29.87   73
3    28.8  33.6   2:19am  25.2   9:33pm   30    0  0.00   0  11   6:45am   E 29.83   87
4    30.3  37.2  10:45pm  25.3  12:00am   35    0  0.24   1  27  11:59pm WSW 29.63   94
5    18.5  35.8  12:00am   4.6  11:51pm   46    0  0.04  11  33   4:24am WSW 29.77   61
6     4.5  15.6   2:46pm  -4.2   7:08am   61    0  0.00   4  22  12:31pm WSW 30.25   51
7     0.7  12.2   3:00pm  -9.2  11:59pm   64    0  0.00   5  21  11:02am WSW 30.47   36
8     2.2  10.2  11:52pm -10.5   1:21am   61    0  0.00   0   7  10:30am ESE 30.28    5
9     7.7  16.9  11:42am -10.3  11:53pm   57    0  0.00   5  30   1:55pm WSW 29.86   35
10    0.9  12.0   2:40pm -13.7   1:22am   64    0  0.00   5  22   2:29pm WSW 29.90   51
11   -1.9   6.3   2:45pm -10.5  10:57pm   67    0  0.00   5  24  10:36am WSW 30.26   51
12    5.2  15.8   2:54pm  -9.0  12:11am   60    0  0.00   6  19  10:16am WSW 30.14   51
13   10.2  13.3   1:33pm   7.5  11:32pm   55    0  0.00   1  14  12:12am   W 30.20   51
14   12.0  17.2   1:07pm   7.3  12:35am   49    0  0.00   0   7   5:03am   E 30.08   59
15    8.2  14.2   3:00am  -2.9  11:55pm   54    0  0.04   6  31  11:18am WNW 29.85   30
16    4.3  16.7  12:46pm -11.4   7:29am   61    0  0.00   2  17  12:18pm WSW 29.97   33
17   15.7  27.7   2:24pm  -3.1   2:27am   49    0  0.00   2  17  12:19pm   W 29.81   65
18   10.2  18.7   1:08pm   0.5   8:00am   55    0  0.00   1  20  12:59am WSW 29.84   56
19   14.7  25.2  12:20pm  -0.2   2:58am   50    0  0.00   0  12  11:07am NNE 29.93   61
20   19.4  21.9  12:36pm  16.5   6:34am   45    0  0.00   0   7  11:15am   E 29.90   76
21   21.4  26.4   1:08pm  18.3   1:56am   42    0  0.00   0   8   1:10pm   E 29.86   78
22   20.9  24.6   1:12pm  18.5   7:11am   43    0  0.00   0   9   4:17am NNE 29.89   80
23   14.1  20.7  12:20pm  -3.3  11:51pm   51    0  0.00   0  12   1:29pm  NW 30.21   76
24    4.2  18.5   3:06pm -11.9   8:18am   61    0  0.00   1  14   2:59pm WSW 30.34   62
25   12.5  16.7   2:53pm   7.9   5:26am   52    0  0.00   3  17  11:42am WSW 30.03   62
26   10.8  16.7   2:42pm   0.1   6:53am   54    0  0.00   1  16   3:59am WSW 30.06   68
27   20.2  28.6   3:40pm  10.8   5:54am   45    0  0.00   2  19  12:04pm WSW 29.98   76
28   27.4  35.4   3:14pm  20.3  12:09am   38    0  0.00   1  13  11:27am WSW 29.80   87
29   10.9  30.0  12:32am  -8.5  10:04pm   51    0  0.00   3  19   6:22am NNE 29.94   34
30   -3.7   5.4   1:45pm -13.5   7:22am   69    0  0.00   3  16  10:26pm   W 30.13    5
31   -6.7   5.0  12:40pm -16.8   7:08am   72    0  0.00   3  20  11:48am WSW 30.15    5
---------------------------------------------------------------------------------------
TOT  12.3  37.4  12/2/13 -16.8 12/31/13 1603    0  0.31   2  33  12/5/13 WSW 30.01   56

HEAT BASE: 65.0
COOL BASE: 65.0