NOAA-Style Climate Reports

Select a Year or Month report
2018: Jan Feb Mar Apr May Jun Jul Aug Sep Oct Nov Dec
2017: Jan Feb Mar Apr May Jun Jul Aug Sep Oct Nov Dec
2016: Jan Feb Mar Apr May Jun Jul Aug Sep Oct Nov Dec
2015: Jan Feb Mar Apr May Jun Jul Aug Sep Oct Nov Dec
2014: Jan Feb Mar Apr May Jun Jul Aug Sep Oct Nov Dec
2013: Jan Feb Mar Apr May Jun Jul Aug Sep Oct Nov Dec
2012: Jan Feb Mar Apr May Jun Jul Aug Sep Oct Nov Dec
2011: Jan Feb Mar Apr May Jun Jul Aug Sep Oct Nov Dec
2010: Jan Feb Mar Apr May Jun Jul Aug Sep Oct Nov Dec
2009: Jan Feb Mar Apr May Jun Jul Aug Sep Oct Nov Dec
2008: Jan Feb Mar Apr May Jun Jul Aug Sep Oct Nov Dec
2007: Jan Feb Mar Apr May Jun Jul Aug Sep Oct Nov Dec
2006: Jan Feb Mar Apr May Jun Jul Aug Sep Oct Nov Dec
2005: Jan Feb Mar Apr May Jun Jul Aug Sep Oct Nov Dec
2004: Jan Feb Mar Apr May Jun Jul Aug Sep Oct Nov Dec
2003: Jan Feb Mar Apr May Jun Jul Aug Sep Oct Nov Dec

Report for 2013 December

Daily NOAA report



                            MONTHLY CLIMATOLOGICAL SUMMARY for DEC. 2013

NAME: Athelstane Weather   CITY: Athelstane STATE: Wisconsin
ELEV: 812 LAT: 045:23:00 LONG: 0088:07:00

                            TEMPERATURE ( °F), RAIN (in.), WIND SPEED (mph)

                                               HEAT     COOL           AVG
      MEAN                                     DEG      DEG            WIND                       DOM
DAY   TEMP    HIGH   TIME     LOW    TIME      DAYS     DAYS    RAIN   SPEED    HIGH    TIME      DIR
--------------------------------------------------------------------------------------------------------
01    31.2   034.7   12:00    28.8   00:00     33.7     00.0   00.00   00.0     04.6    10:17     WNW
02    31.3   037.4   13:35    27.9   07:45     33.6     00.0   00.00   00.3     09.2    13:33     SSE
03    28.9   033.6   02:51    25.2   23:53     36.1     00.0   00.00   00.2     06.9    06:47      E 
04    30.3   037.2   23:03    25.3   01:13     34.7     00.0   00.24   00.4     17.3    00:00     SSW
05    18.5   035.8   00:01    04.6   00:00     46.4     00.0   00.04   07.0     21.9    04:25     WSW
06    04.5   015.6   14:50   -04.2   07:12     60.5     00.0   00.00   03.1     14.9    12:33      W 
07    00.7   012.2   15:01   -09.1   00:00     64.3     00.0   00.00   03.3     13.8    11:03     WSW
08    02.2   010.2   00:00   -10.5   01:30     62.7     00.0   00.00   00.1     04.6    21:59      NW
09    07.7   016.9   11:49   -10.3   00:00     57.3     00.0   00.00   03.7     19.6    13:56     WSW
10    00.9   012.0   15:01   -13.7   01:37     64.0     00.0   00.00   03.2     14.9    14:30     WSW
11   -01.9   006.3   15:05   -10.5   23:07     66.9     00.0   00.00   03.6     16.1    10:37      W 
12    05.2   015.8   15:05   -09.0   00:23     59.8     00.0   00.00   04.2     12.7    10:17     WSW
13    10.2   013.3   13:43    07.5   00:00     54.8     00.0   00.00   00.7     09.2    13:57      NE
14    12.1   017.2   14:09    07.3   00:52     52.8     00.0   00.00   00.1     04.6    12:50     NNE
15    08.1   014.2   03:31   -02.9   00:00     56.8     00.0   00.04   04.1     20.7    11:19     WNW
16    04.3   016.7   12:53   -11.4   07:37     60.7     00.0   00.00   01.4     11.5    12:19     WSW
17    15.7   027.7   14:35   -03.1   02:43     49.2     00.0   00.00   01.6     11.5    21:52      W 
18    10.2   018.7   15:07    00.5   08:02     54.7     00.0   00.00   01.1     13.8    01:00     WSW
19    14.8   025.2   13:10   -00.2   03:05     50.2     00.0   00.00   00.3     08.1    11:08      N 
20    19.4   021.9   12:55    16.5   06:53     45.6     00.0   00.00   00.1     04.6    13:41     ENE
21    21.4   026.4   13:47    19.2   18:45     43.5     00.0   00.00   00.0     05.8    13:11     ENE
22    20.9   024.6   13:36    18.5   08:14     44.1     00.0   00.00   00.1     05.8    13:15      E 
23    14.1   020.7   12:26   -03.3   23:54     50.8     00.0   00.00   00.2     08.1    13:30     WSW
24    04.2   018.5   15:10   -11.9   08:24     60.7     00.0   00.00   00.9     09.2    15:12     WSW
25    12.5   016.7   15:54    07.9   05:40     52.4     00.0   00.00   02.3     11.5    12:13     WSW
26    10.8   016.7   14:44    00.1   06:56     54.1     00.0   00.00   00.8     11.5    04:01      W 
27    20.2   028.6   16:13    10.8   06:12     44.7     00.0   00.00   01.6     12.7    12:05      SW
28    27.4   035.4   15:17    20.3   00:30     37.5     00.0   00.00   00.4     09.2    11:28     SSW
29    10.9   030.0   00:39   -08.5   22:06     54.0     00.0   00.00   02.4     12.7    11:58      N 
30   -03.7   005.4   13:55   -13.5   07:40     68.7     00.0   00.00   02.0     10.3    22:27      W 
31   -06.6   005.0   12:57   -16.8   07:27     71.6     00.0   00.00   02.3     13.8    14:10      W 
--------------------------------------------------------------------------------------------------------
12.5 (11.8)   37.4  day 02    -16.8  day 31   1626.9    000.0   00.31   01.7     21.9   day 05      W 
Max