NOAA-Style Climate Reports


Report for 2013 November
                  MONTHLY CLIMATOLOGICAL SUMMARY FOR 11/2013
                                        HEAT  COOL        
     MEAN                               DEG   DEG       WIND SPEED       DOM MEAN  MEAN
DAY  TEMP  HIGH   TIME     LOW   TIME   DAYS  DAYS RAIN AVG  HI  TIME    DIR BAROM HUM
---------------------------------------------------------------------------------------
1    44.2  49.5  12:00am  39.2   7:59pm   21    0  0.16   2  17   6:28am WNW 29.44   93
2    37.2  44.2   2:07pm  27.7  11:11pm   27    0  0.00   0  12   1:55pm ESE 29.92   86
3    36.0  45.5   2:52pm  23.0   6:47am   28    0  0.00   1  16  12:08pm   E 30.20   82
4    46.1  50.7  11:26am  41.9  12:00am   19    0  0.00   4  22  10:50am WSW 30.07   80
5    41.9  52.3   1:10pm  30.7   6:37am   23    0  0.55   1  14  11:47am WSW 30.11   78
6    36.0  39.9  12:00am  32.7  11:05pm   29    0  0.31   4  26   3:12pm WNW 29.87   82
7    33.2  37.6  12:25pm  29.7   6:43am   32    0  0.00   5  17  10:14am WSW 30.08   60
8    33.8  40.3  12:50pm  23.9   7:02am   31    0  0.08   2  17  11:50am WSW 30.08   62
9    39.4  42.3  11:00am  36.5   2:04am   26    0  0.28   7  28   4:37pm WSW 29.72   81
10   38.6  44.4   2:33pm  33.8   7:25am   26    0  0.00   5  23   1:21am WSW 30.08   62
11   28.3  37.9  12:00am  22.1  11:45pm   37    0  0.00   5  24   4:22pm  NW 30.21   58
12   23.0  32.4   2:56pm  17.6   2:29am   42    0  0.00   3  19  11:18am WSW 30.50   51
13   31.8  47.3   3:00pm  16.9  12:34am   33    0  0.00   7  31   3:43pm WSW 30.06   53
14   34.7  40.3   2:07pm  28.4   9:49pm   30    0  0.00   2  16   2:38pm WSW 29.80   62
15   34.6  53.8   2:50pm  23.7   6:43am   30    0  0.00   1  16  12:24pm WSW 29.80   73
16   39.9  52.3  11:51pm  26.6   2:08am   25    0  0.75   2  16   5:37pm WSW 29.61   91
17   48.3  54.1   2:39am  39.2  11:50pm   15    0  0.24   4  32   7:50pm   W 29.29   95
18   32.2  39.2  12:00am  24.3  11:56pm   33    0  0.00   8  36   5:46am   W 29.82   56
19   26.2  35.8   2:35pm  14.2   7:02am   39    0  0.00   1  15   1:14pm WSW 30.25   65
20   35.9  40.6   2:19pm  31.5   2:33am   29    0  0.00   2  21  10:44am WSW 30.14   75
21   35.4  38.1   1:26pm  31.5  11:50pm   30    0  0.04   1  15   8:11pm WSW 30.14   91
22   28.0  34.9   2:46pm  22.5  11:59pm   37    0  0.00   5  23   7:01pm WSW 30.31   63
23   13.6  22.5  12:00am   7.9   7:41pm   51    0  0.00   5  29  11:34am  NW 30.49   50
24   15.2  23.7  11:49pm   4.1   7:16am   48    0  0.00   6  29   7:54pm WSW 30.34   47
25   29.8  34.7   2:26pm  23.7  12:00am   35    0  0.00   7  24   3:50am WSW 29.86   57
26   22.3  32.4   2:22am   9.3  11:37pm   43    0  0.00   5  29   7:36am WNW 30.00   54
27   18.5  27.0   1:04pm   9.1  12:24am   47    0  0.00   2  17   9:20am  NW 30.14   55
28   18.9  26.1   1:33pm   8.4  11:54pm   45    0  0.00   0  11  12:19pm WNW 30.21   56
29
30   31.2  36.0   1:33pm  28.0   4:33pm   20    0  0.00   1  13  11:01am WSW 30.00   69
---------------------------------------------------------------------------------------
TOT  31.8  54.1 11/17/13   3.7 11/29/13  930    0  2.40   3  36 11/18/13 WSW 30.03   68

HEAT BASE: 65.0
COOL BASE: 65.0