NOAA-Style Climate Reports


Report for 2013 October
                  MONTHLY CLIMATOLOGICAL SUMMARY FOR 10/2013
                                        HEAT  COOL        
     MEAN                               DEG   DEG       WIND SPEED       DOM MEAN  MEAN
DAY  TEMP  HIGH   TIME     LOW   TIME   DAYS  DAYS RAIN AVG  HI  TIME    DIR BAROM HUM
---------------------------------------------------------------------------------------
1    61.4  80.2   3:40pm  45.9  11:57pm    7    3  0.00   3  24  10:54am WSW 29.75   65
2    54.9  76.6   3:29pm  37.6   6:44am   12    2  0.00   1  14   2:34pm WSW 30.00   58
3    56.7  66.2  12:59pm  48.4   2:20am    8    0  0.16   0  14   4:01am ESE 29.93   75
4    54.6  58.1   2:13pm  52.2   6:06am   10    0  0.20   0  10   5:49pm ESE 30.01   95
5    56.1  58.1  11:56pm  53.8   6:21am    9    0  0.94   1  17  10:36pm ESE 29.91  100
6    57.8  66.2   3:49pm  49.6   8:58pm    7    0  0.12   2  19   1:18pm WSW 29.63   83
7    51.1  64.4   3:46pm  35.8  11:49pm   14    0  0.00   3  24   2:40pm WNW 29.80   66
8    51.5  73.0   3:39pm  31.8   6:05am   15    1  0.00   1  16  10:50am WSW 30.06   65
9    56.1  74.1   4:08pm  41.0   7:04am   11    2  0.00   2  21   3:55pm WSW 30.11   66
10   51.9  70.2   3:26pm  34.9   7:17am   14    1  0.00   1  17   2:34pm WSW 30.10   68
11   54.7  70.9   2:21pm  41.0   1:26am   11    1  0.00   1  15   1:31pm   E 30.02   76
12   56.9  68.2   4:27pm  47.3   1:42am    8    0  0.20   2  20   5:32pm WSW 29.89   75
13   47.1  60.1   3:59pm  33.6  11:00pm   17    0  0.00   1  13  10:08am WNW 30.25   65
14   43.1  59.4   3:33pm  28.2   6:57am   22    0  0.00   1  12  12:30pm   E 30.34   70
15   48.4  54.3  10:18pm  37.6   1:52am   17    0  0.67   1  15  11:06pm   E 29.88   92
16   47.0  51.3  12:00am  40.5  10:42pm   18    0  0.12   2  21  11:49am WSW 29.77   90
17   39.8  56.1   4:09pm  28.0   6:50am   25    0  0.00   0  10   2:36pm WSW 29.79   82
18   41.2  46.9   2:58pm  35.4  11:04pm   24    0  0.12   0  14   7:26pm WNW 29.78   94
19   38.8  51.1   2:12pm  28.9   7:21am   26    0  0.04   1  23   1:05pm WSW 29.71   80
20   36.2  45.9   2:19pm  27.1   6:50am   28    0  0.08   1  14   9:17am WSW 29.71   84
21   35.6  40.1  10:14am  29.7   7:37pm   29    0  0.00   5  29   1:37pm WSW 29.73   74
22   36.1  44.2   1:19pm  27.9  11:16pm   29    0  0.00   4  21   1:09am   W 29.84   67
23   33.7  43.0  12:07pm  25.7   5:44am   31    0  0.00   3  29  12:09pm   W 29.89   68
24   34.3  43.7   3:13pm  25.2  11:50pm   31    0  0.00   3  21   4:48pm WNW 30.05   68
25   36.0  49.1  11:46pm  22.3   7:16am   29    0  0.00   4  25  11:44pm WSW 30.03   64
26   42.5  49.3   1:40am  32.9  11:15pm   23    0  0.00   4  27  11:33am WNW 29.79   55
27   40.2  53.8   3:55pm  30.4   6:47am   23    0  0.00   2  21   3:08pm WSW 29.89   58
28   32.7  43.7   3:46pm  21.4  11:59pm   32    0  0.00   1  14   2:30pm WSW 30.34   56
29   30.0  36.7  11:20am  19.9   3:30am   35    0  0.00   0   9  11:05am ESE 30.33   69
30   41.7  49.8  10:16pm  34.0  12:00am   23    0  0.08   0  10   9:47pm WSW 29.99   91
31   51.5  54.0   1:48pm  48.6  12:51am   14    0  0.94   0  11  11:30pm WNW 29.40  100
---------------------------------------------------------------------------------------
TOT  45.8  80.2  10/1/13  19.9 10/29/13  601   10  3.66   2  29 10/21/13 WSW 29.92   75

HEAT BASE: 65.0
COOL BASE: 65.0