NOAA-Style Climate Reports


Report for 2013 September
                  MONTHLY CLIMATOLOGICAL SUMMARY FOR 9/2013
                                        HEAT  COOL        
     MEAN                               DEG   DEG       WIND SPEED       DOM MEAN  MEAN
DAY  TEMP  HIGH   TIME     LOW   TIME   DAYS  DAYS RAIN AVG  HI  TIME    DIR BAROM HUM
---------------------------------------------------------------------------------------
1    67.3  79.9   3:46pm  60.4  10:02pm    1    4  0.12   2  21   2:56pm   W 29.74   81
2    58.4  67.3   3:19pm  48.0  11:53pm    6    0  0.00   2  19   1:26pm WNW 29.93   70
3    61.1  77.7   4:17pm  46.4   5:35am    7    3  0.00   2  19  11:38am   W 29.97   66
4    61.3  75.4   5:20pm  47.3  11:55pm    5    1  0.00   1  10   1:26pm   W 30.05   73
5    56.3  73.9   4:48pm  38.8   6:45am   10    2  0.00   1  13   2:24pm WSW 30.24   66
6    64.3  80.6   2:45pm  46.4   5:07am    5    5  0.00   1  19   2:18pm WSW 30.05   74
7    72.4  90.7   3:05pm  57.6  11:56pm    0    8  0.04   1  14   3:15pm   W 29.91   78
8    60.6  72.7   1:48pm  47.8   7:02am    6    2  0.00   1  13   1:41pm   E 30.07   71
9    65.7  73.9   5:43pm  59.0  12:40am    2    3  0.00   0  13   3:34pm WSW 29.83   89
10   72.8  87.3   2:45pm  61.9  11:55pm    0    8  0.00   2  17  12:30pm   W 29.81   77
11   69.1  84.2   2:15pm  55.9  11:25pm    2    6  0.00   2  20   6:38pm   W 29.93   69
12   58.0  70.0   1:42pm  45.1  11:37pm    8    1  0.00   2  20   2:19pm  NW 30.03   67
13   50.4  65.8   3:06pm  36.7   6:44am   15    0  0.00   1  22  12:29pm ESE 30.17   65
14   53.3  71.6   3:32pm  33.8   6:18am   12    1  0.00   2  21   1:44pm WSW 30.03   65
15   53.4  61.5   1:04pm  36.9  11:55pm   11    0  0.24   1  20  12:47am WSW 30.06   83
16   46.5  65.1   4:12pm  32.5   6:15am   18    0  0.00   1  12   3:11pm ESE 30.34   70
17   50.4  68.5   3:02pm  30.2   5:50am   15    0  0.00   2  22  11:06am WSW 30.24   71
18   59.7  65.8   5:32pm  54.1   1:39am    5    0  0.24   0  11   9:28am WSW 29.95   94
19   67.5  81.3   3:04pm  59.0  12:00am    2    4  0.28   1  18   3:38pm WSW 29.77   96
20   65.4  74.8   2:45pm  50.5  11:43pm    2    2  0.04   2  22   1:28pm   W 29.68   83
21   48.5  54.9   1:46pm  37.9  11:59pm   16    0  0.00   1  21  11:59am WNW 29.85   75
22   43.8  57.9   4:08pm  33.4   7:03am   21    0  0.00   0  12   2:06pm ESE 30.04   73
23   46.2  66.2   3:47pm  29.5   5:16am   19    0  0.00   1  12   3:56pm   E 30.09   72
24   50.7  69.8   4:02pm  34.9   3:37am   15    0  0.00   1  14  12:59pm   W 30.04   77
25   52.1  70.5   3:21pm  38.5   5:24am   14    1  0.00   1  12   1:07pm ESE 30.00   76
26   54.0  73.8   4:14pm  40.5   1:40am   12    1  0.00   1  17   1:58pm WSW 30.06   78
27   59.1  77.5   3:18pm  46.0   7:01am    8    2  0.00   1  14   5:15pm WSW 30.09   75
28   58.1  75.6   1:52pm  41.0   6:19am    9    3  0.20   3  22   3:27pm   W 29.90   76
29   54.3  71.1   3:10pm  42.4   7:04am   11    1  0.04   1  17   3:55pm WSW 29.94   73
30   54.0  71.2   3:31pm  38.7   6:52am   12    1  0.00   2  27  11:43am WSW 29.85   66
---------------------------------------------------------------------------------------
TOT  57.8  90.7   9/7/13  29.5  9/23/13  271   58  1.18   1  27  9/30/13   W 29.99   75

HEAT BASE: 65.0
COOL BASE: 65.0