NOAA-Style Climate Reports


Report for 2013 September

Daily NOAA report



                            MONTHLY CLIMATOLOGICAL SUMMARY for SEP. 2013

NAME: Athelstane Weather   CITY: Athelstane STATE: Wisconsin
ELEV: 812 LAT: 045:23:00 LONG: 0088:07:00

                            TEMPERATURE ( °F), RAIN (in.), WIND SPEED (mph)

                                               HEAT     COOL           AVG
      MEAN                                     DEG      DEG            WIND                       DOM
DAY   TEMP    HIGH   TIME     LOW    TIME      DAYS     DAYS    RAIN   SPEED    HIGH    TIME      DIR
--------------------------------------------------------------------------------------------------------
01    67.3   079.9   15:24    60.4   22:02     00.0     02.3   00.12   01.6     19.6    15:12     WNW
02    58.4   067.1   15:14    48.0   23:28     06.5     00.0   00.00   02.4     14.9    15:23     WNW
03    61.2   077.5   16:12    46.4   06:16     03.7     00.0   00.00   02.4     17.3    14:02      W 
04    61.2   075.2   17:10    47.3   00:00     03.8     00.0   00.00   00.5     10.3    13:14     WNW
05    56.4   073.9   16:26    38.8   06:29     08.6     00.0   00.00   00.6     11.5    16:24      W 
06    64.4   080.6   14:26    46.4   05:11     00.6     00.0   00.00   01.1     19.6    14:11     WSW
07    72.3   090.5   15:02    57.2   00:00     00.0     07.4   00.04   00.6     10.3    14:28      W 
08    61.1   072.7   14:16    47.8   07:02     03.8     00.0   00.00   01.5     10.3    15:06     ESE
09    65.7   073.9   18:07    59.0   02:23     00.0     00.7   00.00   00.6     11.5    12:21     ENE
10    72.9   087.3   14:24    61.7   00:00     00.0     07.9   00.00   01.9     17.3    14:02      W 
11    69.2   084.2   14:09    55.9   23:27     00.0     04.2   00.00   01.9     19.6    15:19      W 
12    58.0   070.0   13:24    45.1   00:00     07.0     00.0   00.00   01.6     18.4    13:15     WNW
13    50.4   065.8   15:09    36.7   06:28     14.6     00.0   00.00   00.9     12.7    12:14      NW
14    53.4   071.6   15:19    35.1   06:02     11.5     00.0   00.00   01.8     18.4    14:04     WSW
15    53.9   061.5   13:19    36.7   00:00     11.0     00.0   00.24   00.8     19.6    00:24     WNW
16    46.4   065.1   16:06    32.5   06:14     18.6     00.0   00.00   00.8     09.2    16:11      SE
17    50.4   068.5   15:03    30.2   07:03     14.6     00.0   00.00   01.5     17.3    13:23      NW
18    59.8   065.8   17:18    54.1   01:28     05.2     00.0   00.24   00.2     11.5    09:19      SW
19    67.6   081.3   15:04    59.0   00:08     00.0     02.6   00.28   00.7     16.1    15:18      SE
20    65.3   074.7   14:24    50.5   00:00     00.0     00.4   00.04   02.2     20.7    13:14      W 
21    48.5   054.9   13:28    37.9   00:00     16.4     00.0   00.00   01.2     20.7    12:01     WNW
22    43.8   057.7   16:06    33.4   07:05     21.1     00.0   00.00   00.5     11.5    14:04     ESE
23    46.2   066.2   15:24    29.5   05:14     18.8     00.0   00.00   01.2     11.5    10:28     ESE
24    49.7   069.8   16:02    34.9   06:37     15.3     00.0   00.00   00.5     11.5    10:26     ESE
25    52.1   070.5   16:14    38.5   05:22     12.9     00.0   00.00   00.7     11.5    12:23     SSE
26    54.1   073.8   16:11    40.5   01:25     10.9     00.0   00.00   00.7     10.3    15:09      SE
27    59.1   077.5   15:13    46.0   07:13     05.8     00.0   00.00   01.1     12.7    15:13      S 
28    58.1   075.6   15:02    41.0   07:02     06.8     00.0   00.20   02.7     16.1    16:22     SSW
29    54.9   071.1   16:13    42.6   07:07     10.0     00.0   00.04   01.9     14.9    14:06      SW
30    53.9   071.1   15:19    38.7   07:03     11.0     00.0   00.00   01.9     23.0    14:25      SW
--------------------------------------------------------------------------------------------------------
57.8 (58.5)   90.5  day 07     29.5  day 23   238.3    025.6   00.00   01.3     23.0   day 17     WSW
Max >=  86: 2
Min  .008in) 5 (> .08in) 0 (> 0.8in)