NOAA-Style Climate Reports


Report for 2013 August
                  MONTHLY CLIMATOLOGICAL SUMMARY FOR 8/2013
                                        HEAT  COOL        
     MEAN                               DEG   DEG       WIND SPEED       DOM MEAN  MEAN
DAY  TEMP  HIGH   TIME     LOW   TIME   DAYS  DAYS RAIN AVG  HI  TIME    DIR BAROM HUM
---------------------------------------------------------------------------------------
1    65.3  79.0   4:58pm  51.8   3:30am    4    4  0.00   3  21   2:17pm   W 29.88   63
2    65.2  79.7   3:32pm  52.5  11:57pm    4    4  0.20   2  21   2:35pm WNW 29.84   64
3    63.4  76.6   2:44pm  49.6   5:30am    5    4  0.00   2  21   5:17pm   W 30.03   61
4    60.2  75.0   5:50pm  45.9   5:45am    7    2  0.00   1  15   1:38pm   W 30.15   61
5    59.1  68.2   5:05pm  49.3  12:25am    6    0  0.12   0  11   9:51am WSW 29.95   86
6
7
8
9    69.3  76.3   3:09pm  57.0  11:57pm    0    3  0.00   3  21   1:04pm WSW 29.98   47
10   63.4  75.2  11:20am  52.3   5:52am    5    3  0.00   1  12   4:05pm   W 30.09   66
11   63.8  78.8   2:15pm  49.1   4:51am    5    4  0.00   1  13   1:54pm WSW 30.04   69
12   63.1  79.0   2:42pm  47.3  11:58pm    5    3  0.00   1  24   2:58pm WNW 29.95   73
13   54.4  69.6   2:27pm  43.3   2:40am   10    0  0.00   2  17  11:18am WNW 30.08   68
14   56.1  72.7   6:05pm  38.3   5:40am   10    1  0.00   1  15  11:10am   W 30.14   64
15   61.9  81.5   4:20pm  43.5   3:16am    7    5  0.00   1  16   9:54am   W 30.06   62
16   66.5  85.1   4:47pm  47.8   6:06am    5    7  0.00   1  16  11:43am WSW 30.12   60
17   68.2  85.1   4:33pm  51.4   6:33am    4    7  0.00   1  17   2:37pm WSW 30.16   61
18   67.9  83.8   4:31pm  51.1   6:22am    4    7  0.00   1  21   3:25pm WSW 30.11   62
19   68.5  84.4   3:41pm  52.2   5:48am    3    7  0.00   3  24  11:37am WSW 29.98   66
20   75.4  89.4   4:59pm  60.4   6:29am    0   10  0.00   3  24   1:32pm WSW 29.96   65
21   75.4  90.5   4:11pm  64.2  11:40pm    0   10  0.28   3  32   6:13pm WSW 29.90   71
22   68.5  84.6   3:46pm  54.5  11:55pm    2    6  0.00   1  14   3:49pm WNW 30.05   70
23   63.2  81.1   3:51pm  46.6   5:59am    6    4  0.00   1  11   3:34pm ESE 30.16   64
24   68.4  83.5   2:14pm  51.6   6:03am    4    7  0.00   2  23   1:59pm WSW 30.17   64
25   79.9  94.8   4:06pm  66.2   2:24am    0   14  0.00   4  24   3:34pm WSW 30.01   66
26   78.5  91.6   3:56pm  68.0   7:42am    0   13  1.65   2  24  11:47pm WSW 29.95   75
27   71.8  74.3   1:32pm  69.6  12:06am    0    6  0.59   0  19  12:05am WSW 29.86   97
28   75.7  88.5   4:19pm  68.2  11:07pm    0   11  0.00   0  11   2:28pm ESE 29.98   78
29   74.0  88.5   2:07pm  63.7   4:27am    0    9  0.20   1  18   2:15pm WSW 30.01   78
30   71.1  81.5   2:22pm  60.6  11:48pm    0    7  0.04   2  19   9:41am WSW 29.84   81
31   66.1  78.6   4:32pm  58.1   3:35am    2    3  0.00   1  12   2:34pm WSW 29.86   84
---------------------------------------------------------------------------------------
TOT  67.3  94.8  8/25/13  38.3  8/14/13  100  161  3.74   2  32  8/21/13 WSW 30.00   70

HEAT BASE: 65.0
COOL BASE: 65.0