NOAA-Style Climate Reports

Select a Year or Month report
2018: Jan Feb Mar Apr May Jun Jul Aug Sep Oct Nov Dec
2017: Jan Feb Mar Apr May Jun Jul Aug Sep Oct Nov Dec
2016: Jan Feb Mar Apr May Jun Jul Aug Sep Oct Nov Dec
2015: Jan Feb Mar Apr May Jun Jul Aug Sep Oct Nov Dec
2014: Jan Feb Mar Apr May Jun Jul Aug Sep Oct Nov Dec
2013: Jan Feb Mar Apr May Jun Jul Aug Sep Oct Nov Dec
2012: Jan Feb Mar Apr May Jun Jul Aug Sep Oct Nov Dec
2011: Jan Feb Mar Apr May Jun Jul Aug Sep Oct Nov Dec
2010: Jan Feb Mar Apr May Jun Jul Aug Sep Oct Nov Dec
2009: Jan Feb Mar Apr May Jun Jul Aug Sep Oct Nov Dec
2008: Jan Feb Mar Apr May Jun Jul Aug Sep Oct Nov Dec
2007: Jan Feb Mar Apr May Jun Jul Aug Sep Oct Nov Dec
2006: Jan Feb Mar Apr May Jun Jul Aug Sep Oct Nov Dec
2005: Jan Feb Mar Apr May Jun Jul Aug Sep Oct Nov Dec
2004: Jan Feb Mar Apr May Jun Jul Aug Sep Oct Nov Dec
2003: Jan Feb Mar Apr May Jun Jul Aug Sep Oct Nov Dec

Report for 2013 August

Daily NOAA report



                            MONTHLY CLIMATOLOGICAL SUMMARY for AUG. 2013

NAME: Athelstane Weather   CITY: Athelstane STATE: Wisconsin
ELEV: 812 LAT: 045:23:00 LONG: 0088:07:00

                            TEMPERATURE ( °F), RAIN (in.), WIND SPEED (mph)

                                               HEAT     COOL           AVG
      MEAN                                     DEG      DEG            WIND                       DOM
DAY   TEMP    HIGH   TIME     LOW    TIME      DAYS     DAYS    RAIN   SPEED    HIGH    TIME      DIR
--------------------------------------------------------------------------------------------------------
01    72.7   079.0   16:05    62.1   22:28     00.0     07.7   00.00   04.4     18.4    14:26      W 
02    68.2   079.7   15:17    52.0   01:00     00.0     03.2   00.20   04.5     16.1    14:07      W 
03    63.1   076.6   14:24    49.6   06:03     01.8     00.0   00.00   02.5     17.3    11:17     WNW
04    62.5   075.0   17:29    46.4   05:15     02.4     00.0   00.00   01.0     12.7    13:21     WSW
05    60.2   068.2   17:10    49.3   00:17     04.8     00.0   00.12   00.1     11.5    09:21     SSW
08    65.5   078.8   14:29    56.8   02:14     00.0     00.5   00.00   01.3     18.4    11:00     WSW
09    73.5   076.1   16:09    67.5   19:07     00.0     08.5   00.00   14.9     20.7    13:04      W 
10    70.9   075.2   12:08    55.0   00:00     00.0     06.0   00.00   03.3     12.7    16:04     WSW
11    64.3   078.8   14:14    49.1   05:10     00.6     00.0   00.00   01.2     12.7    13:29      W 
12    64.1   079.0   14:22    47.3   00:00     00.8     00.0   00.00   01.2     17.3    14:27     WNW
13    62.4   069.6   14:17    43.9   00:00     02.5     00.0   00.00   03.8     17.3    15:14      N 
14    56.4   072.7   18:04    38.3   05:24     08.5     00.0   00.00   01.3     14.9    11:17      W 
15    60.9   081.5   16:25    43.5   03:23     04.1     00.0   00.00   01.1     16.1    11:16      W 
16    66.3   084.9   16:24    47.8   06:09     00.0     01.3   00.00   01.1     11.5    15:18      W 
17    67.9   085.1   16:19    51.4   06:29     00.0     03.0   00.00   01.2     16.1    14:13      W 
18    68.3   083.8   16:19    51.1   06:14     00.0     03.4   00.00   01.3     13.8    16:28      W 
19    69.1   084.2   15:25    52.2   05:24     00.0     04.1   00.00   02.9     19.6    15:08     WSW
20    75.5   089.4   17:03    60.4   06:16     00.0     10.6   00.00   02.8     24.1    13:17      SW
21    74.2   090.5   16:09    64.2   23:25     00.0     09.2   00.28   02.0     19.6    13:22     WSW
22    68.1   084.6   15:30    54.3   00:00     00.0     03.2   00.00   00.5     09.2    16:28     WNW
23    64.5   081.0   15:10    46.6   06:07     00.4     00.0   00.00   00.9     10.3    12:22     ESE
24    68.9   083.5   14:09    51.6   06:14     00.0     04.0   00.00   01.8     18.4    09:21      S 
25    80.6   094.8   16:13    66.2   02:20     00.0     15.6   00.00   03.7     20.7    14:14      SW
26    78.4   091.6   16:09    68.0   08:04     00.0     13.5   01.61   01.9     18.4    23:23      W 
27    71.6   074.3   13:17    69.6   00:04     00.0     06.6   00.59   00.1     11.5    00:04      S 
28    75.8   088.3   16:19    68.2   23:19     00.0     10.8   00.00   00.5     10.3    13:02     WSW
29    74.0   088.3   14:04    63.7   05:05     00.0     09.1   00.16   01.2     18.4    14:09     WSW
30    71.1   081.5   14:17    60.6   23:28     00.0     06.2   00.04   02.0     16.1    13:27     WNW
31    66.0   078.6   16:21    58.1   03:27     00.0     01.1   00.00   00.5     12.7    14:19      W 
--------------------------------------------------------------------------------------------------------
68.3 (68.1)   94.8  day 25     38.3  day 14   026.1    127.7   00.00   02.2     24.2   day 25      W 
Max >=  86: 6
Min  .008in) 6 (> .08in) 1 (> 0.8in)