NOAA-Style Climate Reports


Report for 2013 July

Daily NOAA report



                            MONTHLY CLIMATOLOGICAL SUMMARY for JUL. 2013

NAME: Athelstane Weather   CITY: Athelstane STATE: Wisconsin
ELEV: 812 LAT: 045:23:00 LONG: 0088:07:00

                            TEMPERATURE ( °F), RAIN (in.), WIND SPEED (mph)

                                               HEAT     COOL           AVG
      MEAN                                     DEG      DEG            WIND                       DOM
DAY   TEMP    HIGH   TIME     LOW    TIME      DAYS     DAYS    RAIN   SPEED    HIGH    TIME      DIR
--------------------------------------------------------------------------------------------------------
01    66.3   084.2   16:17    48.9   05:26     00.0     01.4   00.00   00.8     11.5    17:03      SE
02    62.7   079.7   17:09    43.2   05:25     02.2     00.0   00.00   01.2     11.5    11:11     ESE
03    67.1   080.8   16:09    55.6   00:14     00.0     02.1   00.00   00.8     11.5    14:27     SSW
04    71.7   084.0   17:12    58.5   05:14     00.0     06.7   00.00   01.8     19.6    17:27      SW
05    74.0   088.7   15:17    57.4   05:20     00.0     09.1   00.00   02.6     21.9    15:25     WSW
06    77.5   091.0   15:29    64.8   06:10     00.0     12.6   00.00   02.6     19.6    13:10     WSW
07    75.5   087.1   16:14    65.5   01:20     00.0     10.5   00.00   01.4     12.7    17:16     WSW
08    74.6   087.1   17:16    66.9   06:11     00.0     09.7   01.06   00.6     10.3    17:16     ENE
09    70.0   077.2   13:14    64.4   04:16     00.0     05.1   00.08   01.1     14.9    13:23      SE
10    67.8   077.9   14:17    54.7   00:00     00.0     02.8   00.00   04.0     25.3    08:23     WNW
11    68.6   085.3   16:00    53.2   00:30     00.0     03.7   00.00   00.8     10.3    16:06      W 
12    69.6   084.7   17:00    51.6   06:02     00.0     04.7   00.00   01.7     18.4    17:07     WSW
13    72.2   087.4   16:05    57.4   04:14     00.0     07.3   00.00   01.8     17.3    11:07     WSW
14    73.6   089.6   17:14    55.0   06:06     00.0     08.6   00.00   01.5     17.3    12:24     WSW
15    77.4   090.7   14:07    62.2   05:19     00.0     12.4   00.00   01.3     16.1    11:15      W 
16    81.8   091.2   23:58    65.5   05:06     00.0     16.9   00.08   04.4     17.3    18:10      W 
17    82.2   095.2   16:16    68.4   05:23     00.0     17.2   00.00   02.7     17.3    17:19      W 
18    82.5   094.8   14:16    68.4   05:24     00.0     17.5   00.00   03.6     26.4    13:11     WSW
19    79.9   090.9   14:09    60.4   00:00     00.0     14.9   00.00   03.7     24.1    12:19      W 
20    66.5   079.5   16:29    53.8   00:00     00.0     01.6   00.00   01.1     11.5    14:19     ENE
21    58.9   069.6   18:04    50.5   01:19     06.1     00.0   00.00   00.3     10.3    11:14     ESE
22    68.6   086.4   17:01    48.0   05:19     00.0     03.6   00.00   03.3     23.0    21:15     WSW
23    62.8   074.3   16:04    47.8   00:00     02.1     00.0   00.00   02.6     19.6    13:19      NW
24    61.3   078.3   14:28    42.1   05:05     03.6     00.0   00.00   00.5     10.3    12:15      W 
25    66.0   081.7   16:03    48.9   06:05     00.0     01.1   00.28   02.4     19.6    12:08     WSW
26    61.2   070.7   17:00    50.7   00:00     03.7     00.0   01.30   00.7     13.8    08:20      W 
27    53.8   062.2   15:19    44.6   05:06     11.1     00.0   00.00   02.1     13.8    16:06      W 
28    52.5   055.6   13:20    47.3   06:04     12.4     00.0   00.31   01.7     12.7    15:17      W 
29    64.1   079.3   17:19    52.3   06:02     00.9     00.0   00.00   01.5     17.3    10:09      W 
30    65.4   073.9   17:11    51.6   03:21     00.0     00.5   00.00   00.3     10.3    17:06      SW
31    70.3   082.0   14:00    57.7   23:07     00.0     05.4   00.00   01.6     14.9    15:04     WSW
--------------------------------------------------------------------------------------------------------
69.2 (68.7)   95.2  day 17     42.1  day 24   042.1    175.4   00.00   01.8     26.5   day 23     WSW
Max >=  86: 12
Min  .008in) 6 (> .08in) 2 (> 0.8in)