NOAA-Style Climate Reports


Report for 2013 July
                  MONTHLY CLIMATOLOGICAL SUMMARY FOR 7/2013
                                        HEAT  COOL        
     MEAN                               DEG   DEG       WIND SPEED       DOM MEAN  MEAN
DAY  TEMP  HIGH   TIME     LOW   TIME   DAYS  DAYS RAIN AVG  HI  TIME    DIR BAROM HUM
---------------------------------------------------------------------------------------
1    66.4  84.4   4:31pm  48.7   5:23am    5    7  0.00   1  14   3:54pm ESE 30.12   57
2    62.7  79.9   3:21pm  43.2   5:39am    7    5  0.00   1  14   4:03pm ESE 30.12   48
3    67.3  80.8   4:10pm  55.6  12:05am    3    5  0.00   1  13   3:21pm   E 30.05   54
4    71.6  84.0   5:16pm  58.5   5:04am    1    8  0.00   2  19   5:50pm WSW 29.98   60
5    74.0  88.9   3:27pm  57.4   5:29am    2   11  0.00   3  24   3:38pm WSW 29.96   57
6    77.4  91.0   3:55pm  64.8   5:08am    0   12  0.00   3  21  10:52am WSW 29.94   58
7    75.5  87.1   4:22pm  65.5  12:59am    0   10  0.00   1  17  11:59am WSW 29.89   72
8    74.6  87.4   5:28pm  66.9   5:42am    0   10  1.06   1  18   2:59am ESE 29.92   77
9    70.0  77.2   1:20pm  64.4   2:58am    0    5  0.08   1  14   1:40pm   E 29.87   89
10   67.8  77.9   2:33pm  54.7  11:36pm    1    4  0.00   4  25   8:42am WNW 29.86   66
11   68.7  85.3   3:55pm  53.2  12:48am    4    7  0.00   1  13   4:12pm ESE 30.05   59
12   69.6  84.7   2:17pm  51.6   5:37am    3    8  0.00   2  18  12:51pm WSW 30.08   61
13   72.3  87.4   4:08pm  57.4   4:08am    2    9  0.00   2  20  10:04am WSW 30.10   59
14   73.2  89.8   5:22pm  55.0   5:55am    2   10  0.00   2  18  11:58am WSW 30.18   63
15   77.4  90.7   2:13pm  62.2   5:07am    0   13  0.00   1  16  11:25am WSW 30.23   65
16   79.4  93.4   5:36pm  65.5   5:09am    0   14  0.08   2  20  12:48pm WSW 30.20   71
17   82.1  95.4   4:29pm  68.4   5:34am    0   17  0.00   3  24  11:23am   W 30.16   63
18   82.5  94.8   2:27pm  68.4   5:19am    0   18  0.00   3  27   1:19pm WSW 29.94   64
19   79.7  91.0  12:34pm  60.8  11:58pm    0   15  0.00   4  26  12:22pm WSW 29.69   60
20   66.5  79.7   4:52pm  54.0  11:57pm    2    4  0.00   1  13   2:35pm ESE 29.89   59
21   58.6  69.6   6:03pm  50.5   1:27am    7    1  0.00   0  10  11:26am   E 29.98   70
22   68.5  86.5   4:59pm  48.0   5:24am    5    8  0.00   3  29   2:04pm WSW 29.75   71
23   62.8  74.3   4:02pm  48.0  11:58pm    4    2  0.00   3  23   1:32pm WNW 29.85   58
24   60.9  78.3   2:57pm  42.1   5:07am    7    3  0.00   1  16  10:25am WNW 30.01   61
25   65.8  81.7   3:59pm  48.9   5:50am    4    5  0.28   3  21  11:10am WSW 29.95   70
26   61.2  70.9   5:01pm  50.7  11:48pm    4    0  1.30   1  30  12:37pm   W 29.86   93
27   53.9  62.2   3:30pm  44.6   4:30am   10    0  0.00   2  17   4:12pm   W 29.85   76
28   52.5  55.6  12:48pm  47.3   5:49am   12    0  0.31   2  19   2:54pm   W 29.83   95
29   64.0  79.3   5:31pm  52.3   5:57am    5    4  0.00   1  17  10:14am WNW 30.06   68
30   63.7  73.9   3:28pm  51.6   3:23am    4    3  0.00   1  14   2:22pm WSW 30.11   78
31   69.5  82.2   1:55pm  56.7  11:57pm    1    6  0.00   2  19   7:28pm   W 29.95   68
---------------------------------------------------------------------------------------
TOT  69.1  95.4  7/17/13  42.1  7/24/13   98  223  3.11   2  30  7/26/13 WSW 29.98   67

HEAT BASE: 65.0
COOL BASE: 65.0