NOAA-Style Climate Reports


Report for 2013 June

Daily NOAA report



                            MONTHLY CLIMATOLOGICAL SUMMARY for JUN. 2013

NAME: Athelstane Weather   CITY: Athelstane STATE: Wisconsin
ELEV: 812 LAT: 045:23:00 LONG: 0088:07:00

                            TEMPERATURE ( °F), RAIN (in.), WIND SPEED (mph)

                                               HEAT     COOL           AVG
      MEAN                                     DEG      DEG            WIND                       DOM
DAY   TEMP    HIGH   TIME     LOW    TIME      DAYS     DAYS    RAIN   SPEED    HIGH    TIME      DIR
--------------------------------------------------------------------------------------------------------
01    65.0   078.1   12:17    47.5   00:00     00.0     00.0   00.20   01.3     25.3    15:20      W 
02    50.3   065.7   17:04    38.7   00:00     14.6     00.0   00.00   03.6     19.6    16:14      NW
03    54.5   073.8   15:15    34.3   03:14     10.4     00.0   00.00   01.9     18.4    14:21     WNW
04    51.1   059.0   12:17    37.9   05:04     13.8     00.0   00.00   00.4     10.3    18:05     ESE
05    50.7   058.1   15:04    46.9   08:29     14.2     00.0   00.12   00.3     10.3    19:07      SE
06    53.2   060.8   14:16    47.5   06:28     11.7     00.0   00.28   00.2     10.3    14:21     SSE
07    56.5   072.3   15:19    46.6   05:15     08.5     00.0   00.08   01.4     12.7    16:10      W 
08    60.4   074.7   16:04    48.2   05:26     04.6     00.0   00.00   01.0     16.1    13:17     WSW
09    58.1   071.4   16:06    42.4   04:21     06.9     00.0   00.00   01.1     14.9    16:06      E 
10    66.3   080.4   17:02    53.1   05:22     00.0     01.3   00.00   01.3     12.7    15:27     ESE
11    69.2   086.2   16:07    52.2   05:20     00.0     04.2   00.00   01.6     17.3    14:01     WSW
12    65.8   080.4   13:20    52.5   05:22     00.0     00.9   00.00   00.7     11.5    14:00      S 
13    63.7   076.1   15:04    50.5   00:00     01.3     00.0   00.00   02.1     13.8    14:19     NNE
14    63.0   080.4   16:04    43.3   05:23     02.0     00.0   00.00   01.3     11.5    16:04     WSW
15    61.9   068.5   18:11    54.0   04:15     03.0     00.0   00.08   00.6     11.5    14:04      SW
16    69.6   085.1   15:19    56.8   00:00     00.0     04.6   00.08   03.6     23.0    15:11     WNW
17    61.2   070.7   14:27    48.9   00:00     03.7     00.0   00.08   00.8     11.5    14:28     ESE
18    57.0   073.4   16:09    37.9   05:24     08.0     00.0   00.00   01.3     16.1    13:09     ESE
19    60.8   080.4   16:00    36.7   05:20     04.2     00.0   00.00   01.7     14.9    17:06     WNW
20    69.8   086.9   16:13    50.4   05:06     00.0     04.8   00.00   02.4     19.6    11:14     WSW
21    66.8   075.6   16:11    59.9   09:07     00.0     01.9   00.51   02.0     16.1    18:02     WSW
22    65.1   070.0   12:10    61.3   00:00     00.0     00.2   00.00   00.5     11.5    11:28     ESE
23    71.6   087.3   15:17    60.6   01:20     00.0     06.7   00.00   02.1     25.3    18:15      SW
24    74.8   087.3   14:06    60.1   05:25     00.0     09.9   00.00   01.9     14.9    16:17      SW
25    76.1   088.5   15:02    65.8   00:00     00.0     11.1   00.04   01.0     11.5    16:26     WSW
26    72.2   085.3   13:17    60.8   05:17     00.0     07.3   00.39   01.5     17.3    20:00     WSW
27    69.2   087.3   13:28    61.3   00:00     00.0     04.3   00.28   00.5     12.7    14:09     WNW
28    65.1   073.0   14:01    58.3   05:21     00.0     00.2   00.12   00.3     10.3    08:24     NNW
29    64.8   075.9   14:06    57.2   00:00     00.1     00.0   00.04   00.8     17.3    13:14     NNE
30    67.5   082.4   15:24    51.6   05:12     00.0     02.6   00.00   01.2     11.5    16:14      E 
--------------------------------------------------------------------------------------------------------
63.4 (63.6)   88.5  day 25     34.3  day 03   107.0    060.0   00.00   01.3     25.3   day 23      W 
Max >=  86: 6
Min  .008in) 11 (> .08in) 0 (> 0.8in)