NOAA-Style Climate Reports


Report for 2013 June
                  MONTHLY CLIMATOLOGICAL SUMMARY FOR 6/2013
                                        HEAT  COOL        
     MEAN                               DEG   DEG       WIND SPEED       DOM MEAN  MEAN
DAY  TEMP  HIGH   TIME     LOW   TIME   DAYS  DAYS RAIN AVG  HI  TIME    DIR BAROM HUM
---------------------------------------------------------------------------------------
1    65.0  78.3  12:27pm  47.7  11:59pm    3    3  0.20   1  28   3:37pm WSW 29.62   73
2    50.4  65.7   5:06pm  38.8  11:57pm   14    0  0.00   3  23  10:06am  NW 29.88   64
3    54.5  73.9   3:25pm  34.3   3:06am   12    2  0.00   2  23   2:15pm WNW 30.01   52
4    51.1  59.0  12:24pm  37.9   5:00am   14    0  0.00   0  10   6:10pm   E 30.16   58
5    50.8  58.3   2:38pm  46.8   8:42am   14    0  0.12   0  10   5:42pm ESE 30.10   83
6    53.2  60.8   2:27pm  47.3   6:13am   12    0  0.28   0  16   1:30pm ESE 30.00   80
7    56.4  72.5   3:37pm  46.6   5:18am   10    1  0.08   1  15   3:03pm WSW 29.96   69
8    60.2  74.7   4:00pm  48.2   5:46am    7    2  0.00   1  20  11:51am WSW 29.96   61
9    57.9  71.4   4:09pm  42.4   4:12am    8    1  0.00   1  17   3:57pm ESE 29.98   72
10   66.2  80.6   5:01pm  53.1   5:05am    4    5  0.00   1  12   3:50pm ESE 29.82   67
11   69.2  86.4   3:59pm  52.2   5:27am    3    8  0.00   2  17   1:58pm WSW 29.82   65
12   65.8  80.4   1:15pm  52.5   5:26am    4    4  0.00   1  12   1:59pm WSW 29.83   64
13   63.6  76.1   3:02pm  50.5  11:58pm    5    3  0.00   2  17  10:40am  NW 29.95   61
14   63.0  80.4   4:05pm  43.3   5:22am    7    5  0.00   1  16  12:57pm ESE 30.06   54
15   61.8  68.7   6:03pm  54.0   4:28am    4    1  0.08   0  16   1:58pm WSW 29.90   79
16   69.5  85.3   3:28pm  56.8  11:54pm    2    6  0.08   4  26   5:14pm   W 29.80   65
17   61.2  70.7   2:47pm  48.9  11:59pm    5    1  0.08   1  14   4:04pm ESE 29.92   75
18   57.0  73.4   4:17pm  37.9   5:29am   10    2  0.00   1  16   1:17pm ESE 30.08   55
19   60.8  80.4   3:57pm  36.7   4:44am    9    5  0.00   2  17  12:03pm WSW 30.07   51
20   69.6  86.9   4:01pm  50.4   4:43am    4    9  0.00   2  21  11:36am WSW 30.06   57
21   66.8  75.6   4:17pm  59.9   9:12am    1    3  0.51   2  17   1:07pm WSW 29.95   84
22   65.1  70.0  12:22pm  61.3  11:45pm    1    1  0.00   1  16  11:45am ESE 30.00   87
23   71.9  87.3   3:32pm  60.6  12:58am    1    8  0.00   2  26   6:30pm WSW 29.86   78
24   74.9  87.3   2:11pm  60.1   5:19am    1   11  0.00   2  18  12:03pm WSW 29.86   70
25   76.1  88.7   3:05pm  66.0  11:52pm    0   11  0.04   1  16   4:58pm WSW 29.80   72
26   72.1  85.5   1:25pm  60.8   5:12am    1    8  0.39   2  21   7:49pm   E 29.75   80
27   69.5  87.3   1:49pm  61.3   4:02am    1    5  0.28   1  13   1:35pm   W 29.72   84
28   64.9  73.0   1:59pm  58.3   5:23am    2    2  0.12   0  12   9:18am WNW 29.64   90
29   64.8  75.9   2:08pm  57.2  11:58pm    2    2  0.04   1  17   1:24pm NNE 29.75   77
30   67.0  82.6   3:43pm  51.6   5:14am    4    6  0.00   1  13   2:51pm ESE 29.98   49
---------------------------------------------------------------------------------------
TOT  63.3  88.7  6/25/13  34.3   6/3/13  164  114  2.28   1  28   6/1/13 WSW 29.91   69

HEAT BASE: 65.0
COOL BASE: 65.0