NOAA-Style Climate Reports


Report for 2013 May
                  MONTHLY CLIMATOLOGICAL SUMMARY FOR 5/2013
                                        HEAT  COOL        
     MEAN                               DEG   DEG       WIND SPEED       DOM MEAN  MEAN
DAY  TEMP  HIGH   TIME     LOW   TIME   DAYS  DAYS RAIN AVG  HI  TIME    DIR BAROM HUM
---------------------------------------------------------------------------------------
1    58.3  72.1   2:39pm  39.2  11:52pm    8    1  0.00   3  16   3:54pm NNE 30.10   55
2    38.2  46.6   9:29am  32.7  11:56pm   27    0  0.63   3  19  10:56am NNE 30.29   73
3    36.3  41.0   5:01pm  32.0   6:44am   29    0  0.43   1  12   6:04am NNE 30.15   94
4    55.1  76.3   3:27pm  38.5  12:00am   12    2  0.00   1  14   2:11pm   E 30.06   70
5    55.4  76.3   5:11pm  37.4   5:39am   12    2  0.00   1  14   2:38pm ESE 30.06   51
6    58.6  78.6   3:18pm  36.3   5:38am   10    4  0.00   2  15   1:58pm ESE 30.03   46
7    61.4  81.7   3:06pm  37.4   5:22am    9    6  0.00   2  16   2:18pm ESE 30.01   42
8    62.8  83.5   3:07pm  37.9   5:46am    8    6  0.00   2  19  12:47pm WSW 29.97   41
9    53.9  70.9  10:53am  36.9  11:49pm   12    1  0.20   2  16   9:47am  NE 29.98   61
10   45.8  64.2   4:30pm  33.8   6:01am   19    0  0.04   2  14   6:01pm   E 29.97   64
11   33.6  34.9   7:51am  32.9   3:29am   10    0  0.00   5  22   2:36am  NW 29.93   69
12   38.6  50.5   3:45pm  25.5  11:59pm   25    0  0.00   5  30  10:35am  NW 30.00   51
13   42.8  61.0   2:51pm  21.4   5:28am   22    0  0.00   3  22   2:21pm WSW 30.03   46
14   54.0  71.8   3:47pm  37.2   5:47am   12    1  0.00   2  14   5:33pm   E 29.69   51
15   64.2  81.7   4:19pm  41.9   2:41am    6    5  0.00   5  30   2:42pm WNW 29.67   43
16   63.1  80.1   2:22pm  49.5  10:48pm    5    4  0.00   2  17  12:25pm   E 29.90   40
17   53.7  67.8   3:26pm  43.2   7:13am   11    0  0.00   1  14   6:05pm   E 30.09   54
18   59.1  74.3   4:38pm  49.3   5:16am    7    1  0.00   2  15   4:18pm   E 30.03   61
19   67.2  84.2   2:55pm  47.7   5:16am    5    7  0.00   3  17  10:38am   E 29.85   61
20   68.6  87.1   3:54pm  57.4   4:46am    3    6  0.08   2  19   6:33pm WSW 29.68   68
21   60.4  71.2   1:20pm  52.2   4:20am    5    0  0.71   1  13   5:31pm   E 29.62   89
22   55.6  60.6  12:00am  49.3  11:57pm    9    0  0.04   1  13   5:28pm NNE 29.72   96
23   46.7  58.8   4:29pm  33.6  11:59pm   18    0  0.08   4  19  10:41am NNE 30.11   65
24   48.7  68.9   4:25pm  28.0   5:04am   17    0  0.00   2  14   4:38pm ESE 30.33   51
25   51.7  68.0   3:43pm  32.2   5:25am   14    0  0.00   2  19  11:44am   E 30.32   50
26   52.2  68.7   1:46pm  33.4   5:04am   13    1  0.00   2  16   4:55pm   E 30.26   46
27   54.9  71.2   1:06pm  35.1   2:36am   11    1  0.00   2  17  12:14pm   E 30.06   49
28   53.1  56.8   5:12pm  49.3   5:43am   12    0  0.00   0   9   2:32pm ESE 29.80   84
29   62.6  79.5   6:01pm  49.1   5:10am    5    2  0.00   2  19   2:51pm WSW 29.81   83
30   71.9  88.3   1:48pm  59.5   5:46am    1    8  0.28   3  22   2:47pm WSW 29.77   74
31   70.3  80.6   4:22pm  61.5   4:02am    1    6  0.00   3  21   9:24am WSW 29.68   73
---------------------------------------------------------------------------------------
TOT  55.1  88.3  5/30/13  21.4  5/13/13  357   64  2.68   2  33  5/11/13   E 29.96   61

HEAT BASE: 65.0
COOL BASE: 65.0