NOAA-Style Climate Reports

Select a Year or Month report
2018: Jan Feb Mar Apr May Jun Jul Aug Sep Oct Nov Dec
2017: Jan Feb Mar Apr May Jun Jul Aug Sep Oct Nov Dec
2016: Jan Feb Mar Apr May Jun Jul Aug Sep Oct Nov Dec
2015: Jan Feb Mar Apr May Jun Jul Aug Sep Oct Nov Dec
2014: Jan Feb Mar Apr May Jun Jul Aug Sep Oct Nov Dec
2013: Jan Feb Mar Apr May Jun Jul Aug Sep Oct Nov Dec
2012: Jan Feb Mar Apr May Jun Jul Aug Sep Oct Nov Dec
2011: Jan Feb Mar Apr May Jun Jul Aug Sep Oct Nov Dec
2010: Jan Feb Mar Apr May Jun Jul Aug Sep Oct Nov Dec
2009: Jan Feb Mar Apr May Jun Jul Aug Sep Oct Nov Dec
2008: Jan Feb Mar Apr May Jun Jul Aug Sep Oct Nov Dec
2007: Jan Feb Mar Apr May Jun Jul Aug Sep Oct Nov Dec
2006: Jan Feb Mar Apr May Jun Jul Aug Sep Oct Nov Dec
2005: Jan Feb Mar Apr May Jun Jul Aug Sep Oct Nov Dec
2004: Jan Feb Mar Apr May Jun Jul Aug Sep Oct Nov Dec
2003: Jan Feb Mar Apr May Jun Jul Aug Sep Oct Nov Dec

Report for 2013 May

Daily NOAA report



                            MONTHLY CLIMATOLOGICAL SUMMARY for MAY. 2013

NAME: Athelstane Weather   CITY: Athelstane STATE: Wisconsin
ELEV: 812 LAT: 045:23:00 LONG: 0088:07:00

                            TEMPERATURE ( °F), RAIN (in.), WIND SPEED (mph)

                                               HEAT     COOL           AVG
      MEAN                                     DEG      DEG            WIND                       DOM
DAY   TEMP    HIGH   TIME     LOW    TIME      DAYS     DAYS    RAIN   SPEED    HIGH    TIME      DIR
--------------------------------------------------------------------------------------------------------
01    58.2   072.0   14:20    39.0   00:00     06.7     00.0   00.00   02.7     11.5    11:28      N 
02    38.2   046.6   10:14    32.7   00:00     26.7     00.0   00.63   02.7     18.4    13:08     NNE
03    36.3   041.0   17:09    32.0   06:27     28.6     00.0   00.43   01.3     11.5    12:27     NNE
04    55.3   076.3   16:03    38.5   00:04     09.6     00.0   00.00   01.2     11.5    16:14      E 
05    56.0   076.3   17:09    37.4   06:02     08.9     00.0   00.00   00.8     12.7    15:14      E 
06    58.5   078.4   15:09    36.3   05:26     06.4     00.0   00.00   01.7     14.9    16:12     ESE
07    61.3   081.5   15:02    37.4   05:24     03.6     00.0   00.00   02.4     16.1    14:11      S 
08    62.8   083.5   15:04    37.9   06:01     02.1     00.0   00.00   02.0     16.1    12:22      SW
09    53.9   070.7   10:28    36.9   00:00     11.1     00.0   00.20   01.7     16.1    09:24      NE
10    46.0   064.0   16:25    33.8   06:15     19.0     00.0   00.04   02.1     12.7    16:20      NE
11    41.0   050.2   17:22    34.0   21:28     24.0     00.0   00.00   04.2     31.1    17:02     WNW
12    37.8   050.5   15:24    25.5   00:00     27.1     00.0   00.00   05.9     21.9    12:30     WNW
13    42.8   061.0   14:26    21.4   05:26     22.1     00.0   00.00   03.1     19.6    14:11     WSW
14    54.1   071.8   15:24    37.2   06:04     10.9     00.0   00.00   01.6     11.5    18:19     ESE
15    64.3   081.5   16:11    41.9   02:28     00.7     00.0   00.00   04.6     20.7    10:24      W 
16    63.0   080.1   14:12    49.5   22:26     01.9     00.0   00.00   02.2     14.9    12:10     ENE
17    53.7   067.6   15:16    43.2   07:14     11.2     00.0   00.00   01.4     12.7    15:20     ESE
18    58.9   074.3   16:22    49.3   07:00     06.0     00.0   00.00   01.5     14.9    16:10      E 
19    67.6   084.0   14:29    47.7   05:21     00.0     02.7   00.00   03.0     17.3    14:29      S 
20    69.8   086.9   16:14    59.7   00:05     00.0     04.8   00.08   01.2     18.4    14:14     SSE
21    60.4   071.2   13:11    52.2   04:11     04.6     00.0   00.71   00.6     10.3    15:26      E 
22    55.6   060.6   00:24    49.1   00:00     09.4     00.0   00.04   01.0     12.7    17:15      NE
23    46.6   058.8   16:16    33.6   00:00     18.3     00.0   00.08   03.5     17.3    15:16     NNE
24    48.6   068.9   16:15    28.0   05:06     16.4     00.0   00.00   01.2     12.7    16:00     ENE
25    51.5   068.0   15:27    32.2   05:16     13.4     00.0   00.00   01.7     11.5    17:17      E 
26    52.3   068.7   15:09    33.4   05:04     12.6     00.0   00.00   02.0     14.9    15:03      E 
27    55.8   071.1   13:04    35.1   02:28     09.2     00.0   00.00   02.3     17.3    14:24      E 
28    53.1   056.8   17:29    49.3   06:16     11.8     00.0   00.00   00.1     08.1    17:20     ESE
29    62.6   079.5   18:01    49.1   05:06     02.3     00.0   00.00   01.9     18.4    15:10      SW
30    72.0   088.2   13:28    59.5   06:01     00.0     07.0   00.28   02.5     19.6    14:19     WSW
31    70.4   080.6   16:14    61.5   04:26     00.0     05.5   00.00   03.5     18.4    15:24      SW
--------------------------------------------------------------------------------------------------------
55.1 (55.2)   88.2  day 30     21.4  day 13   324.8    020.0   00.00   02.2     31.1   day 12      NE
Max >=  86: 2
Min  .08in) 0 (> 0.8in)