NOAA-Style Climate Reports


Report for 2013 April
                  MONTHLY CLIMATOLOGICAL SUMMARY FOR 4/2013
                                        HEAT  COOL        
     MEAN                               DEG   DEG       WIND SPEED       DOM MEAN  MEAN
DAY  TEMP  HIGH   TIME     LOW   TIME   DAYS  DAYS RAIN AVG  HI  TIME    DIR BAROM HUM
---------------------------------------------------------------------------------------
1    25.1  35.1   3:45pm  15.1   6:45am   39    0  0.00   4  24   3:24pm WNW 29.98   49
2    27.3  41.0   3:41pm  16.3   6:39am   38    0  0.00   4  25  10:38am WSW 30.14   44
3    28.8  44.8   4:00pm  11.8   6:29am   36    0  0.00   2  17  12:08pm WSW 30.29   44
4    39.7  55.4   4:14pm  28.4  11:52pm   25    0  0.00   5  24   3:22pm WSW 29.96   46
5    33.4  44.8   3:13pm  21.4   6:26am   32    0  0.00   1  16   2:59pm WSW 30.14   47
6    34.4  42.3   3:56pm  28.8   7:22am   31    0  0.28   2  17  11:53am   E 29.81   72
7    39.3  51.6   5:44pm  30.9  11:51pm   26    0  0.08   3  19   4:36am WNW 29.78   69
8    33.6  36.3  12:18pm  28.4   1:52am   31    0  0.20   0  10   9:53am   E 29.87   85
9    34.4  39.7  11:46am  29.5   4:16am   31    0  0.04   1  12   5:52pm NNE 30.05   88
10   35.1  43.7   3:09pm  29.8  12:00am   30    0  0.04   1  11  10:47am   E 30.09   60
11   30.8  34.5  11:19am  27.1   8:47pm   34    0  0.00   4  21  12:15pm ENE 29.90   68
12   30.3  35.8   2:14pm  27.0   7:57am   35    0  0.08   0   9  12:05am   E 29.65   86
13   31.8  38.7   2:36pm  23.5  11:57pm   33    0  0.28   3  26  12:03pm WSW 29.74   77
14   28.5  39.9  10:45am  14.4   6:02am   35    0  0.12   2  15  12:59pm   E 29.90   78
15   42.2  55.8   3:09pm  33.1  12:28am   23    0  0.55   6  32   4:17pm WSW 29.70   67
16   40.1  50.5   4:29pm  28.2  11:58pm   25    0  0.00   4  23  10:00am WSW 30.07   51
17   35.2  42.6  12:46pm  24.4   4:21am   30    0  0.00   1  15   7:58pm   E 30.23   63
18   36.7  39.7  12:21pm  34.2   6:12am   28    0  0.35   1  14   3:43am   E 29.59   90
19   32.0  38.1   1:46am  22.5  11:24pm   33    0  0.04   7  34   1:38pm WSW 29.34   74
20   30.1  43.3   5:27pm  19.9   6:29am   35    0  0.00   3  21   9:34am WNW 30.10   51
21   31.8  58.1  10:40am  18.9   5:43am   32    0  0.00   3  21  12:52pm  SW 30.34   58
22   40.2  43.7  12:59pm  34.0   1:51am   19    0  0.28   0   9   9:47pm   E 30.13   87
23   37.2  44.1   2:42pm  27.5  11:59pm   28    0  0.16   2  21  10:17am  NW 29.92   80
24   39.0  54.1   4:32pm  23.2   6:05am   26    0  0.00   4  23   3:56pm WSW 29.91   52
25   41.1  53.4   2:59pm  27.9  11:59pm   24    0  0.08   5  24  12:57pm WSW 30.02   56
26   45.8  69.6   4:22pm  25.5   3:33am   19    0  0.00   3  27  11:31am WSW 30.12   55
27   54.4  73.6   2:03pm  32.7   6:04am   12    2  0.00   3  25   3:30pm WSW 30.05   58
28   55.7  73.8   4:51pm  34.3   6:14am   11    2  0.00   3  19  12:57pm WSW 29.85   53
29   55.4  68.9   2:27pm  44.2  12:00am   10    0  0.12   2  19   2:04pm WSW 29.75   74
30   60.1  73.8   6:09pm  46.4   4:42am    7    2  0.04   3  27  11:31pm   E 29.68   76
---------------------------------------------------------------------------------------
TOT  37.6  73.8  4/28/13  11.8   4/3/13  817    6  2.72   3  34  4/19/13 WSW 29.93   65

HEAT BASE: 65.0
COOL BASE: 65.0