NOAA-Style Climate Reports

Select a Year or Month report
2018: Jan Feb Mar Apr May Jun Jul Aug Sep Oct Nov Dec
2017: Jan Feb Mar Apr May Jun Jul Aug Sep Oct Nov Dec
2016: Jan Feb Mar Apr May Jun Jul Aug Sep Oct Nov Dec
2015: Jan Feb Mar Apr May Jun Jul Aug Sep Oct Nov Dec
2014: Jan Feb Mar Apr May Jun Jul Aug Sep Oct Nov Dec
2013: Jan Feb Mar Apr May Jun Jul Aug Sep Oct Nov Dec
2012: Jan Feb Mar Apr May Jun Jul Aug Sep Oct Nov Dec
2011: Jan Feb Mar Apr May Jun Jul Aug Sep Oct Nov Dec
2010: Jan Feb Mar Apr May Jun Jul Aug Sep Oct Nov Dec
2009: Jan Feb Mar Apr May Jun Jul Aug Sep Oct Nov Dec
2008: Jan Feb Mar Apr May Jun Jul Aug Sep Oct Nov Dec
2007: Jan Feb Mar Apr May Jun Jul Aug Sep Oct Nov Dec
2006: Jan Feb Mar Apr May Jun Jul Aug Sep Oct Nov Dec
2005: Jan Feb Mar Apr May Jun Jul Aug Sep Oct Nov Dec
2004: Jan Feb Mar Apr May Jun Jul Aug Sep Oct Nov Dec
2003: Jan Feb Mar Apr May Jun Jul Aug Sep Oct Nov Dec

Report for 2013 April

Daily NOAA report



                            MONTHLY CLIMATOLOGICAL SUMMARY for APR. 2013

NAME: Athelstane Weather   CITY: Athelstane STATE: Wisconsin
ELEV: 812 LAT: 045:23:00 LONG: 0088:07:00

                            TEMPERATURE ( °F), RAIN (in.), WIND SPEED (mph)

                                               HEAT     COOL           AVG
      MEAN                                     DEG      DEG            WIND                       DOM
DAY   TEMP    HIGH   TIME     LOW    TIME      DAYS     DAYS    RAIN   SPEED    HIGH    TIME      DIR
--------------------------------------------------------------------------------------------------------
01    25.1   034.9   16:12    15.1   07:13     39.8     00.0   00.00   04.4     23.0    15:13      W 
02    27.3   040.8   15:24    16.5   06:28     37.6     00.0   00.00   03.9     19.6    10:27     WNW
03    28.9   044.6   16:03    11.8   06:25     36.0     00.0   00.00   02.4     17.3    12:09     WSW
04    39.7   055.4   16:09    28.4   00:00     25.2     00.0   00.00   05.0     24.1    15:12     WSW
05    33.4   044.6   15:09    21.4   06:18     31.5     00.0   00.00   01.4     12.7    12:24      W 
06    34.5   042.3   16:02    28.8   07:20     30.5     00.0   00.28   01.8     14.9    12:24     ESE
07    39.3   051.6   17:22    30.9   00:00     25.6     00.0   00.08   02.8     17.3    08:25     WNW
08    33.6   036.3   12:25    28.6   02:04     31.3     00.0   00.20   00.1     06.9    11:26     ENE
09    34.4   039.7   13:29    29.5   04:15     30.5     00.0   00.04   00.5     11.5    17:28      NE
10    35.1   043.7   15:09    29.8   00:09     29.9     00.0   00.04   01.0     10.3    12:05      NE
11    30.8   034.5   11:11    27.1   23:17     34.2     00.0   00.00   04.1     18.4    15:06     ENE
12    30.6   035.4   14:04    27.0   08:14     34.4     00.0   00.08   00.4     09.2    00:04      E 
13    31.7   038.7   17:02    23.5   00:00     33.2     00.0   00.28   03.3     25.3    12:02      W 
14    29.1   039.7   11:04    14.4   06:17     35.8     00.0   00.12   01.4     14.9    13:01      E 
15    42.0   055.6   15:08    33.8   05:24     22.9     00.0   00.55   06.2     29.9    13:10     WSW
16    40.0   050.4   16:24    28.2   00:00     24.9     00.0   00.00   04.4     23.0    10:01      W 
17    35.2   042.6   15:01    24.4   05:01     29.7     00.0   00.00   01.2     12.7    08:14     ENE
18    36.6   039.7   13:29    34.2   07:03     28.3     00.0   00.35   00.5     10.3    12:14     ENE
19    32.0   038.1   02:03    22.5   23:27     32.9     00.0   00.04   06.9     28.8    12:14      W 
20    30.1   043.2   17:16    19.9   06:15     34.8     00.0   00.00   03.2     17.3    14:21     WNW
21    32.5   044.2   12:51    19.0   05:28     32.4     00.0   00.00   03.1     17.3    10:15      SW
22    40.0   043.7   13:06    34.0   02:11     25.0     00.0   00.28   00.2     06.9    22:05     WSW
23    37.2   043.9   14:24    27.5   00:00     27.8     00.0   00.16   01.9     19.6    14:21      NW
24    39.1   054.1   16:19    23.4   06:06     25.8     00.0   00.00   03.8     20.7    15:20      W 
25    41.0   053.2   14:29    27.9   00:00     23.9     00.0   00.08   05.2     20.7    14:29      W 
26    45.9   069.6   16:14    25.7   03:25     19.0     00.0   00.00   02.4     26.4    11:15     SSW
27    54.2   073.6   14:02    32.7   06:14     10.7     00.0   00.00   03.0     23.0    14:02      SW
28    55.9   073.8   16:27    34.5   06:14     09.0     00.0   00.00   02.3     19.6    12:29     SSW
29    55.4   068.9   14:15    44.4   00:04     09.5     00.0   00.12   01.5     16.1    14:15     SSW
30    59.9   073.6   18:06    46.4   04:28     05.0     00.0   00.04   02.4     16.1    12:21      E 
--------------------------------------------------------------------------------------------------------
37.7 (37.7)   73.8  day 28     11.8  day 03   817.4    000.0   00.00   02.7     29.9   day 19      W 
Min  .08in) 0 (> 0.8in)