NOAA-Style Climate Reports


Report for 2013 March
                  MONTHLY CLIMATOLOGICAL SUMMARY FOR 3/2013
                                        HEAT  COOL        
     MEAN                               DEG   DEG       WIND SPEED       DOM MEAN  MEAN
DAY  TEMP  HIGH   TIME     LOW   TIME   DAYS  DAYS RAIN AVG  HI  TIME    DIR BAROM HUM
---------------------------------------------------------------------------------------
1    23.1  32.9   1:58pm  11.3  11:56pm   42    0  0.00   2  14   4:38am NNE 30.19   56
2    17.4  34.2   3:17pm   2.3  11:59pm   48    0  0.00   1  13   2:34pm   E 30.15   52
3    14.7  35.2   3:16pm  -0.9   3:12am   50    0  0.00   1  14  11:29am  NW 30.06   48
4    17.0  34.2   3:19pm  -2.6   6:14am   47    0  0.00   1  18  10:17am   E 30.10   48
5    25.6  33.3  12:47pm  19.2  12:00am   39    0  0.00   1  14   6:07pm   E 30.05   60
6    28.3  36.0   1:38pm  18.5  11:58pm   37    0  0.00   1  15   9:25am  NW 30.20   68
7    21.1  36.3   3:17pm   6.8   4:05am   43    0  0.00   1  12  11:59am WNW 30.34   55
8    22.7  40.5   2:36pm   1.8   5:38am   42    0  0.00   2  19  12:01pm WSW 30.34   42
9    29.5  42.8  10:19am  18.9   3:31am   36    0  0.31   2  14   6:12pm   E 30.00   81
10   33.7  36.7  12:55pm  30.4   9:16pm   29    0  0.16   0  10   2:23pm NNE 29.79   95
11   30.8  35.1   1:10pm  24.1  11:57pm   34    0  0.04   2  19   6:46pm  NW 29.57   91
12   23.5  30.4   3:21pm  17.6   9:33pm   41    0  0.00   5  20   3:27pm WSW 29.75   69
13   24.0  37.0   3:49pm  12.6  11:53pm   41    0  0.04   4  24   9:23am  NW 30.09   54
14   24.7  42.4   3:57pm   2.5   7:07am   40    0  0.20   4  21   6:38pm WSW 30.10   53
15   31.3  39.6   3:01pm  17.1  11:56pm   34    0  0.00   2  15  12:39pm WSW 29.89   60
16   21.9  32.7   3:58pm  13.5   7:23am   41    0  0.08   3  19  10:02pm WNW 29.93   57
17   16.3  28.4   4:17pm  -0.0   7:26am   49    0  0.00   2  20   2:34pm WSW 30.16   49
18   21.4  34.0  12:59pm   7.3   1:24am   44    0  0.00   1  21  11:59pm   S 29.69   56
19   22.8  33.1   3:33pm  16.5   7:04am   42    0  0.00   9  30   4:36pm WSW 29.63   60
20   18.1  26.1   3:23pm   8.6   7:21am   47    0  0.00   6  27   2:56pm   W 29.88   41
21   21.5  35.8   4:16pm  11.5   1:40am   44    0  0.00   3  22  12:38pm WNW 29.93   55
22   24.1  36.1   3:38pm   7.7   4:46am   41    0  0.00   2  18   9:13am WNW 29.95   51
23   30.1  36.0   2:20pm  23.9   6:15am   34    0  0.00   1  12   6:23am WNW 30.06   59
24   29.6  55.4  12:44pm  23.2  11:49pm   35    0  0.00   1  11  11:39am   E 29.95   60
25   29.7  37.4   4:54pm  19.6   4:43am   35    0  0.00   2  16   1:24pm NNE 29.94   62
26   33.7  43.2   1:34pm  27.1  11:23pm   31    0  0.00   2  20  10:13am  NW 30.12   61
27   34.9  49.5   4:56pm  23.5   2:27am   30    0  0.00   2  21  11:03am WNW 30.20   53
28   35.6  51.8   3:34pm  21.2   6:05am   29    0  0.00   2  17  11:21am WSW 30.23   47
29   36.0  53.1   5:18pm  20.5   5:29am   29    0  0.00   2  17   5:21pm WSW 30.20   46
30   32.8  38.1  11:39am  25.5   2:14am   31    0  0.43   1  15  11:43am WSW 29.92   71
31   33.4  46.6  11:06am  24.8  11:56pm   31    0  0.00   4  30   4:42pm WSW 29.66   69
---------------------------------------------------------------------------------------
TOT  26.1  55.4  3/24/13  -2.6   3/4/13 1195    0  1.26   2  30  3/19/13 WSW 30.01   59

HEAT BASE: 65.0
COOL BASE: 65.0