NOAA-Style Climate Reports


Report for 2013 March

Daily NOAA report



                            MONTHLY CLIMATOLOGICAL SUMMARY for MAR. 2013

NAME: Athelstane Weather   CITY: Athelstane STATE: Wisconsin
ELEV: 812 LAT: 045:23:00 LONG: 0088:07:00

                            TEMPERATURE ( °F), RAIN (in.), WIND SPEED (mph)

                                               HEAT     COOL           AVG
      MEAN                                     DEG      DEG            WIND                       DOM
DAY   TEMP    HIGH   TIME     LOW    TIME      DAYS     DAYS    RAIN   SPEED    HIGH    TIME      DIR
--------------------------------------------------------------------------------------------------------
01    23.1   032.7   15:09    11.3   00:00     41.9     00.0   00.00   02.3     11.5    13:21      NE
02    17.3   034.0   15:10    02.3   00:00     47.6     00.0   00.00   01.1     11.5    12:12      N 
03    14.9   035.2   15:10   -00.9   04:02     50.0     00.0   00.00   01.2     11.5    13:10     NNW
04    16.7   034.2   15:10   -02.6   06:23     48.3     00.0   00.00   01.0     12.7    10:09     ENE
05    25.7   033.3   12:24    19.2   04:16     39.3     00.0   00.00   01.2     10.3    09:29     ENE
06    28.3   036.0   13:19    18.3   00:00     36.7     00.0   00.00   01.3     14.9    16:20     NNW
07    20.7   036.3   15:09    06.8   04:05     44.2     00.0   00.00   00.9     10.3    15:18     WNW
08    22.5   040.5   14:21    01.8   05:25     42.4     00.0   00.00   01.9     13.8    13:06     SSW
09    29.5   036.1   14:16    18.9   03:29     35.5     00.0   00.31   01.6     12.7    20:16      S 
10    33.8   036.7   13:09    30.4   21:25     31.2     00.0   00.16   00.2     10.3    14:12      E 
11    30.8   035.1   14:17    24.1   00:00     34.2     00.0   00.04   01.4     17.3    18:09     NNW
12    23.5   030.4   15:12    17.6   22:09     41.4     00.0   00.00   04.5     18.4    23:22      W 
13    24.0   037.0   15:28    12.6   00:00     41.0     00.0   00.04   03.8     18.4    17:23      NW
14    24.8   042.3   15:29    02.5   07:10     40.2     00.0   00.20   03.4     18.4    18:19     WSW
15    31.2   039.4   15:06    17.2   00:00     33.7     00.0   00.00   02.1     14.9    12:20      NW
16    22.0   032.7   16:03    13.5   07:20     43.0     00.0   00.08   03.2     17.3    23:49     WNW
17    16.2   028.4   16:10   -00.0   07:14     48.7     00.0   00.00   02.3     12.7    13:20      SE
18    21.4   034.0   13:02    07.3   01:20     43.5     00.0   00.00   01.3     14.9    23:29     ESE
19    22.9   033.1   15:19    16.5   07:27     42.1     00.0   00.00   09.1     29.9    16:19      W 
20    18.1   026.1   15:13    08.6   07:15     46.8     00.0   00.00   06.2     19.6    05:09     WNW
21    21.5   035.8   16:13    11.5   01:24     43.4     00.0   00.00   02.6     16.1    15:22     WNW
22    24.2   036.1   15:21    07.7   04:26     40.8     00.0   00.00   01.4     11.5    11:14     WNW
23    30.2   036.0   14:14    24.3   07:10     34.7     00.0   00.00   00.6     12.7    15:04      N 
24    29.7   035.1   14:16    23.2   00:00     35.2     00.0   00.00   00.9     10.3    12:16      NE
25    29.7   037.4   16:29    19.6   04:24     35.3     00.0   00.00   01.9     16.1    13:13     NNE
26    33.7   043.2   13:20    27.1   23:26     31.2     00.0   00.00   02.0     18.4    12:15     NNW
27    34.1   049.5   17:03    24.1   03:05     30.8     00.0   00.00   02.2     20.7    11:02     WNW
28    35.6   051.6   16:13    21.2   06:11     29.3     00.0   00.00   01.8     13.8    12:09      W 
29    36.0   052.9   17:13   -00.0   15:25     28.9     00.0   00.00   01.8     13.8    12:20     WSW
30    32.9   037.9   11:23    25.5   03:16     32.1     00.0   00.43   01.2     12.7    16:27      SW
31    33.3   046.4   11:04    25.9   23:09     31.6     00.0   00.00   04.0     20.7    11:23     WNW
--------------------------------------------------------------------------------------------------------
26.1 (25.7)   52.9  day 29    -02.6  day 04   1205.0    000.0   00.00   02.3     29.9   day 19     WNW
Max