NOAA-Style Climate Reports


Report for 2013 February
                  MONTHLY CLIMATOLOGICAL SUMMARY FOR 2/2013
                                        HEAT  COOL        
     MEAN                               DEG   DEG       WIND SPEED       DOM MEAN  MEAN
DAY  TEMP  HIGH   TIME     LOW   TIME   DAYS  DAYS RAIN AVG  HI  TIME    DIR BAROM HUM
---------------------------------------------------------------------------------------
1     1.3   9.1   2:57pm  -4.7   7:26am   64    0  0.00   6  18   9:13am WSW 30.05   62
2     2.9  18.3   3:15pm  -7.1   6:36am   60    0  0.00   2  16  11:25am WNW 29.99   48
3     4.5  17.4   2:56pm  -6.5  12:56am   59    0  0.00   3  21  11:14am WSW 29.86   30
4     3.9  20.8   3:05pm -10.1   7:46am   61    0  0.00   1  17   1:36pm WSW 29.91   47
5    10.8  23.9   1:00pm  -6.9  12:44am   54    0  0.00   2  19   2:59pm WSW 29.79   54
6    12.2  25.5   2:26pm  -5.8   3:13am   53    0  0.00   1  18  11:15am WSW 30.10   62
7    21.6  24.4   1:46pm  20.1  12:00am   43    0  0.00   0  10   6:12pm   S 30.08   84
8    16.1  30.0   3:23pm  -0.9  11:58pm   49    0  0.00   1  12   1:32am NNE 30.25   69
9    11.1  23.4  11:14pm  -9.2   6:49am   53    0  0.00   2  16   9:16am WSW 30.18   71
10   28.6  32.7   6:32pm  23.2   4:32am   36    0  0.28   1  16   4:11pm   E 29.73   90
11   31.2  35.8  10:06am  22.5  11:55pm   34    0  0.39   6  30   4:18pm WSW 29.47   85
12   22.0  30.0   3:39pm  12.4   9:44pm   43    0  0.00   5  21   5:54am WSW 29.85   67
13   25.7  39.2   1:24pm   9.7   2:20am   39    0  0.12   1  13  12:41pm WSW 29.63   71
14   27.8  34.2  12:50pm  13.6  11:59pm   37    0  0.04   2  18   4:50pm  NW 29.71   76
15   12.4  23.4   1:06pm  -0.0   7:02am   53    0  0.00   2  18  11:44am WNW 30.04   57
16    7.3  20.8   1:34pm  -9.0  11:58pm   58    0  0.00   2  17   9:42am WNW 30.06   51
17    5.1  22.8   2:59pm -15.2   6:44am   58    0  0.00   1  17  12:44pm WSW 30.04   48
18   28.5  39.4   2:30pm  13.1   7:10am   37    0  0.08   2  21   1:29pm WSW 29.59   61
19   17.7  31.5  12:00am   7.3  10:26pm   47    0  0.00   7  30   5:31am  NW 29.66   64
20   14.6  25.5   3:18pm   7.5  11:53pm   50    0  0.00   4  23   2:27pm  NW 30.22   51
21   18.0  28.4   2:40pm   5.4   2:35am   47    0  0.00   2  13   8:42pm   E 30.32   63
22   23.4  27.7   9:43am  19.2  11:57pm   42    0  0.00   1  13   5:49am   E 29.89   84
23   24.7  32.9   3:09pm  15.3   1:12am   40    0  0.00   2  16  11:56am WSW 29.73   78
24   25.3  35.8   1:08pm   9.5   6:50am   40    0  0.04   1  14   8:31am WSW 29.97   72
25   27.0  36.5   1:18pm  12.6   1:34am   38    0  0.04   1  15  12:59pm WSW 30.07   69
26   29.3  35.1   1:06pm  19.9   4:54am   36    0  0.04   2  18   1:01pm ENE 29.94   72
27   31.4  34.3  12:53pm  28.8   5:36am   34    0  0.04   2  17   3:00pm NNE 29.74   79
28   28.1  32.2  12:00am  23.4  10:24pm   37    0  0.00   3  21   8:13am NNE 29.98   69
---------------------------------------------------------------------------------------
TOT  18.4  39.4  2/18/13 -15.2  2/17/13 1302    0  1.06   2  30  2/11/13 WSW 29.92   66

HEAT BASE: 65.0
COOL BASE: 65.0