NOAA-Style Climate Reports

Select a Year or Month report
2018: Jan Feb Mar Apr May Jun Jul Aug Sep Oct Nov Dec
2017: Jan Feb Mar Apr May Jun Jul Aug Sep Oct Nov Dec
2016: Jan Feb Mar Apr May Jun Jul Aug Sep Oct Nov Dec
2015: Jan Feb Mar Apr May Jun Jul Aug Sep Oct Nov Dec
2014: Jan Feb Mar Apr May Jun Jul Aug Sep Oct Nov Dec
2013: Jan Feb Mar Apr May Jun Jul Aug Sep Oct Nov Dec
2012: Jan Feb Mar Apr May Jun Jul Aug Sep Oct Nov Dec
2011: Jan Feb Mar Apr May Jun Jul Aug Sep Oct Nov Dec
2010: Jan Feb Mar Apr May Jun Jul Aug Sep Oct Nov Dec
2009: Jan Feb Mar Apr May Jun Jul Aug Sep Oct Nov Dec
2008: Jan Feb Mar Apr May Jun Jul Aug Sep Oct Nov Dec
2007: Jan Feb Mar Apr May Jun Jul Aug Sep Oct Nov Dec
2006: Jan Feb Mar Apr May Jun Jul Aug Sep Oct Nov Dec
2005: Jan Feb Mar Apr May Jun Jul Aug Sep Oct Nov Dec
2004: Jan Feb Mar Apr May Jun Jul Aug Sep Oct Nov Dec
2003: Jan Feb Mar Apr May Jun Jul Aug Sep Oct Nov Dec

Report for 2013 February

Daily NOAA report



                            MONTHLY CLIMATOLOGICAL SUMMARY for FEB. 2013

NAME: Athelstane Weather   CITY: Athelstane STATE: Wisconsin
ELEV: 812 LAT: 045:23:00 LONG: 0088:07:00

                            TEMPERATURE ( °F), RAIN (in.), WIND SPEED (mph)

                                               HEAT     COOL           AVG
      MEAN                                     DEG      DEG            WIND                       DOM
DAY   TEMP    HIGH   TIME     LOW    TIME      DAYS     DAYS    RAIN   SPEED    HIGH    TIME      DIR
--------------------------------------------------------------------------------------------------------
01    01.3   009.1   15:02   -04.7   07:26     63.7     00.0   00.00   06.0     17.3    13:22     WSW
02    03.0   018.3   15:09   -07.1   06:26     62.0     00.0   00.00   01.3     13.8    12:06     WNW
03    04.7   017.4   14:28   -06.5   01:02     60.2     00.0   00.00   03.3     19.6    13:09     WNW
04    04.0   020.7   15:04   -10.1   08:02     60.9     00.0   00.00   00.9     16.1    13:04     WNW
05    10.8   023.9   13:01   -06.9   00:26     54.2     00.0   00.00   02.4     17.3    14:10      W 
06    12.2   025.5   14:15   -05.8   03:14     52.7     00.0   00.00   01.3     12.7    12:24      SW
07    21.6   024.4   13:24    20.1   00:25     43.3     00.0   00.00   00.2     10.3    18:06     ESE
08    16.0   030.0   15:16   -00.9   00:00     48.9     00.0   00.00   00.9     11.5    12:20     ENE
09    11.3   023.4   00:00   -09.2   06:28     53.7     00.0   00.00   01.6     12.7    13:00      SW
10    28.6   032.7   23:05    23.2   06:16     36.3     00.0   00.28   00.9     13.8    14:09     ESE
11    31.2   035.8   11:00    22.5   00:00     33.7     00.0   00.39   06.0     21.9    18:14      W 
12    22.0   029.8   15:20    12.4   21:25     43.0     00.0   00.00   04.8     17.3    15:20     WSW
13    25.7   039.0   14:09    09.7   02:14     39.2     00.0   00.12   01.3     11.5    12:16     WSW
14    27.7   034.0   13:02    13.6   00:00     37.2     00.0   00.04   01.5     16.1    14:11     NNW
15    12.3   023.4   13:04   -00.0   07:09     52.6     00.0   00.00   02.4     17.3    10:19     WNW
16    07.3   020.8   13:19   -09.0   00:00     57.6     00.0   00.00   01.6     17.3    14:29      NW
17    05.5   022.6   15:13   -15.2   06:28     59.5     00.0   00.00   01.5     12.7    15:23     WSW
18    28.4   039.4   14:20    13.1   07:09     36.5     00.0   00.08   01.7     19.6    16:17      SW
19    17.6   031.3   00:01    07.3   22:18     47.4     00.0   00.00   06.7     26.4    14:13     WNW
20    14.6   025.5   15:21    07.3   00:00     50.4     00.0   00.00   04.1     19.6    12:20     NNW
21    17.8   028.4   14:22    05.4   02:29     47.1     00.0   00.00   01.4     10.3    23:20      NE
22    23.4   027.7   10:00    19.2   00:00     41.5     00.0   00.00   00.6     11.5    08:05      E 
23    24.6   032.9   15:07    15.3   01:09     40.3     00.0   00.00   01.9     13.8    14:17      W 
24    25.4   035.8   14:07    09.5   07:05     39.6     00.0   00.04   01.2     10.3    12:22     WSW
25    27.0   036.5   13:29    12.6   02:02     38.0     00.0   00.04   00.8     14.9    13:07      SW
26    29.3   035.1   13:04    19.9   05:10     35.6     00.0   00.04   01.9     11.5    13:18     ENE
27    31.4   034.3   14:19    28.8   06:29     33.5     00.0   00.04   02.7     12.7    23:04      NE
28    28.3   032.2   01:04    23.4   23:08     36.7     00.0   00.00   03.0     12.7    18:01      NE
--------------------------------------------------------------------------------------------------------
18.3 (17.5)   39.4  day 18    -15.2  day 17   1305.4    000.0   00.00   02.3     26.5   day 19      W 
Max