NOAA-Style Climate Reports


Report for 2013 January

Daily NOAA report



                            MONTHLY CLIMATOLOGICAL SUMMARY for JAN. 2013

NAME: Athelstane Weather   CITY: Athelstane STATE: Wisconsin
ELEV: 812 LAT: 045:23:00 LONG: 0088:07:00

                            TEMPERATURE ( °F), RAIN (in.), WIND SPEED (mph)

                                               HEAT     COOL           AVG
      MEAN                                     DEG      DEG            WIND                       DOM
DAY   TEMP    HIGH   TIME     LOW    TIME      DAYS     DAYS    RAIN   SPEED    HIGH    TIME      DIR
--------------------------------------------------------------------------------------------------------
01    10.8   018.9   15:04    06.1   21:09     54.2     00.0   00.00   04.1     23.0    15:05     WSW
02    17.6   022.1   14:24    13.5   05:17     47.4     00.0   00.00   03.9     21.9    13:06      SW
03    19.1   026.4   12:02    10.8   04:06     45.8     00.0   00.00   06.2     26.4    20:07     WSW
04    23.1   037.6   15:07    12.0   00:00     41.9     00.0   00.00   08.3     32.2    02:06      W 
05    14.4   028.4   15:04    02.8   08:04     50.5     00.0   00.00   00.5     18.4    12:14      SW
06    21.8   031.5   15:00    05.9   00:00     43.1     00.0   00.00   02.8     26.4    12:01     WNW
07    23.8   038.7   15:02    05.2   01:05     41.2     00.0   00.00   07.0     38.0    15:14     WSW
08    28.4   037.4   13:19    14.7   08:17     36.6     00.0   00.00   01.9     21.9    23:07      SW
09    33.3   039.9   15:08    19.0   00:00     31.7     00.0   00.00   09.7     43.7    11:14     WSW
10    26.2   037.6   14:15    13.3   07:13     38.7     00.0   00.20   00.6     16.1    13:14      SW
11    36.2   039.2   00:00    33.3   08:03     28.8     00.0   00.12   00.9     14.9    11:22      SW
12    33.4   042.4   03:28    21.0   00:00     31.5     00.0   00.00   09.5     48.3    10:22     WSW
13    18.8   023.2   12:04    10.4   00:00     46.1     00.0   00.00   04.3     18.4    20:15      W 
14    10.7   022.6   13:08    01.8   07:14     54.2     00.0   00.00   05.1     24.1    14:29     WSW
15    13.7   027.9   15:05   -02.9   07:17     51.2     00.0   00.00   03.2     19.6    14:00     WSW
16    23.6   029.8   16:14    17.2   02:11     41.4     00.0   00.00   05.7     21.9    13:21     WSW
17    09.0   018.7   00:04   -02.6   00:00     55.9     00.0   00.00   03.0     23.0    13:20      W 
18    13.4   021.2   15:03   -03.8   02:21     51.6     00.0   00.00   00.3     11.5    06:22      S 
19    24.4   039.7   15:25    09.5   00:00     40.6     00.0   00.12   04.2     40.3    21:08      W 
20    05.2   012.4   12:14   -05.6   22:12     59.7     00.0   00.00   05.4     32.2    00:05      W 
21   -06.4   -001.3   00:25   -12.8   00:00     71.3     00.0   00.00   07.8     29.9    09:29      W 
22   -06.1   005.9   15:04   -14.4   07:26     71.0     00.0   00.00   04.3     19.6    12:08     WSW
23    01.2   011.5   14:18   -08.5   03:08     63.7     00.0   00.00   05.1     21.9    16:14      W 
24    04.7   012.2   14:25   -06.5   07:14     60.3     00.0   00.00   01.1     14.9    12:15      W 
25    12.8   019.2   15:03    07.3   21:12     52.1     00.0   00.00   01.4     16.1    23:09     WSW
26    18.4   028.9   15:13    08.6   04:25     46.6     00.0   00.00   01.3     14.9    03:06      W 
27    25.9   031.3   00:00    19.2   03:06     39.1     00.0   00.00   02.2     14.9    02:20     SSW
28    33.0   036.1   12:04    31.3   00:09     31.9     00.0   00.08   00.2     09.2    11:28      E 
29    34.1   038.3   14:21    31.5   01:27     30.9     00.0   00.35   00.5     10.3    16:25      N 
30    22.8   033.3   01:12    11.8   00:00     42.2     00.0   00.00   02.2     18.4    20:19      N 
31    11.0   016.3   12:29    04.1   23:07     53.9     00.0   00.00   04.3     17.3    21:19     WNW
--------------------------------------------------------------------------------------------------------
17.9 (17.4)   42.4  day 12    -14.4  day 22   1503.7    000.0   00.00   03.9     48.3   day 09     WSW
Max