NOAA-Style Climate Reports


Report for 2013 January
                  MONTHLY CLIMATOLOGICAL SUMMARY FOR 1/2013
                                        HEAT  COOL        
     MEAN                               DEG   DEG       WIND SPEED       DOM MEAN  MEAN
DAY  TEMP  HIGH   TIME     LOW   TIME   DAYS  DAYS RAIN AVG  HI  TIME    DIR BAROM HUM
---------------------------------------------------------------------------------------
1    10.6  20.3   3:09pm   1.0  12:00am   54    0  0.00   4  23   3:36pm WSW 30.06   52
2    17.8  22.1   2:29pm  13.5   4:40am   47    0  0.00   3  22   1:02pm WSW 30.00   69
3    19.0  26.4  11:53am  10.8   4:03am   45    0  0.00   6  26   8:05pm WSW 29.98   70
4    23.1  37.6   3:11pm  12.2  11:59pm   42    0  0.00   9  32   1:54am WSW 29.91   58
5    14.3  28.4   2:11pm   2.8   7:08am   51    0  0.00   0  18  12:24pm WSW 29.94   66
6    21.5  31.5   2:13pm   5.9  11:57pm   43    0  0.00   2  27   9:23am  NW 29.98   66
7    23.6  38.8   3:04pm   5.2   1:08am   41    0  0.00   7  38  11:55am WSW 29.94   61
8    28.3  37.4   1:30pm  14.7   7:52am   37    0  0.00   1  22   1:31pm WSW 29.95   72
9    33.4  39.9   3:09pm  19.0  11:43pm   32    0  0.00  10  44  11:16am WSW 30.00   60
10   26.4  37.6   2:23pm  12.7   7:38am   39    0  0.20   1  16   1:23pm WSW 30.28   69
11   36.1  39.2  11:37pm  33.3   7:02am   29    0  0.12   1  15  11:37am WSW 29.66   94
12   33.5  42.6   3:18am  21.0  11:59pm   31    0  0.00   9  49  10:30am WSW 29.67   76
13   18.9  23.2  12:05pm  10.4  11:58pm   46    0  0.00   4  19   8:22pm WSW 29.90   63
14   10.7  22.6   1:10pm   1.8   7:22am   54    0  0.00   5  24   2:43pm WSW 30.23   59
15   13.6  27.9   3:03pm  -2.9   7:30am   51    0  0.00   3  20   1:51pm WSW 30.17   55
16   23.6  29.8   4:24pm  17.2   1:52am   41    0  0.00   6  22  10:46am WSW 29.74   64
17    9.1  18.9  12:00am  -2.4  11:49pm   55    0  0.00   3  24   1:13pm WSW 30.21   51
18    9.8  21.2   2:59pm  -3.8   1:31am   45    0  0.00   1  12   6:40am WSW 29.99   56
19   24.6  39.7   3:45pm   9.5  11:59pm   40    0  0.12   4  40   9:11pm WSW 29.61   72
20    5.3  12.4  12:25pm  -5.6  10:11pm   58    0  0.00   5  32  12:10am WSW 30.04   25
21   -6.3  -1.3  12:00am -12.8  10:21pm   71    0  0.00   8  30   9:55am WSW 30.06    5
22   -6.2   5.9   3:04pm -14.4   7:05am   71    0  0.00   4  21   9:13am WSW 30.18    5
23    1.1  11.5   2:08pm  -8.5   3:13am   64    0  0.00   5  22   4:18pm WSW 30.12    5
24    4.7  12.4   2:25pm  -6.5   6:47am   60    0  0.00   1  14  12:24pm WNW 30.47    5
25   12.8  19.2   2:53pm   7.2   9:23pm   52    0  0.00   1  16  11:05pm WSW 30.00   46
26   16.9  28.9   3:16pm   6.3   8:02am   46    0  0.00   2  15  12:00am   W 30.20   63
27   25.8  31.1  11:50pm  19.2   2:53am   39    0  0.00   2  16  11:12am WSW 30.10   69
28   33.0  36.1  12:04pm  31.1  12:00am   32    0  0.08   0  12  10:48am  NW 29.83   91
29   34.1  38.3   2:30pm  31.5  12:07am   31    0  0.35   1  15   4:38pm WSW 29.57   99
30   22.9  33.4  12:00am  11.8  11:30pm   42    0  0.00   3  21   7:18pm  NW 29.40   90
31   10.8  16.5  12:51pm   3.4  11:59pm   54    0  0.00   5  18   3:07pm   W 29.69   74
---------------------------------------------------------------------------------------
TOT  23.0  42.6  1/12/13 -14.4  1/22/13 1444    0  0.87   3  49  1/12/13 WSW 29.79   76

HEAT BASE: 65.0
COOL BASE: 65.0