NOAA-Style Climate Reports


Report for 2012 December

Daily NOAA report



                            MONTHLY CLIMATOLOGICAL SUMMARY for DEC. 2012

NAME: Athelstane Weather   CITY: Athelstane STATE: Wisconsin
ELEV: 812 LAT: 045:23:00 LONG: 0088:07:00

                            TEMPERATURE ( °F), RAIN (in.), WIND SPEED (mph)

                                               HEAT     COOL           AVG
      MEAN                                     DEG      DEG            WIND                       DOM
DAY   TEMP    HIGH   TIME     LOW    TIME      DAYS     DAYS    RAIN   SPEED    HIGH    TIME      DIR
--------------------------------------------------------------------------------------------------------
01    34.8   039.4   00:00    30.0   00:29     30.1     00.0   00.00   00.4     12.7    12:25     SSE
02    38.3   039.9   01:06    37.2   18:05     26.6     00.0   00.00   00.6     16.1    23:21     WSW
03    46.0   057.9   19:15    38.3   00:10     19.0     00.0   00.08   03.2     33.4    20:15     WSW
04    34.8   044.2   00:02    23.2   00:00     30.2     00.0   00.00   08.0     40.3    12:14      W 
05    25.3   031.3   14:04    16.9   03:16     39.7     00.0   00.00   01.3     14.9    00:29     WSW
06    34.6   039.0   15:02    28.0   00:04     30.3     00.0   00.00   04.0     28.8    12:22      SW
07    29.5   034.9   13:17    23.9   08:02     35.5     00.0   00.00   00.5     14.9    11:29      NW
08    25.1   034.3   14:07    13.3   00:00     39.9     00.0   00.00   00.4     13.8    13:07     NNW
09    23.8   028.6   11:15    12.7   01:20     41.1     00.0   00.00   00.0     10.3    08:28      NE
10    27.1   029.7   12:28    23.4   00:00     37.8     00.0   00.00   00.1     13.8    12:28      N 
11    22.0   025.7   11:29    20.1   21:00     43.0     00.0   00.00   04.4     25.3    13:06     WSW
12    21.9   036.0   22:10    05.5   06:28     43.1     00.0   00.00   02.2     21.9    22:15      SW
13    30.5   038.3   14:17    18.1   00:00     34.4     00.0   00.00   03.5     24.1    04:08      SW
14    23.2   032.0   14:02    09.0   07:17     41.7     00.0   00.00   00.2     12.7    13:14      SE
15    33.9   037.6   11:13    26.4   01:05     31.0     00.0   00.71   01.1     21.9    14:29      E 
16    35.1   038.5   13:04    33.4   06:18     29.9     00.0   00.04   00.7     18.4    13:08     WNW
17    30.2   034.3   00:05    27.7   00:00     34.8     00.0   00.00   02.3     18.4    10:21     WNW
18    26.3   031.3   13:06    19.0   00:00     38.6     00.0   00.00   00.5     12.7    02:21      S 
19    25.6   033.6   14:10    12.9   08:02     39.3     00.0   00.04   01.7     19.6    12:29     WSW
20    30.5   032.7   14:21    27.7   06:01     34.4     00.0   00.00   00.1     09.2    09:07      E 
21    25.1   030.6   00:24    17.6   23:30     39.9     00.0   00.00   01.7     24.1    11:29      NW
22    17.0   028.9   12:14    06.1   08:07     47.9     00.0   00.00   01.3     18.4    15:14     WSW
23    17.0   024.8   15:02    02.8   23:12     48.0     00.0   00.00   02.0     25.3    12:06     WNW
24    17.1   025.5   15:05    04.8   00:05     47.9     00.0   00.00   00.3     16.1    18:23      NW
25    10.9   025.9   12:16    01.9   00:00     54.1     00.0   00.00   00.4     13.8    13:01      N 
26    14.5   025.5   13:07   -01.3   03:14     50.4     00.0   00.00   00.2     13.8    20:01     ENE
27    21.6   023.7   11:04    19.8   23:10     43.3     00.0   00.00   00.5     14.9    11:14      NW
28    22.2   027.0   12:05    18.0   23:29     42.7     00.0   00.00   00.1     13.8    12:06      NE
29    22.3   028.2   12:09    16.2   07:24     42.6     00.0   00.00   01.3     18.4    13:14     WNW
30    17.3   023.4   15:04    08.1   05:09     47.7     00.0   00.00   04.3     21.9    13:00     WSW
31    15.0   022.6   10:46   -02.7   23:07     49.9     00.0   00.00   04.5     29.9    10:52     WNW
--------------------------------------------------------------------------------------------------------
25.8 (24.9)   57.9  day 03    -02.7  day 31   1214.7    000.0   00.00   01.7     40.3   day 04      W 
Max