NOAA-Style Climate Reports


Report for 2012 December
                  MONTHLY CLIMATOLOGICAL SUMMARY FOR 12/2012
                                        HEAT  COOL        
     MEAN                               DEG   DEG       WIND SPEED       DOM MEAN  MEAN
DAY  TEMP  HIGH   TIME     LOW   TIME   DAYS  DAYS RAIN AVG  HI  TIME    DIR BAROM HUM
---------------------------------------------------------------------------------------
1    34.7  39.2  11:53pm  30.0  12:00am   30    0  0.00   0  13  12:40pm WSW 29.94   91
2    38.3  40.1  12:40am  37.2   5:54pm   26    0  0.00   1  17  10:38pm WSW 29.91   98
3    46.2  58.1   7:28pm  38.3  12:00am   18    0  0.08   4  34   8:20pm WSW 29.76   98
4    34.9  44.2  12:00am  23.2  11:55pm   30    0  0.00   9  40  12:15pm WSW 29.95   59
5    25.2  31.3   1:47pm  16.9   3:25am   40    0  0.00   1  15  12:51am WSW 30.30   62
6    34.6  39.0  12:50pm  28.0  12:00am   30    0  0.00   3  29  12:36pm WSW 29.89   78
7    29.5  34.9  12:06pm  23.9   7:24am   35    0  0.00   1  15  11:32am   W 29.93   73
8    25.2  34.3   2:06pm  13.3  11:56pm   40    0  0.00   0  13   1:00pm WNW 30.02   72
9    23.6  28.6  11:03am  12.7  12:56am   41    0  0.00   0  10   8:57am NNE 29.98   82
10   24.9  29.8  11:07am  20.5   7:45am   40    0  0.00   0  14  12:52pm WNW 29.78   85
11   22.4  25.7  11:46am  20.1   8:28pm   42    0  0.00   6  30  11:27am WSW 29.84   78
12   21.9  36.1   9:56pm   5.5   6:28am   43    0  0.00   2  22   8:57pm WSW 30.06   61
13   30.6  38.3   2:27pm  18.1  11:52pm   34    0  0.00   4  23  11:24am WSW 30.01   66
14   23.2  32.0  12:58pm   9.0   7:29am   41    0  0.00   0  13   1:24pm ESE 30.13   65
15   33.9  37.6  11:14am  26.4   1:06am   31    0  0.71   1  22   1:35pm   E 29.75   93
16   35.0  38.5   1:02pm  33.3   5:32am   29    0  0.04   0  18   1:07pm   W 29.52   99
17   30.3  34.3  12:00am  27.5  11:52pm   35    0  0.00   3  18  10:31am WNW 29.65   88
18   26.4  31.5   1:04pm  19.0  11:56pm   39    0  0.00   0  13   1:56am WNW 29.70   79
19   25.5  33.6   1:36pm  12.9   7:51am   39    0  0.00   1  19  12:55pm WSW 29.94   80
20   30.5  32.7  12:17pm  27.7   5:14am   34    0  0.00   0   9   9:13am  NE 29.63   91
21   25.1  30.6  12:25am  17.4  11:55pm   40    0  0.00   1  27   3:58pm  NW 29.85   82
22   17.1  29.1  12:23pm   6.1   5:32am   48    0  0.00   1  18   3:26pm WSW 29.96   74
23   17.1  24.8   2:55pm   2.8  11:13pm   48    0  0.00   2  25  12:05pm WNW 29.97   67
24   17.0  25.5   3:07pm   4.5  12:00am   48    0  0.00   1  17   2:02pm  NW 29.98   67
25   11.0  25.9  12:30pm   1.9  11:44pm   54    0  0.00   0  14  10:20am WNW 30.27   65
26   14.3  25.5   1:08pm  -1.3   2:30am   51    0  0.00   0  13   7:48pm   E 30.23   70
27   21.6  23.7  10:45am  19.8  11:03pm   43    0  0.00   1  15   8:03am WNW 30.17   71
28   22.3  27.0  11:21am  18.0  11:38pm   43    0  0.00   0  13  12:09pm ESE 30.04   77
29   22.3  28.2  12:16pm  16.2   7:33am   43    0  0.00   1  18   1:18pm WNW 29.94   77
30   17.3  23.4   2:50pm   8.1   5:16am   48    0  0.00   4  22  12:22pm WSW 30.03   67
31   14.1  22.6  10:01am  -2.7  11:06pm   49    0  0.00   3  30   8:25am WSW 29.93   62
---------------------------------------------------------------------------------------
TOT  25.6  58.1  12/3/12  -2.7 12/31/12 1213    0  0.83   2  40  12/4/12 WSW 29.94   77

HEAT BASE: 65.0
COOL BASE: 65.0